Last updated on 2025-01-19 06:48:17 CET.
Flavor | Version | Tinstall | Tcheck | Ttotal | Status | Flags |
---|---|---|---|---|---|---|
r-devel-linux-x86_64-debian-clang | 1.0.1 | 39.58 | 40.10 | 79.68 | OK | |
r-devel-linux-x86_64-debian-gcc | 1.0.1 | 32.93 | 29.63 | 62.56 | OK | |
r-devel-linux-x86_64-fedora-clang | 1.0.1 | 125.27 | OK | |||
r-devel-linux-x86_64-fedora-gcc | 1.0.1 | 121.35 | OK | |||
r-devel-windows-x86_64 | 1.0.1 | 40.00 | 56.00 | 96.00 | OK | |
r-patched-linux-x86_64 | 1.0.1 | 37.38 | 37.66 | 75.04 | OK | |
r-release-linux-x86_64 | 1.0.1 | 38.10 | 38.34 | 76.44 | OK | |
r-release-macos-arm64 | 1.0.1 | 53.00 | NOTE | |||
r-release-macos-x86_64 | 1.0.1 | 71.00 | NOTE | |||
r-release-windows-x86_64 | 1.0.1 | 43.00 | 58.00 | 101.00 | NOTE | |
r-oldrel-macos-arm64 | 1.0.1 | 55.00 | NOTE | |||
r-oldrel-macos-x86_64 | 1.0.1 | 78.00 | NOTE | |||
r-oldrel-windows-x86_64 | 1.0.1 | 46.00 | 61.00 | 107.00 | NOTE |
Version: 1.0.1
Check: installed package size
Result: NOTE
installed size is 6.3Mb
sub-directories of 1Mb or more:
data 6.2Mb
Flavors: r-release-macos-arm64, r-release-macos-x86_64, r-release-windows-x86_64, r-oldrel-macos-arm64, r-oldrel-macos-x86_64, r-oldrel-windows-x86_64