CRAN Package Check Results for Package babette

Last updated on 2022-06-27 21:51:13 CEST.

Flavor Version Tinstall Tcheck Ttotal Status Flags
r-devel-linux-x86_64-debian-clang 2.3 3.25 44.51 47.76 ERROR
r-devel-linux-x86_64-debian-gcc 2.3.1 3.91 67.05 70.96 OK
r-devel-linux-x86_64-fedora-clang 2.3.1 120.30 OK
r-devel-linux-x86_64-fedora-gcc 2.3.1 116.49 OK
r-devel-windows-x86_64 2.3.1 91.00 147.00 238.00 OK
r-patched-linux-x86_64 2.3.1 11.13 83.84 94.97 OK
r-release-linux-x86_64 2.3.1 4.91 84.16 89.07 OK
r-release-macos-arm64 2.3.1 46.00 OK
r-release-macos-x86_64 2.3.1 57.00 OK
r-release-windows-x86_64 2.3.1 52.00 321.00 373.00 OK
r-oldrel-macos-arm64 2.3.1 55.00 OK
r-oldrel-macos-x86_64 2.3.1 69.00 OK
r-oldrel-windows-ix86+x86_64 2.3.1 56.00 122.00 178.00 OK

Check Details

Version: 2.3
Check: whether package can be installed
Result: WARN
    Found the following significant warnings:
     Warning: replacing previous import 'beastier::create_beautier_tempfolder' by 'beautier::create_beautier_tempfolder' when loading 'babette'
     Warning: replacing previous import 'beastier::remove_beautier_folder' by 'beautier::remove_beautier_folder' when loading 'babette'
Flavor: r-devel-linux-x86_64-debian-clang

Version: 2.3
Check: re-building of vignette outputs
Result: ERROR
    Error(s) in re-building vignettes:
     ...
    --- re-building 'demo.Rmd' using rmarkdown
    Quitting from lines 21-34 (demo.Rmd)
    Error: processing vignette 'demo.Rmd' failed with diagnostics:
    'beautier' folder found at /tmp/check-CRAN-regular-hornik/cache/beautier
    --- failed re-building 'demo.Rmd'
    
    --- re-building 'examples.Rmd' using rmarkdown
    Quitting from lines 20-22 (examples.Rmd)
    Error: processing vignette 'examples.Rmd' failed with diagnostics:
    'beautier' folder found at /tmp/check-CRAN-regular-hornik/cache/beautier
    --- failed re-building 'examples.Rmd'
    
    --- re-building 'nested_sampling.Rmd' using rmarkdown
    Quitting from lines 20-22 (nested_sampling.Rmd)
    Error: processing vignette 'nested_sampling.Rmd' failed with diagnostics:
    'beautier' folder found at /tmp/check-CRAN-regular-hornik/cache/beautier
    --- failed re-building 'nested_sampling.Rmd'
    
    --- re-building 'step_by_step.Rmd' using rmarkdown
    Quitting from lines 20-23 (step_by_step.Rmd)
    Error: processing vignette 'step_by_step.Rmd' failed with diagnostics:
    'beautier' folder found at /tmp/check-CRAN-regular-hornik/cache/beautier
    --- failed re-building 'step_by_step.Rmd'
    
    --- re-building 'tutorial.Rmd' using rmarkdown
    Quitting from lines 21-23 (tutorial.Rmd)
    Error: processing vignette 'tutorial.Rmd' failed with diagnostics:
    'beautier' folder found at /tmp/check-CRAN-regular-hornik/cache/beautier
    --- failed re-building 'tutorial.Rmd'
    
    SUMMARY: processing the following files failed:
     'demo.Rmd' 'examples.Rmd' 'nested_sampling.Rmd' 'step_by_step.Rmd'
     'tutorial.Rmd'
    
    Error: Vignette re-building failed.
    Execution halted
Flavor: r-devel-linux-x86_64-debian-clang