Last updated on 2025-05-21 06:49:30 CEST.
Flavor | Version | Tinstall | Tcheck | Ttotal | Status | Flags |
---|---|---|---|---|---|---|
r-devel-linux-x86_64-debian-clang | 0.3-0 | 3.67 | 175.54 | 179.21 | NOTE | |
r-devel-linux-x86_64-debian-gcc | 0.3-0 | 2.76 | 131.47 | 134.23 | NOTE | |
r-devel-linux-x86_64-fedora-clang | 0.3-0 | 293.01 | OK | |||
r-devel-linux-x86_64-fedora-gcc | 0.3-0 | 307.30 | OK | |||
r-devel-windows-x86_64 | 0.3-0 | 5.00 | 95.00 | 100.00 | OK | --no-vignettes |
r-patched-linux-x86_64 | 0.3-0 | 4.09 | 173.54 | 177.63 | OK | |
r-release-linux-x86_64 | 0.3-0 | 3.23 | 174.74 | 177.97 | OK | |
r-release-macos-arm64 | 0.3-0 | 144.00 | OK | |||
r-release-macos-x86_64 | 0.3-0 | 295.00 | OK | |||
r-release-windows-x86_64 | 0.3-0 | 5.00 | 72.00 | 77.00 | OK | --no-vignettes |
r-oldrel-macos-arm64 | 0.3-0 | 134.00 | OK | |||
r-oldrel-macos-x86_64 | 0.3-0 | 220.00 | OK | |||
r-oldrel-windows-x86_64 | 0.3-0 | 5.00 | 86.00 | 91.00 | OK | --no-vignettes |
Version: 0.3-0
Check: CRAN incoming feasibility
Result: NOTE
Maintainer: ‘Adam B. Olshen <adam.olshen@ucsf.edu>’
No Authors@R field in DESCRIPTION.
Please add one, modifying
Authors@R: c(person(given = c("Adam", "B."),
family = "Olshen",
role = c("aut", "cre"),
email = "adam.olshen@ucsf.edu"),
person(given = c("Richard", "A."),
family = "Olshen",
role = "aut"),
person(given = c("Barry", "S."),
family = "Taylor",
role = "aut"))
as necessary.
Flavors: r-devel-linux-x86_64-debian-clang, r-devel-linux-x86_64-debian-gcc