Last updated on 2023-09-29 12:56:53 CEST.
Flavor | Version | Tinstall | Tcheck | Ttotal | Status | Flags |
---|---|---|---|---|---|---|
r-devel-linux-x86_64-debian-clang | 2.2.2 | 286.17 | 89.77 | 375.94 | OK | |
r-devel-linux-x86_64-debian-gcc | 2.2.2 | 231.76 | 78.93 | 310.69 | OK | |
r-devel-linux-x86_64-fedora-clang | 2.2.2 | 443.17 | OK | |||
r-devel-linux-x86_64-fedora-gcc | 2.2.2 | 588.52 | OK | |||
r-devel-windows-x86_64 | 2.2.2 | 191.00 | 122.00 | 313.00 | OK | |
r-patched-linux-x86_64 | 2.2.2 | 288.63 | 99.69 | 388.32 | OK | |
r-release-linux-x86_64 | 2.2.2 | 292.71 | 100.62 | 393.33 | OK | |
r-release-macos-arm64 | 2.2.2 | 123.00 | NOTE | |||
r-release-macos-x86_64 | 2.2.2 | 156.00 | NOTE | |||
r-release-windows-x86_64 | 2.2.2 | 240.00 | 140.00 | 380.00 | OK | |
r-oldrel-macos-arm64 | 2.2.2 | 117.00 | NOTE | |||
r-oldrel-macos-x86_64 | 2.2.2 | 166.00 | NOTE | |||
r-oldrel-windows-x86_64 | 2.2.2 | 221.00 | 129.00 | 350.00 | OK |
Version: 2.2.2
Check: installed package size
Result: NOTE
installed size is 53.3Mb
sub-directories of 1Mb or more:
libs 52.8Mb
Flavors: r-release-macos-arm64, r-release-macos-x86_64, r-oldrel-macos-arm64, r-oldrel-macos-x86_64