Last updated on 2023-12-01 12:52:14 CET.
Flavor | Version | Tinstall | Tcheck | Ttotal | Status | Flags |
---|---|---|---|---|---|---|
r-devel-linux-x86_64-debian-clang | 0.4-3 | 11.37 | 79.52 | 90.89 | NOTE | |
r-devel-linux-x86_64-debian-gcc | 0.4-3 | 10.27 | 58.04 | 68.31 | NOTE | |
r-devel-linux-x86_64-fedora-clang | 0.4-3 | 115.33 | NOTE | |||
r-devel-linux-x86_64-fedora-gcc | 0.4-3 | 118.56 | NOTE | |||
r-devel-windows-x86_64 | 0.4-3 | 11.00 | 73.00 | 84.00 | NOTE | |
r-patched-linux-x86_64 | 0.4-3 | 14.43 | 74.87 | 89.30 | NOTE | |
r-release-linux-x86_64 | 0.4-3 | 11.35 | 75.93 | 87.28 | NOTE | |
r-release-macos-arm64 | 0.4-3 | 33.00 | NOTE | |||
r-release-macos-x86_64 | 0.4-3 | 53.00 | NOTE | |||
r-release-windows-x86_64 | 0.4-3 | 15.00 | 83.00 | 98.00 | NOTE | |
r-oldrel-macos-arm64 | 0.4-3 | 32.00 | OK | |||
r-oldrel-macos-x86_64 | 0.4-3 | 42.00 | OK | |||
r-oldrel-windows-x86_64 | 0.4-3 | 15.00 | 81.00 | 96.00 | OK |
Version: 0.4-3
Check: Rd \usage sections
Result: NOTE
Documented arguments not in \usage in Rd file 'availability.int.Rd':
‘v.set’ ‘dir.set’
Functions with \usage entries need to have the appropriate \alias
entries, and all their arguments documented.
The \usage entries must correspond to syntactically valid R code.
See chapter ‘Writing R documentation files’ in the ‘Writing R
Extensions’ manual.
S3 methods shown with full name in Rd file 'subset.int.Rd':
‘subset.int’
The \usage entries for S3 methods should use the \method markup and not
their full name.
See chapter ‘Writing R documentation files’ in the ‘Writing R
Extensions’ manual.
Flavors: r-devel-linux-x86_64-debian-clang, r-devel-linux-x86_64-debian-gcc, r-devel-linux-x86_64-fedora-clang, r-devel-linux-x86_64-fedora-gcc, r-devel-windows-x86_64
Version: 0.4-3
Check: Rd \usage sections
Result: NOTE
S3 methods shown with full name in documentation object 'subset.int':
‘subset.int’
The \usage entries for S3 methods should use the \method markup and not
their full name.
See chapter ‘Writing R documentation files’ in the ‘Writing R
Extensions’ manual.
Flavors: r-patched-linux-x86_64, r-release-linux-x86_64, r-release-macos-arm64, r-release-macos-x86_64, r-release-windows-x86_64