Last updated on 2023-09-22 11:54:09 CEST.
Flavor | Version | Tinstall | Tcheck | Ttotal | Status | Flags |
---|---|---|---|---|---|---|
r-devel-linux-x86_64-debian-clang | 1.0.11 | 39.44 | 411.35 | 450.79 | OK | |
r-devel-linux-x86_64-debian-gcc | 1.0.11 | 30.94 | 298.34 | 329.28 | OK | |
r-devel-linux-x86_64-fedora-clang | 1.0.11 | 327.32 | NOTE | |||
r-devel-linux-x86_64-fedora-gcc | 1.0.11 | 403.69 | NOTE | |||
r-devel-windows-x86_64 | 1.0.11 | 36.00 | 282.00 | 318.00 | OK | |
r-patched-linux-x86_64 | 1.0.11 | 42.19 | 388.32 | 430.51 | OK | |
r-release-linux-x86_64 | 1.0.11 | 36.41 | 395.72 | 432.13 | OK | |
r-release-macos-arm64 | 1.0.11 | 171.00 | OK | |||
r-release-macos-x86_64 | 1.0.11 | 288.00 | OK | |||
r-release-windows-x86_64 | 1.0.11 | 46.00 | 372.00 | 418.00 | OK | |
r-oldrel-macos-arm64 | 1.0.11 | 153.00 | OK | |||
r-oldrel-macos-x86_64 | 1.0.11 | 193.00 | OK | |||
r-oldrel-windows-x86_64 | 1.0.11 | 45.00 | 362.00 | 407.00 | OK |
Version: 1.0.11
Check: data for non-ASCII characters
Result: NOTE
Note: found 2487 marked UTF-8 strings
Flavors: r-devel-linux-x86_64-fedora-clang, r-devel-linux-x86_64-fedora-gcc