Last updated on 2023-03-24 06:50:31 CET.
Flavor | Version | Tinstall | Tcheck | Ttotal | Status | Flags |
---|---|---|---|---|---|---|
r-devel-linux-x86_64-debian-clang | 1.0.11 | 35.46 | 399.11 | 434.57 | OK | |
r-devel-linux-x86_64-debian-gcc | 1.0.11 | 32.05 | 295.92 | 327.97 | OK | |
r-devel-linux-x86_64-fedora-clang | 1.0.11 | 555.39 | NOTE | |||
r-devel-linux-x86_64-fedora-gcc | 1.0.11 | 553.24 | NOTE | |||
r-devel-windows-x86_64 | 1.0.11 | 64.00 | 430.00 | 494.00 | OK | |
r-patched-linux-x86_64 | 1.0.11 | 37.90 | 379.76 | 417.66 | OK | |
r-release-linux-x86_64 | 1.0.11 | 39.06 | 372.63 | 411.69 | OK | |
r-release-macos-arm64 | 1.0.11 | 153.00 | OK | |||
r-release-macos-x86_64 | 1.0.11 | 193.00 | OK | |||
r-release-windows-x86_64 | 1.0.11 | 67.00 | 435.00 | 502.00 | OK | |
r-oldrel-macos-arm64 | 1.0.11 | 146.00 | OK | |||
r-oldrel-macos-x86_64 | 1.0.11 | 195.00 | OK | |||
r-oldrel-windows-ix86+x86_64 | 1.0.11 | 105.00 | 434.00 | 539.00 | NOTE |
Version: 1.0.11
Check: data for non-ASCII characters
Result: NOTE
Note: found 2487 marked UTF-8 strings
Flavors: r-devel-linux-x86_64-fedora-clang, r-devel-linux-x86_64-fedora-gcc
Version: 1.0.11
Check: R code for possible problems
Result: NOTE
Initiating curl with CURL_SSL_BACKEND: openssl
Flavor: r-oldrel-windows-ix86+x86_64