Last updated on 2025-04-30 12:48:57 CEST.
Flavor | Version | Tinstall | Tcheck | Ttotal | Status | Flags |
---|---|---|---|---|---|---|
r-devel-linux-x86_64-debian-clang | 0.1.4 | 1.90 | 21.34 | 23.24 | NOTE | |
r-devel-linux-x86_64-debian-gcc | 0.1.4 | 1.37 | 17.19 | 18.56 | NOTE | |
r-devel-linux-x86_64-fedora-clang | 0.1.4 | 34.17 | OK | |||
r-devel-linux-x86_64-fedora-gcc | 0.1.4 | 32.43 | OK | |||
r-devel-windows-x86_64 | 0.1.4 | 5.00 | 61.00 | 66.00 | OK | |
r-patched-linux-x86_64 | 0.1.4 | 1.75 | 19.47 | 21.22 | OK | |
r-release-linux-x86_64 | 0.1.4 | 1.78 | 19.64 | 21.42 | OK | |
r-release-macos-arm64 | 0.1.4 | 29.00 | OK | |||
r-release-macos-x86_64 | 0.1.4 | 29.00 | OK | |||
r-release-windows-x86_64 | 0.1.4 | 7.00 | 67.00 | 74.00 | OK | |
r-oldrel-macos-arm64 | 0.1.4 | 21.00 | OK | |||
r-oldrel-macos-x86_64 | 0.1.4 | 25.00 | OK | |||
r-oldrel-windows-x86_64 | 0.1.4 | 6.00 | 62.00 | 68.00 | OK |
Version: 0.1.4
Check: CRAN incoming feasibility
Result: NOTE
Maintainer: ‘Antoine Sachet <antoine.sac@gmail.com>’
Package CITATION file contains call(s) to old-style personList() or
as.personList(). Please use c() on person objects instead.
Package CITATION file contains call(s) to old-style citEntry(). Please
use bibentry() instead.
Flavors: r-devel-linux-x86_64-debian-clang, r-devel-linux-x86_64-debian-gcc