Last updated on 2024-04-20 05:58:46 CEST.
Flavor | Version | Tinstall | Tcheck | Ttotal | Status | Flags |
---|---|---|---|---|---|---|
r-devel-linux-x86_64-debian-clang | 0.2.0 | 1.84 | 27.86 | 29.70 | NOTE | |
r-devel-linux-x86_64-debian-gcc | 0.2.0 | 2.18 | 21.38 | 23.56 | NOTE | |
r-devel-linux-x86_64-fedora-clang | 0.2.0 | 38.14 | NOTE | |||
r-devel-linux-x86_64-fedora-gcc | 0.2.0 | 36.62 | NOTE | |||
r-prerel-macos-arm64 | 0.2.0 | 18.00 | NOTE | |||
r-prerel-windows-x86_64 | 0.2.0 | 6.00 | 61.00 | 67.00 | NOTE | |
r-patched-linux-x86_64 | 0.2.0 | 3.07 | 26.08 | 29.15 | NOTE | |
r-release-linux-x86_64 | 0.2.0 | 2.40 | 26.22 | 28.62 | NOTE | |
r-release-macos-arm64 | 0.2.0 | 22.00 | NOTE | |||
r-release-macos-x86_64 | 0.2.0 | 24.00 | NOTE | |||
r-release-windows-x86_64 | 0.2.0 | 6.00 | 69.00 | 75.00 | NOTE | |
r-oldrel-macos-arm64 | 0.2.0 | 22.00 | NOTE | |||
r-oldrel-windows-x86_64 | 0.2.0 | 7.00 | 69.00 | 76.00 | NOTE |
Version: 0.2.0
Check: LazyData
Result: NOTE
'LazyData' is specified without a 'data' directory
Flavors: r-devel-linux-x86_64-debian-clang, r-devel-linux-x86_64-debian-gcc, r-devel-linux-x86_64-fedora-clang, r-devel-linux-x86_64-fedora-gcc, r-prerel-macos-arm64, r-prerel-windows-x86_64, r-patched-linux-x86_64, r-release-linux-x86_64, r-release-macos-arm64, r-release-macos-x86_64, r-release-windows-x86_64, r-oldrel-macos-arm64, r-oldrel-windows-x86_64