Last updated on 2025-05-10 21:49:59 CEST.
Flavor | Version | Tinstall | Tcheck | Ttotal | Status | Flags |
---|---|---|---|---|---|---|
r-devel-linux-x86_64-debian-clang | 0.2.0 | 2.25 | 23.29 | 25.54 | OK | |
r-devel-linux-x86_64-debian-gcc | 0.2.0 | 1.68 | 18.90 | 20.58 | OK | |
r-devel-linux-x86_64-fedora-clang | 0.2.0 | 38.03 | OK | |||
r-devel-linux-x86_64-fedora-gcc | 0.2.0 | 35.90 | OK | |||
r-devel-windows-x86_64 | 0.2.0 | 6.00 | 62.00 | 68.00 | OK | |
r-patched-linux-x86_64 | 0.2.0 | 2.39 | 21.06 | 23.45 | OK | |
r-release-linux-x86_64 | 0.2.0 | 2.08 | 21.23 | 23.31 | OK | |
r-release-macos-arm64 | 0.2.0 | 36.00 | OK | |||
r-release-macos-x86_64 | 0.2.0 | 38.00 | OK | |||
r-release-windows-x86_64 | 0.2.0 | 6.00 | 64.00 | 70.00 | OK | |
r-oldrel-macos-arm64 | 0.2.0 | 18.00 | NOTE | |||
r-oldrel-macos-x86_64 | 0.2.0 | 25.00 | NOTE | |||
r-oldrel-windows-x86_64 | 0.2.0 | 6.00 | 64.00 | 70.00 | NOTE |
Version: 0.2.0
Check: LazyData
Result: NOTE
'LazyData' is specified without a 'data' directory
Flavors: r-oldrel-macos-arm64, r-oldrel-macos-x86_64, r-oldrel-windows-x86_64