Last updated on 2025-02-22 12:50:10 CET.
Flavor | Version | Tinstall | Tcheck | Ttotal | Status | Flags |
---|---|---|---|---|---|---|
r-devel-linux-x86_64-debian-clang | 0.2.0 | 1.41 | 22.02 | 23.43 | OK | |
r-devel-linux-x86_64-debian-gcc | 0.2.0 | 1.64 | 17.80 | 19.44 | OK | |
r-devel-linux-x86_64-fedora-clang | 0.2.0 | 37.79 | OK | |||
r-devel-linux-x86_64-fedora-gcc | 0.2.0 | 36.29 | OK | |||
r-devel-macos-arm64 | 0.2.0 | 22.00 | OK | |||
r-devel-macos-x86_64 | 0.2.0 | 33.00 | OK | |||
r-devel-windows-x86_64 | 0.2.0 | 6.00 | 63.00 | 69.00 | OK | |
r-patched-linux-x86_64 | 0.2.0 | 2.39 | 21.07 | 23.46 | NOTE | |
r-release-linux-x86_64 | 0.2.0 | 1.90 | 20.86 | 22.76 | NOTE | |
r-release-macos-arm64 | 0.2.0 | 18.00 | NOTE | |||
r-release-macos-x86_64 | 0.2.0 | 25.00 | NOTE | |||
r-release-windows-x86_64 | 0.2.0 | 6.00 | 68.00 | 74.00 | NOTE | |
r-oldrel-macos-arm64 | 0.2.0 | 22.00 | NOTE | |||
r-oldrel-macos-x86_64 | 0.2.0 | 24.00 | NOTE | |||
r-oldrel-windows-x86_64 | 0.2.0 | 7.00 | 63.00 | 70.00 | NOTE |
Version: 0.2.0
Check: LazyData
Result: NOTE
'LazyData' is specified without a 'data' directory
Flavors: r-patched-linux-x86_64, r-release-linux-x86_64, r-release-macos-arm64, r-release-macos-x86_64, r-release-windows-x86_64, r-oldrel-macos-arm64, r-oldrel-macos-x86_64, r-oldrel-windows-x86_64