CRAN Package Check Results for Package aws.kms

Last updated on 2025-04-30 12:48:57 CEST.

Flavor Version Tinstall Tcheck Ttotal Status Flags
r-devel-linux-x86_64-debian-clang 0.1.4 2.04 23.11 25.15 NOTE
r-devel-linux-x86_64-debian-gcc 0.1.4 1.69 18.72 20.41 NOTE
r-devel-linux-x86_64-fedora-clang 0.1.4 37.81 OK
r-devel-linux-x86_64-fedora-gcc 0.1.4 36.16 OK
r-devel-windows-x86_64 0.1.4 5.00 64.00 69.00 OK
r-patched-linux-x86_64 0.1.4 2.38 21.29 23.67 OK
r-release-linux-x86_64 0.1.4 1.95 21.56 23.51 OK
r-release-macos-arm64 0.1.4 36.00 OK
r-release-macos-x86_64 0.1.4 31.00 OK
r-release-windows-x86_64 0.1.4 10.00 64.00 74.00 OK
r-oldrel-macos-arm64 0.1.4 18.00 OK
r-oldrel-macos-x86_64 0.1.4 25.00 OK
r-oldrel-windows-x86_64 0.1.4 6.00 65.00 71.00 OK

Check Details

Version: 0.1.4
Check: CRAN incoming feasibility
Result: NOTE Maintainer: ‘Simon Urbanek <simon.urbanek@R-project.org>’ Package CITATION file contains call(s) to old-style personList() or as.personList(). Please use c() on person objects instead. Package CITATION file contains call(s) to old-style citEntry(). Please use bibentry() instead. Flavors: r-devel-linux-x86_64-debian-clang, r-devel-linux-x86_64-debian-gcc