CRAN Package Check Results for Package aws.alexa

Last updated on 2022-10-03 21:53:32 CEST.

Flavor Version Tinstall Tcheck Ttotal Status Flags
r-devel-linux-x86_64-debian-clang 0.1.8 5.30 54.82 60.12 NOTE
r-devel-linux-x86_64-debian-gcc 0.1.8 4.25 41.34 45.59 NOTE
r-devel-linux-x86_64-fedora-clang 0.1.8 87.03 NOTE
r-devel-linux-x86_64-fedora-gcc 0.1.8 85.29 NOTE
r-devel-windows-x86_64 0.1.8 18.00 90.00 108.00 NOTE
r-patched-linux-x86_64 0.1.8 5.50 51.29 56.79 NOTE
r-release-linux-x86_64 0.1.8 4.31 51.08 55.39 NOTE
r-release-macos-arm64 0.1.8 27.00 NOTE
r-release-macos-x86_64 0.1.8 37.00 NOTE
r-release-windows-x86_64 0.1.8 22.00 83.00 105.00 NOTE
r-oldrel-macos-arm64 0.1.8 31.00 NOTE
r-oldrel-macos-x86_64 0.1.8 52.00 NOTE
r-oldrel-windows-ix86+x86_64 0.1.8 18.00 101.00 119.00 NOTE

Check Details

Version: 0.1.8
Check: LazyData
Result: NOTE
     'LazyData' is specified without a 'data' directory
Flavors: r-devel-linux-x86_64-debian-clang, r-devel-linux-x86_64-debian-gcc, r-devel-linux-x86_64-fedora-clang, r-devel-linux-x86_64-fedora-gcc, r-devel-windows-x86_64, r-patched-linux-x86_64, r-release-linux-x86_64, r-release-macos-arm64, r-release-macos-x86_64, r-release-windows-x86_64, r-oldrel-macos-arm64, r-oldrel-macos-x86_64, r-oldrel-windows-ix86+x86_64