CRAN Package Check Results for Package aweSOM

Last updated on 2022-10-01 12:56:06 CEST.

Flavor Version Tinstall Tcheck Ttotal Status Flags
r-devel-linux-x86_64-debian-clang 1.3 5.53 62.12 67.65 OK
r-devel-linux-x86_64-debian-gcc 1.3 4.89 46.61 51.50 OK
r-devel-linux-x86_64-fedora-clang 1.3 96.20 NOTE
r-devel-linux-x86_64-fedora-gcc 1.3 94.19 NOTE
r-devel-windows-x86_64 1.3 18.00 101.00 119.00 OK
r-patched-linux-x86_64 1.3 5.21 57.35 62.56 OK
r-release-linux-x86_64 1.3 3.78 58.12 61.90 OK
r-release-macos-arm64 1.3 29.00 NOTE
r-release-macos-x86_64 1.3 42.00 NOTE
r-release-windows-x86_64 1.3 13.00 99.00 112.00 OK
r-oldrel-macos-arm64 1.3 30.00 NOTE
r-oldrel-macos-x86_64 1.3 42.00 NOTE
r-oldrel-windows-ix86+x86_64 1.3 16.00 92.00 108.00 OK

Check Details

Version: 1.3
Check: dependencies in R code
Result: NOTE
    Namespaces in Imports field not imported from:
     ‘DT’ ‘bslib’ ‘rclipboard’ ‘rmarkdown’
     All declared Imports should be used.
Flavors: r-devel-linux-x86_64-fedora-clang, r-devel-linux-x86_64-fedora-gcc, r-release-macos-arm64, r-release-macos-x86_64, r-oldrel-macos-arm64, r-oldrel-macos-x86_64