Last updated on 2025-07-23 12:54:03 CEST.
Flavor | Version | Tinstall | Tcheck | Ttotal | Status | Flags |
---|---|---|---|---|---|---|
r-devel-linux-x86_64-debian-clang | 0.1.2 | 95.39 | 31.45 | 126.84 | OK | |
r-devel-linux-x86_64-debian-gcc | 0.1.2 | 76.45 | 24.48 | 100.93 | OK | |
r-devel-linux-x86_64-fedora-clang | 0.1.2 | 222.33 | ERROR | |||
r-devel-linux-x86_64-fedora-gcc | 0.1.2 | 209.77 | ERROR | |||
r-devel-windows-x86_64 | 0.1.2 | 99.00 | 82.00 | 181.00 | ERROR | |
r-patched-linux-x86_64 | 0.1.2 | 96.69 | 28.30 | 124.99 | OK | |
r-release-linux-x86_64 | 0.1.2 | 95.08 | 28.18 | 123.26 | OK | |
r-release-macos-arm64 | 0.1.2 | 63.00 | OK | |||
r-release-macos-x86_64 | 0.1.2 | 88.00 | OK | |||
r-release-windows-x86_64 | 0.1.2 | 93.00 | 79.00 | 172.00 | OK | |
r-oldrel-macos-arm64 | 0.1.2 | 62.00 | OK | |||
r-oldrel-macos-x86_64 | 0.1.2 | 106.00 | OK | |||
r-oldrel-windows-x86_64 | 0.1.2 | 116.00 | 89.00 | 205.00 | OK |
Version: 0.1.2
Check: examples
Result: ERROR
Running examples in ‘awdb-Ex.R’ failed
The error most likely occurred in:
> ### Name: get_elements
> ### Title: Get Station Elements
> ### Aliases: get_elements
>
> ### ** Examples
>
> # get snow water equivalent values around Bear Lake
> get_elements(bear_lake, elements = "WTEQ")
Error in `get_elements()`:
! Failed to perform HTTP request.
Caused by error in `curl::curl_fetch_memory()`:
! Timeout was reached [wcc.sc.egov.usda.gov]:
Resolving timed out after 10001 milliseconds
Backtrace:
▆
1. └─awdb::get_elements(bear_lake, elements = "WTEQ")
2. └─awdb:::filter_stations(aoi, elements = collapse(elements), awdb_options)
3. └─httr2::req_perform(request_url, error_call = call)
4. └─httr2:::handle_resp(req, resp, error_call = error_call)
5. └─rlang::cnd_signal(resp)
Execution halted
Flavor: r-devel-linux-x86_64-fedora-clang
Version: 0.1.2
Check: examples
Result: ERROR
Running examples in ‘awdb-Ex.R’ failed
The error most likely occurred in:
> ### Name: get_elements
> ### Title: Get Station Elements
> ### Aliases: get_elements
>
> ### ** Examples
>
> # get snow water equivalent values around Bear Lake
> get_elements(bear_lake, elements = "WTEQ")
Error in `get_elements()`:
! Failed to perform HTTP request.
Caused by error in `curl::curl_fetch_memory()`:
! Timeout was reached [wcc.sc.egov.usda.gov]:
Resolving timed out after 10000 milliseconds
Backtrace:
▆
1. └─awdb::get_elements(bear_lake, elements = "WTEQ")
2. └─awdb:::filter_stations(aoi, elements = collapse(elements), awdb_options)
3. └─httr2::req_perform(request_url, error_call = call)
4. └─httr2:::handle_resp(req, resp, error_call = error_call)
5. └─rlang::cnd_signal(resp)
Execution halted
Flavor: r-devel-linux-x86_64-fedora-gcc
Version: 0.1.2
Check: examples
Result: ERROR
Running examples in 'awdb-Ex.R' failed
The error most likely occurred in:
> ### Name: get_elements
> ### Title: Get Station Elements
> ### Aliases: get_elements
>
> ### ** Examples
>
> # get snow water equivalent values around Bear Lake
> get_elements(bear_lake, elements = "WTEQ")
Error in `get_elements()`:
! Failed to perform HTTP request.
Caused by error in `curl::curl_fetch_memory()`:
! Timeout was reached [wcc.sc.egov.usda.gov]:
Resolving timed out after 10003 milliseconds
Backtrace:
▆
1. └─awdb::get_elements(bear_lake, elements = "WTEQ")
2. └─awdb:::filter_stations(aoi, elements = collapse(elements), awdb_options)
3. └─httr2::req_perform(request_url, error_call = call)
4. └─httr2:::handle_resp(req, resp, error_call = error_call)
5. └─rlang::cnd_signal(resp)
Execution halted
Flavor: r-devel-windows-x86_64