CRAN Package Check Results for Package available

Last updated on 2020-07-08 06:47:29 CEST.

Flavor Version Tinstall Tcheck Ttotal Status Flags
r-devel-linux-x86_64-debian-clang 1.0.4 2.86 34.64 37.50 NOTE
r-devel-linux-x86_64-debian-gcc 1.0.4 2.35 27.43 29.78 NOTE
r-devel-linux-x86_64-fedora-clang 1.0.4 55.23 NOTE
r-devel-linux-x86_64-fedora-gcc 1.0.4 44.53 NOTE
r-devel-windows-ix86+x86_64 1.0.4 10.00 53.00 63.00 NOTE
r-patched-linux-x86_64 1.0.4 2.93 34.85 37.78 NOTE
r-patched-solaris-x86 1.0.4 67.90 NOTE
r-release-linux-x86_64 1.0.4 3.24 34.84 38.08 NOTE
r-release-osx-x86_64 1.0.4 NOTE
r-release-windows-ix86+x86_64 1.0.4 8.00 48.00 56.00 NOTE
r-oldrel-osx-x86_64 1.0.4 NOTE
r-oldrel-windows-ix86+x86_64 1.0.4 16.00 59.00 75.00 OK

Check Details

Version: 1.0.4
Check: package dependencies
Result: NOTE
    Package suggested but not available for checking: 'BiocInstaller'
Flavors: r-devel-linux-x86_64-debian-clang, r-devel-linux-x86_64-debian-gcc, r-devel-linux-x86_64-fedora-clang, r-devel-linux-x86_64-fedora-gcc, r-devel-windows-ix86+x86_64, r-patched-linux-x86_64, r-patched-solaris-x86, r-release-linux-x86_64, r-release-osx-x86_64, r-release-windows-ix86+x86_64, r-oldrel-osx-x86_64