CRAN Package Check Results for Package autostsm

Last updated on 2021-11-29 21:51:31 CET.

Flavor Version Tinstall Tcheck Ttotal Status Flags
r-devel-linux-x86_64-debian-clang 2.0 41.45 76.33 117.78 OK
r-devel-linux-x86_64-debian-gcc 2.0 32.14 55.27 87.41 OK
r-devel-linux-x86_64-fedora-clang 2.0 174.45 OK
r-devel-linux-x86_64-fedora-gcc 2.0 149.18 OK
r-devel-windows-x86_64-new-UL 2.0 68.00 140.00 208.00 OK
r-devel-windows-x86_64-new-TK 2.0 OK
r-devel-windows-x86_64-old 2.0 59.00 92.00 151.00 OK
r-patched-linux-x86_64 2.0 39.93 69.54 109.47 OK
r-patched-solaris-x86 2.0 162.90 OK
r-release-linux-x86_64 2.0 37.84 69.42 107.26 OK
r-release-macos-arm64 2.0 OK
r-release-macos-x86_64 2.0 OK
r-release-windows-ix86+x86_64 2.0 102.00 122.00 224.00 OK
r-oldrel-macos-x86_64 2.0 ERROR
r-oldrel-windows-ix86+x86_64 2.0 73.00 6.00 79.00 ERROR

Check Details

Version: 2.0
Check: package dependencies
Result: ERROR
    Package required and available but unsuitable version: ‘parallel’
    
    See section ‘The DESCRIPTION file’ in the ‘Writing R Extensions’
    manual.
Flavors: r-oldrel-macos-x86_64, r-oldrel-windows-ix86+x86_64