Last updated on 2024-04-18 06:09:40 CEST.
Flavor | Version | Tinstall | Tcheck | Ttotal | Status | Flags |
---|---|---|---|---|---|---|
r-devel-linux-x86_64-debian-clang | 0.1.0 | 15.60 | 110.36 | 125.96 | OK | |
r-devel-linux-x86_64-debian-gcc | 0.1.0 | 12.16 | 82.06 | 94.22 | OK | |
r-devel-linux-x86_64-fedora-clang | 0.1.0 | 159.06 | NOTE | |||
r-devel-linux-x86_64-fedora-gcc | 0.1.0 | 151.78 | NOTE | |||
r-prerel-macos-arm64 | 0.1.0 | 47.00 | OK | |||
r-prerel-windows-x86_64 | 0.1.0 | 14.00 | 98.00 | 112.00 | OK | |
r-patched-linux-x86_64 | 0.1.0 | 13.54 | 104.11 | 117.65 | OK | |
r-release-linux-x86_64 | 0.1.0 | 11.23 | 105.24 | 116.47 | OK | |
r-release-macos-arm64 | 0.1.0 | 49.00 | OK | |||
r-release-macos-x86_64 | 0.1.0 | 79.00 | OK | |||
r-release-windows-x86_64 | 0.1.0 | 20.00 | 121.00 | 141.00 | OK | |
r-oldrel-macos-arm64 | 0.1.0 | 44.00 | NOTE | |||
r-oldrel-windows-x86_64 | 0.1.0 | 22.00 | 118.00 | 140.00 | OK |
Version: 0.1.0
Check: dependencies in R code
Result: NOTE
Namespace in Imports field not imported from: ‘abind’
All declared Imports should be used.
Flavors: r-devel-linux-x86_64-fedora-clang, r-devel-linux-x86_64-fedora-gcc, r-oldrel-macos-arm64