CRAN Package Check Results for Package audubon

Last updated on 2024-06-17 11:57:22 CEST.

Flavor Version Tinstall Tcheck Ttotal Status Flags
r-devel-linux-x86_64-debian-clang 0.5.2 4.41 59.14 63.55 OK
r-devel-linux-x86_64-debian-gcc 0.5.2 3.92 44.76 48.68 OK
r-devel-linux-x86_64-fedora-clang 0.5.2 79.42 NOTE
r-devel-linux-x86_64-fedora-gcc 0.5.2 76.30 NOTE
r-devel-windows-x86_64 0.5.2 6.00 65.00 71.00 OK
r-patched-linux-x86_64 0.5.2 5.17 57.16 62.33 OK
r-release-linux-x86_64 0.5.2 5.17 56.85 62.02 OK
r-release-macos-arm64 0.5.2 30.00 OK
r-release-macos-x86_64 0.5.2 41.00 OK
r-release-windows-x86_64 0.5.2 6.00 66.00 72.00 OK
r-oldrel-macos-arm64 0.5.2 34.00 OK
r-oldrel-macos-x86_64 0.5.2 63.00 OK
r-oldrel-windows-x86_64 0.5.2 7.00 76.00 83.00 OK

Check Details

Version: 0.5.2
Check: data for non-ASCII characters
Result: NOTE Note: found 54582 marked UTF-8 strings Flavors: r-devel-linux-x86_64-fedora-clang, r-devel-linux-x86_64-fedora-gcc