Last updated on 2022-06-26 06:50:31 CEST.
Flavor | Version | Tinstall | Tcheck | Ttotal | Status | Flags |
---|---|---|---|---|---|---|
r-devel-linux-x86_64-debian-clang | 2.0.1 | 18.41 | 160.59 | 179.00 | OK | |
r-devel-linux-x86_64-debian-gcc | 2.0.1 | 15.87 | 117.02 | 132.89 | OK | |
r-devel-linux-x86_64-fedora-clang | 2.0.1 | 230.13 | NOTE | |||
r-devel-linux-x86_64-fedora-gcc | 2.0.1 | 216.00 | NOTE | |||
r-devel-windows-x86_64 | 2.0.1 | 24.00 | 170.00 | 194.00 | OK | |
r-patched-linux-x86_64 | 2.0.1 | 13.92 | 152.90 | 166.82 | OK | |
r-release-linux-x86_64 | 2.0.1 | 14.00 | 149.13 | 163.13 | OK | |
r-release-macos-arm64 | 2.0.1 | 58.00 | NOTE | |||
r-release-macos-x86_64 | 2.0.1 | 101.00 | NOTE | |||
r-release-windows-x86_64 | 2.0.1 | 25.00 | 163.00 | 188.00 | OK | |
r-oldrel-macos-arm64 | 2.0.1 | 53.00 | NOTE | |||
r-oldrel-macos-x86_64 | 2.0.1 | 73.00 | NOTE | |||
r-oldrel-windows-ix86+x86_64 | 2.0.1 | 42.00 | 165.00 | 207.00 | OK |
Version: 2.0.1
Check: data for non-ASCII characters
Result: NOTE
Note: found 1 marked UTF-8 string
Flavors: r-devel-linux-x86_64-fedora-clang, r-devel-linux-x86_64-fedora-gcc, r-release-macos-arm64, r-release-macos-x86_64, r-oldrel-macos-arm64, r-oldrel-macos-x86_64