Last updated on 2023-03-28 21:53:51 CEST.
Flavor | Version | Tinstall | Tcheck | Ttotal | Status | Flags |
---|---|---|---|---|---|---|
r-devel-linux-x86_64-debian-clang | 2021.1.2 | 3.34 | 209.94 | 213.28 | OK | |
r-devel-linux-x86_64-debian-gcc | 2021.1.2 | 2.31 | 161.07 | 163.38 | OK | |
r-devel-linux-x86_64-fedora-clang | 2021.1.2 | 249.54 | NOTE | |||
r-devel-linux-x86_64-fedora-gcc | 2021.1.2 | 256.38 | NOTE | |||
r-devel-windows-x86_64 | 2021.1.2 | 17.00 | 226.00 | 243.00 | OK | |
r-patched-linux-x86_64 | 2021.1.2 | 3.28 | 221.04 | 224.32 | OK | |
r-release-linux-x86_64 | 2021.1.2 | 2.85 | 217.47 | 220.32 | OK | |
r-release-macos-arm64 | 2021.1.2 | 78.00 | NOTE | |||
r-release-macos-x86_64 | 2021.1.2 | 130.00 | NOTE | |||
r-release-windows-x86_64 | 2021.1.2 | 18.00 | 250.00 | 268.00 | OK | |
r-oldrel-macos-arm64 | 2021.1.2 | 109.00 | NOTE | |||
r-oldrel-macos-x86_64 | 2021.1.2 | 120.00 | NOTE | |||
r-oldrel-windows-ix86+x86_64 | 2021.1.2 | 10.00 | 297.00 | 307.00 | OK |
Version: 2021.1.2
Check: dependencies in R code
Result: NOTE
Namespaces in Imports field not imported from:
‘dlnm’ ‘ggplot2’ ‘mvmeta’ ‘pbs’ ‘tsModel’
All declared Imports should be used.
Flavors: r-devel-linux-x86_64-fedora-clang, r-devel-linux-x86_64-fedora-gcc
Version: 2021.1.2
Check: dependencies in R code
Result: NOTE
Namespaces in Imports field not imported from:
‘dlnm’ ‘ggplot2’ ‘lubridate’ ‘mvmeta’ ‘pbs’ ‘tsModel’
All declared Imports should be used.
Flavors: r-release-macos-arm64, r-release-macos-x86_64, r-oldrel-macos-arm64, r-oldrel-macos-x86_64