Last updated on 2025-02-08 12:49:24 CET.
Flavor | Version | Tinstall | Tcheck | Ttotal | Status | Flags |
---|---|---|---|---|---|---|
r-devel-linux-x86_64-debian-clang | 2021.1.2 | 3.09 | 154.72 | 157.81 | ERROR | |
r-devel-linux-x86_64-debian-gcc | 2021.1.2 | 2.25 | 101.55 | 103.80 | OK | |
r-devel-linux-x86_64-fedora-clang | 2021.1.2 | 224.58 | NOTE | |||
r-devel-linux-x86_64-fedora-gcc | 2021.1.2 | 265.70 | NOTE | |||
r-devel-windows-x86_64 | 2021.1.2 | 5.00 | 163.00 | 168.00 | OK | |
r-patched-linux-x86_64 | 2021.1.2 | 2.67 | 163.19 | 165.86 | OK | |
r-release-linux-x86_64 | 2021.1.2 | 2.87 | 162.16 | 165.03 | OK | |
r-release-macos-arm64 | 2021.1.2 | 79.00 | OK | |||
r-release-macos-x86_64 | 2021.1.2 | 149.00 | OK | |||
r-release-windows-x86_64 | 2021.1.2 | 5.00 | 166.00 | 171.00 | OK | |
r-oldrel-macos-arm64 | 2021.1.2 | 100.00 | OK | |||
r-oldrel-macos-x86_64 | 2021.1.2 | 150.00 | OK | |||
r-oldrel-windows-x86_64 | 2021.1.2 | 5.00 | 209.00 | 214.00 | OK |
Version: 2021.1.2
Check: tests
Result: ERROR
Running ‘testthat.R’ [79s/86s]
Running the tests in ‘tests/testthat.R’ failed.
Complete output:
> library(testthat)
> library(attrib)
attrib 2021.1.2 https://folkehelseinstituttet.github.io/attrib
>
> test_check("attrib")
|
| | 0%
|
|=================================== | 50%
|
|======================================================================| 100%[ FAIL 2 | WARN 0 | SKIP 0 | PASS 6 ]
══ Failed tests ════════════════════════════════════════════════════════════════
── Failure ('test_fake.R:159:3'): simmulations ─────────────────────────────────
round(as.numeric(median(dif_obs), 0)) not equal to c(0).
1/1 mismatches
[1] -1 - 0 == -1
── Failure ('test_fake.R:167:3'): simmulations ─────────────────────────────────
round(as.numeric(median(dif), 0)) not equal to c(0).
1/1 mismatches
[1] -1 - 0 == -1
[ FAIL 2 | WARN 0 | SKIP 0 | PASS 6 ]
Error: Test failures
Execution halted
Flavor: r-devel-linux-x86_64-debian-clang
Version: 2021.1.2
Check: dependencies in R code
Result: NOTE
Namespaces in Imports field not imported from:
‘dlnm’ ‘ggplot2’ ‘mvmeta’ ‘pbs’ ‘tsModel’
All declared Imports should be used.
Flavors: r-devel-linux-x86_64-fedora-clang, r-devel-linux-x86_64-fedora-gcc