Last updated on 2024-04-20 05:58:46 CEST.
Flavor | Version | Tinstall | Tcheck | Ttotal | Status | Flags |
---|---|---|---|---|---|---|
r-devel-linux-x86_64-debian-clang | 0.9.8.1 | 52.73 | 282.83 | 335.56 | NOTE | |
r-devel-linux-x86_64-debian-gcc | 0.9.8.1 | 38.59 | 192.70 | 231.29 | NOTE | |
r-devel-linux-x86_64-fedora-clang | 0.9.8.1 | 407.47 | NOTE | |||
r-devel-linux-x86_64-fedora-gcc | 0.9.8.1 | 391.09 | NOTE | |||
r-prerel-macos-arm64 | 0.9.8.1 | 87.00 | NOTE | |||
r-prerel-windows-x86_64 | 0.9.8.1 | 44.00 | 184.00 | 228.00 | NOTE | |
r-patched-linux-x86_64 | 0.9.8.1 | 47.92 | 260.89 | 308.81 | NOTE | |
r-release-linux-x86_64 | 0.9.8.1 | 49.40 | 261.75 | 311.15 | OK | |
r-release-macos-arm64 | 0.9.8.1 | 87.00 | OK | |||
r-release-macos-x86_64 | 0.9.8.1 | 221.00 | OK | |||
r-release-windows-x86_64 | 0.9.8.1 | 53.00 | 243.00 | 296.00 | OK | |
r-oldrel-macos-arm64 | 0.9.8.1 | 88.00 | OK | |||
r-oldrel-windows-x86_64 | 0.9.8.1 | 52.00 | 234.00 | 286.00 | OK |
Version: 0.9.8.1
Check: Rd files
Result: NOTE
checkRd: (-1) ataCoKriging.Rd:52: Lost braces; missing escapes or markup?
52 | only one contrained condition for all points and all variables, \\sum_{i=1}^n\\lambda_i +\\sum_{j=1}^m\\beta_j =1, assuming expected means of variables known and constant with the study area.
| ^
checkRd: (-1) ataCoKriging.Rd:52: Lost braces; missing escapes or markup?
52 | only one contrained condition for all points and all variables, \\sum_{i=1}^n\\lambda_i +\\sum_{j=1}^m\\beta_j =1, assuming expected means of variables known and constant with the study area.
| ^
Flavors: r-devel-linux-x86_64-debian-clang, r-devel-linux-x86_64-debian-gcc, r-devel-linux-x86_64-fedora-clang, r-devel-linux-x86_64-fedora-gcc, r-prerel-macos-arm64, r-prerel-windows-x86_64, r-patched-linux-x86_64