CRAN Package Check Results for Package astrolibR

Last updated on 2022-05-25 11:50:59 CEST.

Flavor Version Tinstall Tcheck Ttotal Status Flags
r-devel-linux-x86_64-debian-clang 0.1 10.20 63.53 73.73 NOTE
r-devel-linux-x86_64-debian-gcc 0.1 6.03 47.41 53.44 NOTE
r-devel-linux-x86_64-fedora-clang 0.1 86.16 NOTE
r-devel-linux-x86_64-fedora-gcc 0.1 80.95 NOTE
r-devel-windows-x86_64 0.1 79.00 83.00 162.00 NOTE
r-patched-linux-x86_64 0.1 9.52 59.74 69.26 NOTE
r-release-linux-x86_64 0.1 NOTE
r-release-macos-arm64 0.1 23.00 NOTE
r-release-macos-x86_64 0.1 38.00 NOTE
r-release-windows-x86_64 0.1 20.00 81.00 101.00 NOTE
r-oldrel-macos-arm64 0.1 29.00 NOTE
r-oldrel-macos-x86_64 0.1 51.00 NOTE
r-oldrel-windows-ix86+x86_64 0.1 14.00 63.00 77.00 NOTE

Check Details

Version: 0.1
Check: R code for possible problems
Result: NOTE
    fm_unred: no visible global function definition for 'spline'
    galage: no visible global function definition for 'integrate'
    lumdist: no visible global function definition for 'integrate'
    Undefined global functions or variables:
     integrate spline
    Consider adding
     importFrom("stats", "integrate", "spline")
    to your NAMESPACE file.
Flavors: r-devel-linux-x86_64-debian-clang, r-devel-linux-x86_64-debian-gcc, r-devel-linux-x86_64-fedora-clang, r-devel-linux-x86_64-fedora-gcc, r-devel-windows-x86_64, r-patched-linux-x86_64, r-release-linux-x86_64, r-release-macos-arm64, r-release-macos-x86_64, r-release-windows-x86_64, r-oldrel-macos-arm64, r-oldrel-macos-x86_64, r-oldrel-windows-ix86+x86_64

Version: 0.1
Check: Rd files
Result: NOTE
    checkRd: (7) ten.Rd:23: \item in \value must have non-empty label
Flavors: r-devel-linux-x86_64-debian-clang, r-devel-linux-x86_64-debian-gcc, r-devel-linux-x86_64-fedora-clang, r-devel-linux-x86_64-fedora-gcc, r-devel-windows-x86_64

Version: 0.1
Check: HTML version of manual
Result: NOTE
    Found the following problems:
    ten.Rd:64:38: Warning: trimming empty <code>
Flavors: r-devel-linux-x86_64-debian-clang, r-devel-linux-x86_64-debian-gcc