CRAN Package Check Results for Package askpass

Last updated on 2022-09-28 03:54:48 CEST.

Flavor Version Tinstall Tcheck Ttotal Status Flags
r-devel-linux-x86_64-debian-clang 1.1 2.23 22.95 25.18 NOTE
r-devel-linux-x86_64-debian-gcc 1.1 1.92 17.79 19.71 NOTE
r-devel-linux-x86_64-fedora-clang 1.1 44.03 NOTE
r-devel-linux-x86_64-fedora-gcc 1.1 42.76 NOTE
r-devel-windows-x86_64 1.1 13.00 48.00 61.00 NOTE
r-patched-linux-x86_64 1.1 2.47 21.99 24.46 NOTE
r-release-linux-x86_64 1.1 2.51 21.78 24.29 NOTE
r-release-macos-arm64 1.1 16.00 NOTE
r-release-macos-x86_64 1.1 22.00 NOTE
r-release-windows-x86_64 1.1 11.00 57.00 68.00 NOTE
r-oldrel-macos-arm64 1.1 20.00 NOTE
r-oldrel-macos-x86_64 1.1 27.00 NOTE
r-oldrel-windows-ix86+x86_64 1.1 11.00 53.00 64.00 NOTE

Check Details

Version: 1.1
Check: LazyData
Result: NOTE
     'LazyData' is specified without a 'data' directory
Flavors: r-devel-linux-x86_64-debian-clang, r-devel-linux-x86_64-debian-gcc, r-devel-linux-x86_64-fedora-clang, r-devel-linux-x86_64-fedora-gcc, r-devel-windows-x86_64, r-patched-linux-x86_64, r-release-linux-x86_64, r-release-macos-arm64, r-release-macos-x86_64, r-release-windows-x86_64, r-oldrel-macos-arm64, r-oldrel-macos-x86_64, r-oldrel-windows-ix86+x86_64