Last updated on 2023-09-23 05:57:51 CEST.
Flavor | Version | Tinstall | Tcheck | Ttotal | Status | Flags |
---|---|---|---|---|---|---|
r-devel-linux-x86_64-debian-clang | 1.2.5 | 12.61 | 134.32 | 146.93 | OK | |
r-devel-linux-x86_64-debian-gcc | 1.2.5 | 10.15 | 107.85 | 118.00 | OK | |
r-devel-linux-x86_64-fedora-clang | 1.2.5 | 176.56 | OK | |||
r-devel-linux-x86_64-fedora-gcc | 1.2.5 | 199.99 | OK | |||
r-devel-windows-x86_64 | 1.2.5 | 12.00 | 113.00 | 125.00 | OK | |
r-patched-linux-x86_64 | 1.2.5 | 15.11 | 128.53 | 143.64 | OK | |
r-release-linux-x86_64 | 1.2.5 | 11.56 | 130.42 | 141.98 | OK | |
r-release-macos-arm64 | 1.2.5 | 66.00 | OK | |||
r-release-macos-x86_64 | 1.2.5 | 101.00 | NOTE | |||
r-release-windows-x86_64 | 1.2.5 | 16.00 | 139.00 | 155.00 | OK | |
r-oldrel-macos-arm64 | 1.2.5 | 72.00 | OK | |||
r-oldrel-macos-x86_64 | 1.2.5 | 87.00 | OK | |||
r-oldrel-windows-x86_64 | 1.2.5 | 16.00 | 140.00 | 156.00 | OK |
Version: 1.2.5
Check: package dependencies
Result: NOTE
Packages suggested but not available for checking: 'rJava', 'RWeka'
Flavor: r-release-macos-x86_64
Version: 1.2.5
Check: Rd cross-references
Result: NOTE
Package unavailable to check Rd xrefs: ‘RWeka’
Flavor: r-release-macos-x86_64