CRAN Package Check Results for Package arulesCBA

Last updated on 2020-06-03 06:48:24 CEST.

Flavor Version Tinstall Tcheck Ttotal Status Flags
r-devel-linux-x86_64-debian-clang 1.2.0 9.95 107.25 117.20 OK
r-devel-linux-x86_64-debian-gcc 1.2.0 8.90 80.93 89.83 OK
r-devel-linux-x86_64-fedora-clang 1.2.0 146.16 OK
r-devel-linux-x86_64-fedora-gcc 1.2.0 146.80 OK
r-devel-windows-ix86+x86_64 1.2.0 28.00 196.00 224.00 OK
r-patched-linux-x86_64 1.2.0 9.86 105.35 115.21 OK
r-patched-solaris-x86 1.2.0 185.00 NOTE
r-release-linux-x86_64 1.2.0 10.58 106.65 117.23 OK
r-release-osx-x86_64 1.2.0 OK
r-release-windows-ix86+x86_64 1.2.0 21.00 177.00 198.00 OK
r-oldrel-osx-x86_64 1.2.0 OK
r-oldrel-windows-ix86+x86_64 1.2.0 20.00 144.00 164.00 OK

Check Details

Version: 1.2.0
Check: package dependencies
Result: NOTE
    Package suggested but not available for checking: ‘RWeka’
Flavor: r-patched-solaris-x86

Version: 1.2.0
Check: Rd cross-references
Result: NOTE
    Package unavailable to check Rd xrefs: ‘RWeka’
Flavor: r-patched-solaris-x86