CRAN Package Check Results for Package arrow

Last updated on 2020-05-26 03:48:13 CEST.

Flavor Version Tinstall Tcheck Ttotal Status Flags
r-devel-linux-x86_64-debian-clang 0.17.1 1438.32 86.67 1524.99 OK
r-devel-linux-x86_64-debian-gcc 0.17.1 1244.99 66.48 1311.47 OK
r-devel-windows-ix86+x86_64 0.17.1 1233.00 264.00 1497.00 NOTE
r-patched-linux-x86_64 0.17.1 1393.82 86.22 1480.04 OK
r-release-linux-x86_64 0.17.1 1385.43 85.66 1471.09 OK
r-release-osx-x86_64 0.17.1 NOTE
r-release-windows-ix86+x86_64 0.17.1 880.00 195.00 1075.00 NOTE
r-oldrel-osx-x86_64 0.17.1 NOTE
r-oldrel-windows-ix86+x86_64 0.17.1 1246.00 280.00 1526.00 NOTE

Check Details

Version: 0.17.1
Check: installed package size
Result: NOTE
     installed size is 27.9Mb
     sub-directories of 1Mb or more:
     R 3.2Mb
     libs 24.3Mb
Flavors: r-devel-windows-ix86+x86_64, r-release-osx-x86_64, r-release-windows-ix86+x86_64, r-oldrel-osx-x86_64, r-oldrel-windows-ix86+x86_64