CRAN Package Check Results for Package arrayhelpers

Last updated on 2021-04-21 12:54:45 CEST.

Flavor Version Tinstall Tcheck Ttotal Status Flags
r-devel-linux-x86_64-debian-clang 1.1-0 3.06 31.04 34.10 NOTE
r-devel-linux-x86_64-debian-gcc 1.1-0 2.38 24.53 26.91 NOTE
r-devel-linux-x86_64-fedora-clang 1.1-0 53.50 NOTE
r-devel-linux-x86_64-fedora-gcc 1.1-0 42.65 NOTE
r-devel-windows-ix86+x86_64 1.1-0 7.00 40.00 47.00 NOTE
r-devel-windows-x86_64-gcc10-UCRT 1.1-0 NOTE
r-patched-linux-x86_64 1.1-0 3.55 29.97 33.52 WARN
r-patched-solaris-x86 1.1-0 59.50 OK
r-release-linux-x86_64 1.1-0 2.82 30.04 32.86 OK
r-release-macos-x86_64 1.1-0 OK
r-release-windows-ix86+x86_64 1.1-0 7.00 50.00 57.00 OK
r-oldrel-macos-x86_64 1.1-0 OK
r-oldrel-windows-ix86+x86_64 1.1-0 5.00 50.00 55.00 OK

Check Details

Version: 1.1-0
Check: LazyData
Result: NOTE
     'LazyData' is specified without a 'data' directory
Flavors: r-devel-linux-x86_64-debian-clang, r-devel-linux-x86_64-debian-gcc, r-devel-linux-x86_64-fedora-clang, r-devel-linux-x86_64-fedora-gcc, r-devel-windows-ix86+x86_64, r-devel-windows-x86_64-gcc10-UCRT

Version: 1.1-0
Check: whether package can be installed
Result: WARN
    Found the following significant warnings:
     Rd warning: /tmp/RtmpqgxveQ/R.INSTALL4dbb3266969f/arrayhelpers/man/arrayhelpers.unittest.Rd:14: file link ‘svUnit’ in package ‘svUnit’ does not exist and so has been treated as a topic
     Rd warning: /tmp/RtmpqgxveQ/R.INSTALL4dbb3266969f/arrayhelpers/man/arrayhelpers.unittest.Rd:10: file link ‘svUnit’ in package ‘svUnit’ does not exist and so has been treated as a topic
     Rd warning: /tmp/RtmpqgxveQ/R.INSTALL4dbb3266969f/arrayhelpers/man/arrayhelpers.unittest.Rd:17: file link ‘svUnit’ in package ‘svUnit’ does not exist and so has been treated as a topic
     Rd warning: /tmp/RtmpqgxveQ/R.INSTALL4dbb3266969f/arrayhelpers/man/slice.Rd:26: file link ‘[’ in package ‘base’ does not exist and so has been treated as a topic
     Rd warning: /tmp/RtmpqgxveQ/R.INSTALL4dbb3266969f/arrayhelpers/man/slice.Rd:16: file link ‘[’ in package ‘base’ does not exist and so has been treated as a topic
     Rd warning: /tmp/RtmpqgxveQ/R.INSTALL4dbb3266969f/arrayhelpers/man/slice.Rd:18: file link ‘[’ in package ‘base’ does not exist and so has been treated as a topic
Flavor: r-patched-linux-x86_64