Last updated on 2024-03-28 06:52:42 CET.
Flavor | Version | Tinstall | Tcheck | Ttotal | Status | Flags |
---|---|---|---|---|---|---|
r-devel-linux-x86_64-debian-clang | 0.7.0 | 2.41 | 39.38 | 41.79 | OK | |
r-devel-linux-x86_64-debian-gcc | 0.7.0 | 3.00 | 29.69 | 32.69 | OK | |
r-devel-linux-x86_64-fedora-clang | 0.7.0 | 52.81 | OK | |||
r-devel-linux-x86_64-fedora-gcc | 0.7.0 | 51.25 | OK | |||
r-devel-windows-x86_64 | 0.7.0 | 4.00 | 94.00 | 98.00 | OK | |
r-patched-linux-x86_64 | 0.7.0 | 3.08 | 38.19 | 41.27 | OK | |
r-release-linux-x86_64 | 0.7.0 | 3.65 | 37.50 | 41.15 | OK | |
r-release-macos-arm64 | 0.7.0 | 21.00 | NOTE | |||
r-release-macos-x86_64 | 0.7.0 | 41.00 | NOTE | |||
r-release-windows-x86_64 | 0.7.0 | 5.00 | 93.00 | 98.00 | OK | |
r-oldrel-macos-arm64 | 0.7.0 | 25.00 | OK | |||
r-oldrel-windows-x86_64 | 0.7.0 | 5.00 | 127.00 | 132.00 | OK |
Version: 0.7.0
Check: package dependencies
Result: NOTE
Package suggested but not available for checking: ‘affxparser’
Flavors: r-release-macos-arm64, r-release-macos-x86_64
Version: 0.7.0
Check: Rd cross-references
Result: NOTE
Package unavailable to check Rd xrefs: ‘affxparser’
Flavors: r-release-macos-arm64, r-release-macos-x86_64