Last updated on 2024-04-23 05:58:04 CEST.
Flavor | Version | Tinstall | Tcheck | Ttotal | Status | Flags |
---|---|---|---|---|---|---|
r-devel-linux-x86_64-debian-clang | 3.2.2 | 65.13 | 362.97 | 428.10 | NOTE | |
r-devel-linux-x86_64-debian-gcc | 3.2.2 | 48.96 | 250.92 | 299.88 | OK | |
r-devel-linux-x86_64-fedora-clang | 3.2.2 | 554.26 | NOTE | |||
r-devel-linux-x86_64-fedora-gcc | 3.2.2 | 501.03 | OK | |||
r-prerel-macos-arm64 | 3.2.2 | 100.00 | NOTE | |||
r-prerel-macos-x86_64 | 3.2.2 | 301.00 | NOTE | |||
r-prerel-windows-x86_64 | 3.2.2 | 61.00 | 274.00 | 335.00 | NOTE | |
r-patched-linux-x86_64 | 3.2.2 | 75.30 | 345.39 | 420.69 | OK | |
r-release-linux-x86_64 | 3.2.2 | 54.03 | 346.81 | 400.84 | OK | |
r-release-macos-arm64 | 3.2.2 | 124.00 | NOTE | |||
r-release-macos-x86_64 | 3.2.2 | 228.00 | NOTE | |||
r-release-windows-x86_64 | 3.2.2 | 75.00 | 346.00 | 421.00 | NOTE | |
r-oldrel-macos-arm64 | 3.2.2 | 113.00 | NOTE | |||
r-oldrel-windows-x86_64 | 3.2.2 | 73.00 | 314.00 | 387.00 | NOTE |
Version: 3.2.2
Check: package dependencies
Result: NOTE
Packages suggested but not available for checking:
'affyPLM', 'gcrma', 'oligo', 'oligoClasses', 'pdInfoBuilder'
Flavor: r-devel-linux-x86_64-debian-clang
Version: 3.2.2
Check: Rd cross-references
Result: NOTE
Packages unavailable to check Rd xrefs: ‘gcrma’, ‘affyPLM’
Unknown packages ‘oligo’, ‘oligoClasses’ in Rd xrefs
Flavor: r-devel-linux-x86_64-debian-clang
Version: 3.2.2
Check: installed package size
Result: NOTE
installed size is 5.9Mb
sub-directories of 1Mb or more:
R 2.3Mb
help 1.2Mb
testScripts 1.3Mb
Flavors: r-devel-linux-x86_64-fedora-clang, r-prerel-macos-arm64, r-prerel-macos-x86_64, r-prerel-windows-x86_64, r-release-macos-arm64, r-release-macos-x86_64, r-release-windows-x86_64, r-oldrel-macos-arm64, r-oldrel-windows-x86_64
Version: 3.2.2
Check: package dependencies
Result: NOTE
Package suggested but not available for checking: ‘AffymetrixDataTestFiles’
Flavors: r-prerel-macos-arm64, r-prerel-macos-x86_64
Version: 3.2.2
Check: package dependencies
Result: NOTE
Packages suggested but not available for checking:
'affxparser', 'oligo', 'oligoClasses', 'pdInfoBuilder',
'AffymetrixDataTestFiles'
Flavors: r-release-macos-arm64, r-release-macos-x86_64
Version: 3.2.2
Check: Rd cross-references
Result: NOTE
Packages unavailable to check Rd xrefs: ‘affxparser’, ‘oligo’, ‘oligoClasses’
Flavors: r-release-macos-arm64, r-release-macos-x86_64
Version: 3.2.2
Check: package dependencies
Result: NOTE
Packages suggested but not available for checking:
'oligo', 'oligoClasses', 'pdInfoBuilder', 'AffymetrixDataTestFiles'
Flavor: r-oldrel-macos-arm64
Version: 3.2.2
Check: Rd cross-references
Result: NOTE
Packages unavailable to check Rd xrefs: ‘oligo’, ‘oligoClasses’
Flavor: r-oldrel-macos-arm64