Last updated on 2024-04-24 06:19:07 CEST.
Flavor | Version | Tinstall | Tcheck | Ttotal | Status | Flags |
---|---|---|---|---|---|---|
r-devel-linux-x86_64-debian-clang | 1.14-4 | 13.50 | 110.17 | 123.67 | OK | |
r-devel-linux-x86_64-debian-gcc | 1.14-4 | 11.03 | 80.89 | 91.92 | OK | |
r-devel-linux-x86_64-fedora-clang | 1.14-4 | 158.91 | NOTE | |||
r-devel-linux-x86_64-fedora-gcc | 1.14-4 | 149.42 | OK | |||
r-prerel-macos-arm64 | 1.14-4 | 42.00 | OK | |||
r-prerel-macos-x86_64 | 1.14-4 | 124.00 | OK | |||
r-prerel-windows-x86_64 | 1.14-4 | 11.00 | 96.00 | 107.00 | OK | |
r-patched-linux-x86_64 | 1.14-4 | 14.30 | 103.91 | 118.21 | OK | |
r-release-linux-x86_64 | 1.14-4 | 13.56 | 106.36 | 119.92 | OK | |
r-release-macos-arm64 | 1.14-4 | 50.00 | OK | |||
r-release-macos-x86_64 | 1.14-4 | 106.00 | OK | |||
r-release-windows-x86_64 | 1.14-4 | 16.00 | 121.00 | 137.00 | OK | |
r-oldrel-macos-arm64 | 1.14-4 | 50.00 | OK | |||
r-oldrel-windows-x86_64 | 1.14-4 | 19.00 | 118.00 | 137.00 | OK |
Version: 1.14-4
Check: Rd cross-references
Result: NOTE
Undeclared packages ‘survey’, ‘Matching’ in Rd xrefs
Flavor: r-devel-linux-x86_64-fedora-clang