Last updated on 2024-04-23 21:54:39 CEST.
Flavor | Version | Tinstall | Tcheck | Ttotal | Status | Flags |
---|---|---|---|---|---|---|
r-devel-linux-x86_64-debian-clang | 0.3.5 | 7.84 | 79.27 | 87.11 | NOTE | |
r-devel-linux-x86_64-debian-gcc | 0.3.5 | 5.72 | 58.75 | 64.47 | NOTE | |
r-devel-linux-x86_64-fedora-clang | 0.3.5 | 114.79 | NOTE | |||
r-devel-linux-x86_64-fedora-gcc | 0.3.5 | 117.80 | NOTE | |||
r-prerel-macos-arm64 | 0.3.5 | 40.00 | NOTE | |||
r-prerel-windows-x86_64 | 0.3.5 | 8.00 | 74.00 | 82.00 | NOTE | |
r-patched-linux-x86_64 | 0.3.5 | 6.82 | 77.26 | 84.08 | NOTE | |
r-release-linux-x86_64 | 0.3.5 | 5.97 | 73.74 | 79.71 | NOTE | |
r-release-macos-arm64 | 0.3.5 | 33.00 | NOTE | |||
r-release-macos-x86_64 | 0.3.5 | 49.00 | NOTE | |||
r-release-windows-x86_64 | 0.3.5 | 12.00 | 92.00 | 104.00 | NOTE | |
r-oldrel-macos-arm64 | 0.3.5 | 28.00 | NOTE | |||
r-oldrel-windows-x86_64 | 0.3.5 | 11.00 | 91.00 | 102.00 | NOTE |
Version: 0.3.5
Check: LazyData
Result: NOTE
'LazyData' is specified without a 'data' directory
Flavors: r-devel-linux-x86_64-debian-clang, r-devel-linux-x86_64-debian-gcc, r-devel-linux-x86_64-fedora-clang, r-devel-linux-x86_64-fedora-gcc, r-prerel-macos-arm64, r-prerel-windows-x86_64, r-patched-linux-x86_64, r-release-linux-x86_64, r-release-macos-arm64, r-release-macos-x86_64, r-release-windows-x86_64, r-oldrel-macos-arm64, r-oldrel-windows-x86_64