CRAN Package Check Results for Package argonR

Last updated on 2023-06-08 05:58:03 CEST.

Flavor Version Tinstall Tcheck Ttotal Status Flags
r-devel-linux-x86_64-debian-clang 0.2.0 2.68 32.34 35.02 NOTE
r-devel-linux-x86_64-debian-gcc 0.2.0 2.84 25.00 27.84 NOTE
r-devel-linux-x86_64-fedora-clang 0.2.0 47.16 NOTE
r-devel-linux-x86_64-fedora-gcc 0.2.0 56.05 NOTE
r-devel-windows-x86_64 0.2.0 7.00 55.00 62.00 NOTE
r-patched-linux-x86_64 0.2.0 4.44 31.11 35.55 NOTE
r-release-linux-x86_64 0.2.0 3.49 31.17 34.66 NOTE
r-release-macos-arm64 0.2.0 27.00 NOTE
r-release-macos-x86_64 0.2.0 37.00 NOTE
r-release-windows-x86_64 0.2.0 7.00 59.00 66.00 NOTE
r-oldrel-macos-arm64 0.2.0 23.00 NOTE
r-oldrel-macos-x86_64 0.2.0 26.00 NOTE
r-oldrel-windows-x86_64 0.2.0 7.00 53.00 60.00 NOTE

Check Details

Version: 0.2.0
Check: LazyData
Result: NOTE
     'LazyData' is specified without a 'data' directory
Flavors: r-devel-linux-x86_64-debian-clang, r-devel-linux-x86_64-debian-gcc, r-devel-linux-x86_64-fedora-clang, r-devel-linux-x86_64-fedora-gcc, r-devel-windows-x86_64, r-patched-linux-x86_64, r-release-linux-x86_64, r-release-macos-arm64, r-release-macos-x86_64, r-release-windows-x86_64, r-oldrel-macos-arm64, r-oldrel-macos-x86_64, r-oldrel-windows-x86_64