CRAN Package Check Results for Package argonDash

Last updated on 2023-06-09 11:57:17 CEST.

Flavor Version Tinstall Tcheck Ttotal Status Flags
r-devel-linux-x86_64-debian-clang 0.2.0 2.98 26.30 29.28 NOTE
r-devel-linux-x86_64-debian-gcc 0.2.0 2.26 19.95 22.21 NOTE
r-devel-linux-x86_64-fedora-clang 0.2.0 36.25 NOTE
r-devel-linux-x86_64-fedora-gcc 0.2.0 33.60 NOTE
r-devel-windows-x86_64 0.2.0 6.00 51.00 57.00 NOTE
r-patched-linux-x86_64 0.2.0 7.44 24.77 32.21 NOTE
r-release-linux-x86_64 0.2.0 3.04 24.70 27.74 NOTE
r-release-macos-arm64 0.2.0 19.00 NOTE
r-release-macos-x86_64 0.2.0 24.00 NOTE
r-release-windows-x86_64 0.2.0 6.00 48.00 54.00 NOTE
r-oldrel-macos-arm64 0.2.0 18.00 NOTE
r-oldrel-macos-x86_64 0.2.0 27.00 NOTE
r-oldrel-windows-x86_64 0.2.0 6.00 47.00 53.00 NOTE

Check Details

Version: 0.2.0
Check: LazyData
Result: NOTE
     'LazyData' is specified without a 'data' directory
Flavors: r-devel-linux-x86_64-debian-clang, r-devel-linux-x86_64-debian-gcc, r-devel-linux-x86_64-fedora-clang, r-devel-linux-x86_64-fedora-gcc, r-devel-windows-x86_64, r-patched-linux-x86_64, r-release-linux-x86_64, r-release-macos-arm64, r-release-macos-x86_64, r-release-windows-x86_64, r-oldrel-macos-arm64, r-oldrel-macos-x86_64, r-oldrel-windows-x86_64