Last updated on 2024-04-24 06:19:07 CEST.
Flavor | Version | Tinstall | Tcheck | Ttotal | Status | Flags |
---|---|---|---|---|---|---|
r-devel-linux-x86_64-debian-clang | 0.2.0 | 3.26 | 25.95 | 29.21 | NOTE | |
r-devel-linux-x86_64-debian-gcc | 0.2.0 | 2.46 | 20.36 | 22.82 | NOTE | |
r-devel-linux-x86_64-fedora-clang | 0.2.0 | 37.49 | NOTE | |||
r-devel-linux-x86_64-fedora-gcc | 0.2.0 | 36.21 | NOTE | |||
r-prerel-macos-arm64 | 0.2.0 | 16.00 | NOTE | |||
r-prerel-windows-x86_64 | 0.2.0 | 6.00 | 49.00 | 55.00 | NOTE | |
r-patched-linux-x86_64 | 0.2.0 | 6.84 | 25.03 | 31.87 | NOTE | |
r-release-linux-x86_64 | 0.2.0 | 3.17 | 25.35 | 28.52 | NOTE | |
r-release-macos-arm64 | 0.2.0 | 19.00 | NOTE | |||
r-release-macos-x86_64 | 0.2.0 | 24.00 | NOTE | |||
r-release-windows-x86_64 | 0.2.0 | 6.00 | 49.00 | 55.00 | NOTE | |
r-oldrel-macos-arm64 | 0.2.0 | 18.00 | NOTE | |||
r-oldrel-windows-x86_64 | 0.2.0 | 6.00 | 49.00 | 55.00 | NOTE |
Version: 0.2.0
Check: LazyData
Result: NOTE
'LazyData' is specified without a 'data' directory
Flavors: r-devel-linux-x86_64-debian-clang, r-devel-linux-x86_64-debian-gcc, r-devel-linux-x86_64-fedora-clang, r-devel-linux-x86_64-fedora-gcc, r-prerel-macos-arm64, r-prerel-windows-x86_64, r-patched-linux-x86_64, r-release-linux-x86_64, r-release-macos-arm64, r-release-macos-x86_64, r-release-windows-x86_64, r-oldrel-macos-arm64, r-oldrel-windows-x86_64