Last updated on 2024-04-23 05:58:04 CEST.
Flavor | Version | Tinstall | Tcheck | Ttotal | Status | Flags |
---|---|---|---|---|---|---|
r-devel-linux-x86_64-debian-clang | 1.3.0 | 16.92 | 258.40 | 275.32 | NOTE | |
r-devel-linux-x86_64-debian-gcc | 1.3.0 | 12.27 | 179.48 | 191.75 | NOTE | |
r-devel-linux-x86_64-fedora-clang | 1.3.0 | 336.13 | NOTE | |||
r-devel-linux-x86_64-fedora-gcc | 1.3.0 | 338.86 | NOTE | |||
r-prerel-macos-arm64 | 1.3.0 | 142.00 | NOTE | |||
r-prerel-windows-x86_64 | 1.3.0 | 13.00 | 148.00 | 161.00 | NOTE | |
r-patched-linux-x86_64 | 1.3.0 | 17.00 | 242.53 | 259.53 | NOTE | |
r-release-linux-x86_64 | 1.3.0 | 12.08 | 220.75 | 232.83 | OK | |
r-release-macos-arm64 | 1.3.0 | 86.00 | OK | |||
r-release-macos-x86_64 | 1.3.0 | 173.00 | OK | |||
r-release-windows-x86_64 | 1.3.0 | 17.00 | 196.00 | 213.00 | OK | |
r-oldrel-macos-arm64 | 1.3.0 | 142.00 | OK | |||
r-oldrel-windows-x86_64 | 1.3.0 | 18.00 | 198.00 | 216.00 | OK |
Version: 1.3.0
Check: Rd files
Result: NOTE
checkRd: (-1) find_closer_points.Rd:41: Lost braces
41 | \item rows_closer_matrix, a matrix with ]code{npoints} rows which are closer to each archetype
| ^
Flavors: r-devel-linux-x86_64-debian-clang, r-devel-linux-x86_64-debian-gcc, r-devel-linux-x86_64-fedora-clang, r-devel-linux-x86_64-fedora-gcc, r-prerel-macos-arm64, r-prerel-windows-x86_64, r-patched-linux-x86_64