Last updated on 2025-02-21 11:50:36 CET.
Flavor | Version | Tinstall | Tcheck | Ttotal | Status | Flags |
---|---|---|---|---|---|---|
r-devel-linux-x86_64-debian-clang | 0.1.1 | 345.67 | 20.55 | 366.22 | OK | |
r-devel-linux-x86_64-debian-gcc | 0.1.1 | 280.93 | 16.87 | 297.80 | OK | |
r-devel-linux-x86_64-fedora-clang | 0.1.1 | 600.48 | OK | |||
r-devel-linux-x86_64-fedora-gcc | 0.1.1 | 597.30 | OK | |||
r-devel-macos-arm64 | 0.1.1 | 166.00 | OK | |||
r-devel-macos-x86_64 | 0.1.1 | 307.00 | OK | |||
r-devel-windows-x86_64 | 0.1.1 | 352.00 | 59.00 | 411.00 | OK | |
r-patched-linux-x86_64 | 0.1.1 | 349.45 | 19.75 | 369.20 | OK | |
r-release-linux-x86_64 | 0.1.1 | 353.09 | 19.95 | 373.04 | OK | |
r-release-macos-arm64 | 0.1.1 | 155.00 | NOTE | |||
r-release-macos-x86_64 | 0.1.1 | 222.00 | NOTE | |||
r-release-windows-x86_64 | 0.1.1 | 355.00 | 58.00 | 413.00 | OK | |
r-oldrel-macos-arm64 | 0.1.1 | 165.00 | NOTE | |||
r-oldrel-macos-x86_64 | 0.1.1 | 265.00 | NOTE | |||
r-oldrel-windows-x86_64 | 0.1.1 | 422.00 | 63.00 | 485.00 | OK |
Version: 0.1.1
Check: installed package size
Result: NOTE
installed size is 5.2Mb
sub-directories of 1Mb or more:
libs 5.0Mb
Flavors: r-release-macos-arm64, r-release-macos-x86_64, r-oldrel-macos-arm64, r-oldrel-macos-x86_64