CRAN Package Check Results for Package arc

Last updated on 2024-07-22 06:49:02 CEST.

Flavor Version Tinstall Tcheck Ttotal Status Flags
r-devel-linux-x86_64-debian-clang 1.4 11.14 98.42 109.56 OK
r-devel-linux-x86_64-debian-gcc 1.4 7.62 72.72 80.34 NOTE
r-devel-linux-x86_64-fedora-clang 1.4 134.02 OK
r-devel-linux-x86_64-fedora-gcc 1.4 127.48 OK
r-devel-windows-x86_64 1.4 11.00 86.00 97.00 NOTE
r-patched-linux-x86_64 1.4 13.24 92.82 106.06 OK
r-release-linux-x86_64 1.4 10.66 92.86 103.52 OK
r-release-macos-arm64 1.4 39.00 OK
r-release-macos-x86_64 1.4 63.00 OK
r-release-windows-x86_64 1.4 9.00 86.00 95.00 OK
r-oldrel-macos-arm64 1.4 45.00 OK
r-oldrel-macos-x86_64 1.4 82.00 OK
r-oldrel-windows-x86_64 1.4 10.00 102.00 112.00 OK

Check Details

Version: 1.4
Check: Rd cross-references
Result: NOTE Found the following Rd file(s) with Rd \link{} targets missing package anchors: prune.Rd: rules Please provide package anchors for all Rd \link{} targets not in the package itself and the base packages. Flavors: r-devel-linux-x86_64-debian-gcc, r-devel-windows-x86_64