Last updated on 2022-06-27 12:53:23 CEST.
Flavor | Version | Tinstall | Tcheck | Ttotal | Status | Flags |
---|---|---|---|---|---|---|
r-devel-linux-x86_64-debian-clang | 2.3.1 | 16.94 | 201.89 | 218.83 | OK | |
r-devel-linux-x86_64-debian-gcc | 2.3.1 | 16.83 | 151.45 | 168.28 | OK | |
r-devel-linux-x86_64-fedora-clang | 2.3.1 | 272.30 | NOTE | |||
r-devel-linux-x86_64-fedora-gcc | 2.3.1 | 272.18 | OK | |||
r-devel-windows-x86_64 | 2.3.1 | 60.00 | 251.00 | 311.00 | NOTE | |
r-patched-linux-x86_64 | 2.3.1 | 20.05 | 191.25 | 211.30 | OK | |
r-release-linux-x86_64 | 2.3.1 | 21.69 | 194.38 | 216.07 | OK | |
r-release-macos-arm64 | 2.3.1 | 77.00 | NOTE | |||
r-release-macos-x86_64 | 2.3.1 | 106.00 | NOTE | |||
r-release-windows-x86_64 | 2.3.1 | 64.00 | 251.00 | 315.00 | NOTE | |
r-oldrel-macos-arm64 | 2.3.1 | 70.00 | NOTE | |||
r-oldrel-macos-x86_64 | 2.3.1 | 105.00 | NOTE | |||
r-oldrel-windows-ix86+x86_64 | 2.3.1 | 38.00 | 239.00 | 277.00 | NOTE |
Version: 2.3.1
Check: installed package size
Result: NOTE
installed size is 6.8Mb
sub-directories of 1Mb or more:
extdata 5.4Mb
Flavors: r-devel-linux-x86_64-fedora-clang, r-devel-windows-x86_64, r-release-macos-arm64, r-release-macos-x86_64, r-release-windows-x86_64, r-oldrel-macos-arm64, r-oldrel-macos-x86_64, r-oldrel-windows-ix86+x86_64