CRAN Package Check Results for Package approxOT

Last updated on 2022-06-28 21:51:15 CEST.

Flavor Version Tinstall Tcheck Ttotal Status Flags
r-devel-linux-x86_64-debian-clang 1.0.2 279.93 90.40 370.33 OK
r-devel-linux-x86_64-debian-gcc 1.0.2 230.69 64.18 294.87 OK
r-devel-linux-x86_64-fedora-clang 1.0.2 605.41 NOTE
r-devel-linux-x86_64-fedora-gcc 1.0.2 515.97 OK
r-devel-windows-x86_64 1.0.2 167.00 131.00 298.00 OK
r-patched-linux-x86_64 1.0.2 254.23 90.88 345.11 OK
r-release-linux-x86_64 1.0.2 256.64 90.50 347.14 OK
r-release-macos-arm64 1.0.2 121.00 NOTE
r-release-macos-x86_64 1.0.2 157.00 NOTE
r-release-windows-x86_64 1.0.2 229.00 134.00 363.00 OK
r-oldrel-macos-arm64 1.0.2 123.00 NOTE
r-oldrel-macos-x86_64 1.0.2 151.00 NOTE
r-oldrel-windows-ix86+x86_64 1.0.2 717.00 214.00 931.00 OK

Check Details

Version: 1.0.2
Check: installed package size
Result: NOTE
     installed size is 30.4Mb
     sub-directories of 1Mb or more:
     libs 30.0Mb
Flavors: r-devel-linux-x86_64-fedora-clang, r-release-macos-arm64, r-release-macos-x86_64, r-oldrel-macos-arm64, r-oldrel-macos-x86_64