Last updated on 2024-04-19 11:56:38 CEST.
Flavor | Version | Tinstall | Tcheck | Ttotal | Status | Flags |
---|---|---|---|---|---|---|
r-devel-linux-x86_64-debian-clang | 0.2 | 4.77 | 79.89 | 84.66 | NOTE | |
r-devel-linux-x86_64-debian-gcc | 0.2 | NOTE | ||||
r-devel-linux-x86_64-fedora-clang | 0.2 | 105.57 | NOTE | |||
r-devel-linux-x86_64-fedora-gcc | 0.2 | 113.30 | NOTE | |||
r-prerel-macos-arm64 | 0.2 | 37.00 | NOTE | |||
r-prerel-windows-x86_64 | 0.2 | 8.00 | 86.00 | 94.00 | NOTE | |
r-patched-linux-x86_64 | 0.2 | 5.08 | 75.75 | 80.83 | NOTE | |
r-release-linux-x86_64 | 0.2 | 4.59 | 75.14 | 79.73 | OK | |
r-release-macos-arm64 | 0.2 | 56.00 | OK | |||
r-release-macos-x86_64 | 0.2 | 110.00 | OK | |||
r-release-windows-x86_64 | 0.2 | 9.00 | 98.00 | 107.00 | OK | |
r-oldrel-macos-arm64 | 0.2 | 49.00 | OK | |||
r-oldrel-windows-x86_64 | 0.2 | 9.00 | 94.00 | 103.00 | OK |
Version: 0.2
Check: Rd files
Result: NOTE
checkRd: (-1) predict_adjust.Rd:77: Lost braces in \itemize; \value handles \item{}{} directly
checkRd: (-1) predict_adjust.Rd:78: Lost braces in \itemize; \value handles \item{}{} directly
checkRd: (-1) predict_adjust.Rd:79: Lost braces in \itemize; \value handles \item{}{} directly
checkRd: (-1) predict_adjust.Rd:80: Lost braces in \itemize; \value handles \item{}{} directly
checkRd: (-1) print.predict_adjust.Rd:32: Lost braces in \itemize; \value handles \item{}{} directly
checkRd: (-1) print.predict_adjust.Rd:33: Lost braces in \itemize; \value handles \item{}{} directly
checkRd: (-1) print.predict_adjust.Rd:34: Lost braces in \itemize; \value handles \item{}{} directly
checkRd: (-1) print.predict_adjust.Rd:35: Lost braces in \itemize; \value handles \item{}{} directly
Flavors: r-devel-linux-x86_64-debian-clang, r-devel-linux-x86_64-debian-gcc, r-devel-linux-x86_64-fedora-clang, r-devel-linux-x86_64-fedora-gcc, r-prerel-macos-arm64, r-prerel-windows-x86_64, r-patched-linux-x86_64