Last updated on 2023-03-31 03:52:21 CEST.
Flavor | Version | Tinstall | Tcheck | Ttotal | Status | Flags |
---|---|---|---|---|---|---|
r-devel-linux-x86_64-debian-clang | 0.3-2 | 82.56 | 207.79 | 290.35 | NOTE | |
r-devel-linux-x86_64-debian-gcc | 0.3-2 | 59.71 | 156.69 | 216.40 | NOTE | |
r-devel-linux-x86_64-fedora-clang | 0.3-2 | 375.54 | NOTE | |||
r-devel-linux-x86_64-fedora-gcc | 0.3-2 | 359.61 | NOTE | |||
r-devel-windows-x86_64 | 0.3-2 | 106.00 | 271.00 | 377.00 | NOTE | |
r-patched-linux-x86_64 | 0.3-2 | 68.08 | 197.90 | 265.98 | NOTE | |
r-release-linux-x86_64 | 0.3-2 | 62.30 | 192.52 | 254.82 | OK | |
r-release-macos-arm64 | 0.3-2 | 85.00 | OK | |||
r-release-macos-x86_64 | 0.3-2 | 132.00 | OK | |||
r-release-windows-x86_64 | 0.3-2 | 95.00 | 267.00 | 362.00 | OK | |
r-oldrel-macos-arm64 | 0.3-2 | 86.00 | OK | |||
r-oldrel-macos-x86_64 | 0.3-2 | 128.00 | OK | |||
r-oldrel-windows-ix86+x86_64 | 0.3-2 | 174.00 | 387.00 | 561.00 | OK |
Version: 0.3-2
Check: C++ specification
Result: NOTE
Specified C++11: please drop specification unless essential
Flavors: r-devel-linux-x86_64-debian-clang, r-devel-linux-x86_64-debian-gcc, r-devel-linux-x86_64-fedora-clang, r-devel-linux-x86_64-fedora-gcc, r-devel-windows-x86_64, r-patched-linux-x86_64