Last updated on 2023-03-20 21:57:42 CET.
Flavor | Version | Tinstall | Tcheck | Ttotal | Status | Flags |
---|---|---|---|---|---|---|
r-devel-linux-x86_64-debian-clang | 2.0.0 | OK | ||||
r-devel-linux-x86_64-debian-gcc | 2.0.0 | 16.49 | 442.44 | 458.93 | OK | |
r-devel-linux-x86_64-fedora-clang | 2.0.0 | 737.47 | NOTE | |||
r-devel-linux-x86_64-fedora-gcc | 2.0.0 | 724.76 | NOTE | |||
r-devel-windows-x86_64 | 2.0.0 | 34.00 | 760.00 | 794.00 | OK | |
r-patched-linux-x86_64 | 2.0.0 | 28.73 | 565.23 | 593.96 | OK | |
r-release-linux-x86_64 | 2.0.0 | 22.30 | 568.51 | 590.81 | OK | |
r-release-macos-arm64 | 2.0.0 | 355.00 | NOTE | |||
r-release-macos-x86_64 | 2.0.0 | 586.00 | NOTE | |||
r-release-windows-x86_64 | 2.0.0 | 45.00 | 704.00 | 749.00 | OK | |
r-oldrel-macos-arm64 | 2.0.0 | 468.00 | NOTE | |||
r-oldrel-macos-x86_64 | 2.0.0 | 820.00 | NOTE | |||
r-oldrel-windows-ix86+x86_64 | 2.0.0 | 42.00 | 699.00 | 741.00 | OK |
Version: 2.0.0
Check: dependencies in R code
Result: NOTE
Namespaces in Imports field not imported from:
‘AER’ ‘ChainLadder’ ‘ISLR’ ‘ggplot2’
All declared Imports should be used.
Flavors: r-devel-linux-x86_64-fedora-clang, r-devel-linux-x86_64-fedora-gcc, r-release-macos-arm64, r-release-macos-x86_64, r-oldrel-macos-arm64, r-oldrel-macos-x86_64