CRAN Package Check Results for Package apa

Last updated on 2023-03-21 03:54:15 CET.

Flavor Version Tinstall Tcheck Ttotal Status Flags
r-devel-linux-x86_64-debian-clang 0.3.3 NOTE
r-devel-linux-x86_64-debian-gcc 0.3.3 4.93 50.13 55.06 ERROR
r-devel-linux-x86_64-fedora-clang 0.3.3 97.36 NOTE
r-devel-linux-x86_64-fedora-gcc 0.3.3 94.60 NOTE
r-devel-windows-x86_64 0.3.3 15.00 92.00 107.00 NOTE
r-patched-linux-x86_64 0.3.3 7.01 64.10 71.11 NOTE
r-release-linux-x86_64 0.3.3 5.55 63.55 69.10 NOTE
r-release-macos-arm64 0.3.3 31.00 NOTE
r-release-macos-x86_64 0.3.3 57.00 NOTE
r-release-windows-x86_64 0.3.3 21.00 107.00 128.00 NOTE
r-oldrel-macos-arm64 0.3.3 32.00 NOTE
r-oldrel-macos-x86_64 0.3.3 54.00 NOTE
r-oldrel-windows-ix86+x86_64 0.3.3 17.00 92.00 109.00 NOTE

Check Details

Version: 0.3.3
Check: LazyData
Result: NOTE
     'LazyData' is specified without a 'data' directory
Flavors: r-devel-linux-x86_64-debian-clang, r-devel-linux-x86_64-debian-gcc, r-devel-linux-x86_64-fedora-clang, r-devel-linux-x86_64-fedora-gcc, r-devel-windows-x86_64, r-patched-linux-x86_64, r-release-linux-x86_64, r-release-macos-arm64, r-release-macos-x86_64, r-release-windows-x86_64, r-oldrel-macos-arm64, r-oldrel-macos-x86_64, r-oldrel-windows-ix86+x86_64

Version: 0.3.3
Check: tests
Result: ERROR
     Running ‘testthat.R’ [7s/12s]
    Running the tests in ‘tests/testthat.R’ failed.
    Complete output:
     > library(testthat)
     > library(apa)
     >
     > test_check("apa")
     [ FAIL 2 | WARN 8 | SKIP 0 | PASS 105 ]
    
     ══ Failed tests ════════════════════════════════════════════════════════════════
     ── Error ('test-anova-apa.R:135:3'): Output for anova_apa: repeated-measures ANOVA ──
     Error in `vectbl_assign(x[[j]], i, recycled_value[[j]])`: DLL requires the use of native symbols
     Backtrace:
     ▆
     1. └─apa::anova_apa(...) at test-anova-apa.R:135:2
     2. └─apa:::anova_apa_afex(...)
     3. ├─tbl[tbl$effects %in% mauchlys, c("df_n", "df_d")] %<>% ...
     4. ├─base::`[<-`(...)
     5. └─tibble:::`[<-.tbl_df`(...)
     6. └─tibble:::tbl_subassign(x, i, j, value, i_arg, j_arg, substitute(value))
     7. └─tibble:::tbl_subassign_row(xj, i, value, i_arg, value_arg, call)
     8. ├─base::withCallingHandlers(...)
     9. └─tibble:::vectbl_assign(x[[j]], i, recycled_value[[j]])
     ── Error ('test-anova-apa.R:181:3'): Output for anova_apa: factorial repeated-measures ANOVA ──
     Error in `vectbl_assign(x[[j]], i, recycled_value[[j]])`: DLL requires the use of native symbols
     Backtrace:
     ▆
     1. └─apa::anova_apa(...) at test-anova-apa.R:181:2
     2. └─apa:::anova_apa_afex(...)
     3. ├─tbl[tbl$effects %in% mauchlys, c("df_n", "df_d")] %<>% ...
     4. ├─base::`[<-`(...)
     5. └─tibble:::`[<-.tbl_df`(...)
     6. └─tibble:::tbl_subassign(x, i, j, value, i_arg, j_arg, substitute(value))
     7. └─tibble:::tbl_subassign_row(xj, i, value, i_arg, value_arg, call)
     8. ├─base::withCallingHandlers(...)
     9. └─tibble:::vectbl_assign(x[[j]], i, recycled_value[[j]])
    
     [ FAIL 2 | WARN 8 | SKIP 0 | PASS 105 ]
     Error: Test failures
     Execution halted
Flavor: r-devel-linux-x86_64-debian-gcc