Last updated on 2024-03-19 06:55:13 CET.
Flavor | Version | Tinstall | Tcheck | Ttotal | Status | Flags |
---|---|---|---|---|---|---|
r-devel-linux-x86_64-debian-clang | 0.1.3 | 231.99 | 194.18 | 426.17 | OK | |
r-devel-linux-x86_64-debian-gcc | 0.1.3 | 181.63 | 142.49 | 324.12 | OK | |
r-devel-linux-x86_64-fedora-clang | 0.1.3 | 599.15 | OK | |||
r-devel-linux-x86_64-fedora-gcc | 0.1.3 | 602.11 | OK | |||
r-devel-windows-x86_64 | 0.1.3 | 172.00 | 162.00 | 334.00 | OK | |
r-patched-linux-x86_64 | 0.1.3 | 202.23 | 183.46 | 385.69 | OK | |
r-release-linux-x86_64 | 0.1.3 | 218.27 | 182.49 | 400.76 | OK | |
r-release-macos-arm64 | 0.1.3 | 117.00 | NOTE | |||
r-release-macos-x86_64 | 0.1.3 | 235.00 | NOTE | |||
r-release-windows-x86_64 | 0.1.3 | 215.00 | 192.00 | 407.00 | OK | |
r-oldrel-macos-arm64 | 0.1.3 | 114.00 | NOTE | |||
r-oldrel-windows-x86_64 | 0.1.3 | 206.00 | 184.00 | 390.00 | OK |
Version: 0.1.3
Check: installed package size
Result: NOTE
installed size is 10.4Mb
sub-directories of 1Mb or more:
libs 9.0Mb
Flavors: r-release-macos-arm64, r-release-macos-x86_64, r-oldrel-macos-arm64