CRAN Package Check Results for Package aods3

Last updated on 2021-05-09 12:49:30 CEST.

Flavor Version Tinstall Tcheck Ttotal Status Flags
r-devel-linux-x86_64-debian-clang 0.4-1.1 9.03 74.43 83.46 NOTE
r-devel-linux-x86_64-debian-gcc 0.4-1.1 8.09 57.50 65.59 NOTE
r-devel-linux-x86_64-fedora-clang 0.4-1.1 111.72 NOTE
r-devel-linux-x86_64-fedora-gcc 0.4-1.1 103.61 NOTE
r-devel-windows-ix86+x86_64 0.4-1.1 17.00 94.00 111.00 NOTE
r-devel-windows-x86_64-gcc10-UCRT 0.4-1.1 NOTE
r-patched-linux-x86_64 0.4-1.1 9.77 72.98 82.75 NOTE
r-patched-solaris-x86 0.4-1.1 146.50 NOTE
r-release-linux-x86_64 0.4-1.1 9.78 70.32 80.10 NOTE
r-release-macos-x86_64 0.4-1.1 NOTE
r-release-windows-ix86+x86_64 0.4-1.1 14.00 73.00 87.00 NOTE
r-oldrel-macos-x86_64 0.4-1.1 NOTE

Check Details

Version: 0.4-1.1
Check: dependencies in R code
Result: NOTE
    Packages in Depends field not imported from:
     'boot' 'lme4'
     These packages need to be imported from (in the NAMESPACE file)
     for when this namespace is loaded but not attached.
Flavors: r-devel-linux-x86_64-debian-clang, r-devel-linux-x86_64-debian-gcc, r-devel-linux-x86_64-fedora-clang, r-devel-linux-x86_64-fedora-gcc, r-devel-windows-ix86+x86_64, r-devel-windows-x86_64-gcc10-UCRT, r-patched-linux-x86_64, r-patched-solaris-x86, r-release-linux-x86_64, r-release-macos-x86_64, r-release-windows-ix86+x86_64, r-oldrel-macos-x86_64