Last updated on 2024-04-19 21:56:22 CEST.
Flavor | Version | Tinstall | Tcheck | Ttotal | Status | Flags |
---|---|---|---|---|---|---|
r-devel-linux-x86_64-debian-clang | 0.3.9 | 24.05 | 39.17 | 63.22 | NOTE | |
r-devel-linux-x86_64-debian-gcc | 0.3.9 | NOTE | ||||
r-devel-linux-x86_64-fedora-clang | 0.3.9 | 85.02 | NOTE | |||
r-devel-linux-x86_64-fedora-gcc | 0.3.9 | 99.01 | NOTE | |||
r-prerel-macos-arm64 | 0.3.9 | 34.00 | NOTE | |||
r-prerel-windows-x86_64 | 0.3.9 | 26.00 | 80.00 | 106.00 | NOTE | |
r-patched-linux-x86_64 | 0.3.9 | 24.53 | 38.21 | 62.74 | NOTE | |
r-release-linux-x86_64 | 0.3.9 | 26.31 | 36.84 | 63.15 | NOTE | |
r-release-macos-arm64 | 0.3.9 | 38.00 | NOTE | |||
r-release-macos-x86_64 | 0.3.9 | 57.00 | NOTE | |||
r-release-windows-x86_64 | 0.3.9 | 30.00 | 85.00 | 115.00 | NOTE | |
r-oldrel-macos-arm64 | 0.3.9 | 31.00 | OK | |||
r-oldrel-windows-x86_64 | 0.3.9 | 31.00 | 85.00 | 116.00 | OK |
Version: 0.3.9
Check: C++ specification
Result: NOTE
Specified C++11: please drop specification unless essential
Flavors: r-devel-linux-x86_64-debian-clang, r-devel-linux-x86_64-debian-gcc, r-devel-linux-x86_64-fedora-clang, r-devel-linux-x86_64-fedora-gcc, r-prerel-macos-arm64, r-prerel-windows-x86_64, r-patched-linux-x86_64, r-release-linux-x86_64, r-release-macos-arm64, r-release-macos-x86_64, r-release-windows-x86_64