CRAN Package Check Results for Package antaresEditObject

Last updated on 2025-02-01 12:48:21 CET.

Flavor Version Tinstall Tcheck Ttotal Status Flags
r-devel-linux-x86_64-debian-clang 0.7.1 14.36 240.93 255.29 ERROR
r-devel-linux-x86_64-debian-gcc 0.7.1 9.49 165.03 174.52 ERROR
r-devel-linux-x86_64-fedora-clang 0.7.1 385.48 OK
r-devel-linux-x86_64-fedora-gcc 0.7.1 360.72 OK
r-devel-windows-x86_64 0.7.1 16.00 273.00 289.00 OK
r-patched-linux-x86_64 0.7.1 13.57 201.46 215.03 OK
r-release-linux-x86_64 0.7.1 11.23 202.01 213.24 OK
r-release-macos-arm64 0.7.1 117.00 OK
r-release-macos-x86_64 0.7.1 213.00 OK
r-release-windows-x86_64 0.7.1 17.00 269.00 286.00 OK
r-oldrel-macos-arm64 0.7.1 111.00 OK
r-oldrel-macos-x86_64 0.7.1 180.00 OK
r-oldrel-windows-x86_64 0.7.1 20.00 323.00 343.00 OK

Check Details

Version: 0.7.1
Check: tests
Result: ERROR Running ‘testthat.R’ [133s/133s] Running the tests in ‘tests/testthat.R’ failed. Complete output: > #Copyright © 2016 RTE Réseau de transport d’électricité > > # CRAN limite CPU usage > data.table::setDTthreads(2) > > library(testthat) > library(antaresEditObject) Loading required package: antaresRead > > test_check("antaresEditObject") New/existing group : 'default' will be created/updated with dimension : [10] New/existing group : 'new_group' will be created/updated with dimension : [3] New/existing group : 'group_test' will be created/updated with dimension : [10] Study successfully deleted Study successfully deletedTime difference of 0.4016945 secs Time difference of 1.222385 secs Importing st-storage | | | 0% | |======================================================================| 100% Importing st-storage | | | 0% | |======================================================================| 100% Study successfully deleted There were no binding constraints in this study New/existing group : 'group_test' will be created/updated with dimension : [10] There were no binding constraints in this study Study successfully deletedImporting st-storage | | | 0% | |======================================================================| 100% Study successfully deleted Study successfully deletedThe following lines will be removed from scenariobuilder.dat l,a,0 = 1 l,a,0 = 1 l,a,0 = 2 l,a,0 = 3 l,a,0 = 4 l,a,0 = 5 l,a,0 = 6 l,a,0 = 7 l,a,0 = 8 l,a,0 = 9 ✓ Scenario Builder deduplicated The following lines will be removed from scenariobuilder.dat l,a,0 = 1 l,a,0 = 1 l,a,0 = 2 l,a,0 = 3 l,a,0 = 4 l,a,0 = 5 l,a,0 = 6 l,a,0 = 7 l,a,0 = 8 l,a,0 = 9 l,a,0 = 10 ✓ Scenario Builder deduplicated Study successfully deletedImporting mingen | | | 0% | |======================================================================| 100% Importing hydroStorageMaxPower | | | 0% | |======================================================================| 100% Importing mingen | | | 0% | |======================================================================| 100% Importing hydroStorage | | | 0% | |======================================================================| 100% Importing mingen | | | 0% | |======================================================================| 100% Importing hydroStorage | | | 0% | |======================================================================| 100% Importing mingen | | | 0% | |======================================================================| 100% Importing hydroStorage | | | 0% | |======================================================================| 100% Importing mingen | | | 0% | |======================================================================| 100% Importing hydroStorage | | | 0% | |======================================================================| 100% Importing mingen | | | 0% | |======================================================================| 100% Importing hydroStorage | | | 0% | |======================================================================| 100% Importing mingen | | | 0% | |======================================================================| 100% Importing hydroStorage | | | 0% | |======================================================================| 100% Importing mingen | | | 0% | |======================================================================| 100% Importing hydroStorage | | | 0% | |======================================================================| 100% Importing mingen | | | 0% | |======================================================================| 100% Importing hydroStorage | | | 0% | |======================================================================| 100% Importing mingen | | | 0% | |======================================================================| 100% Importing hydroStorageMaxPower | | | 0% | |======================================================================| 100% Importing mingen | | | 0% | |======================================================================| 100% Importing hydroStorage | | | 0% | |======================================================================| 100% Importing mingen | | | 0% | |======================================================================| 100% Importing hydroStorage | | | 0% | |======================================================================| 100% Importing mingen | | | 0% | |======================================================================| 100% Importing hydroStorage | | | 0% | |======================================================================| 100% Importing mingen | | | 0% | |======================================================================| 100% Importing hydroStorage | | | 0% | |======================================================================| 100% Importing mingen | | | 0% | |======================================================================| 100% Importing hydroStorage | | | 0% | |======================================================================| 100% Importing mingen | | | 0% | |======================================================================| 100% Importing hydroStorageMaxPower | | | 0% | |======================================================================| 100% Importing mingen | | | 0% | |======================================================================| 100% Importing hydroStorage | | | 0% | |======================================================================| 100% Importing mingen | | | 0% | |======================================================================| 100% Importing hydroStorage | | | 0% | |======================================================================| 100% Importing mingen | | | 0% | |======================================================================| 100% Importing hydroStorage | | | 0% | |======================================================================| 100% Importing mingen | | | 0% | |======================================================================| 100% Importing hydroStorage | | | 0% | |======================================================================| 100% Importing mingen | | | 0% | |======================================================================| 100% Importing hydroStorageMaxPower | | | 0% | |======================================================================| 100% Importing mingen | | | 0% | |======================================================================| 100% Importing hydroStorage | | | 0% | |======================================================================| 100% Importing mingen | | | 0% | |======================================================================| 100% Importing hydroStorageMaxPower | | | 0% | |======================================================================| 100% Importing mingen | | | 0% | |======================================================================| 100% Importing hydroStorage | | | 0% | |======================================================================| 100% Importing mingen | | | 0% | |======================================================================| 100% Importing hydroStorageMaxPower | | | 0% | |======================================================================| 100% Importing mingen | | | 0% | |======================================================================| 100% Importing hydroStorageMaxPower | | | 0% | |======================================================================| 100% Data does not respect the hourly condition. You must check input/hydro/series/zone51/mingen.txt and input/hydro/common/capacity/maxpower_zone51.txt Importing mingen | | | 0% | |======================================================================| 100% Importing hydroStorage | | | 0% | |======================================================================| 100% Importing mingen | | | 0% | |======================================================================| 100% Importing hydroStorageMaxPower | | | 0% | |======================================================================| 100% Importing mingen | | | 0% | |======================================================================| 100% Importing hydroStorage | | | 0% | |======================================================================| 100% Importing mingen | | | 0% | |======================================================================| 100% Importing hydroStorageMaxPower | | | 0% | |======================================================================| 100% Importing mingen | | | 0% | |======================================================================| 100% Importing hydroStorageMaxPower | | | 0% | |======================================================================| 100% Importing mingen | | | 0% | |======================================================================| 100% Importing hydroStorage | | | 0% | |======================================================================| 100% Importing mingen | | | 0% | |======================================================================| 100% Importing hydroStorage | | | 0% | |======================================================================| 100% Importing mingen | | | 0% | |======================================================================| 100% Importing hydroStorage | | | 0% | |======================================================================| 100% Importing mingen | | | 0% | |======================================================================| 100% Importing hydroStorageMaxPower | | | 0% | |======================================================================| 100% Importing mingen | | | 0% | |======================================================================| 100% Importing hydroStorageMaxPower | | | 0% | |======================================================================| 100% Importing mingen | | | 0% | |======================================================================| 100% Importing hydroStorageMaxPower | | | 0% | |======================================================================| 100% Importing mingen | | | 0% | |======================================================================| 100% Importing hydroStorageMaxPower | | | 0% | |======================================================================| 100% Importing mingen | | | 0% | |======================================================================| 100% Importing hydroStorageMaxPower | | | 0% | |======================================================================| 100% Importing mingen | | | 0% | |======================================================================| 100% Importing hydroStorage | | | 0% | |======================================================================| 100% Importing mingen | | | 0% | |======================================================================| 100% Importing hydroStorageMaxPower | | | 0% | |======================================================================| 100% Importing mingen | | | 0% | |======================================================================| 100% Importing mingen | | | 0% | |======================================================================| 100% Importing hydroStorage | | | 0% | |======================================================================| 100% Importing mingen | | | 0% | |======================================================================| 100% Importing hydroStorageMaxPower | | | 0% | |======================================================================| 100% Importing mingen | | | 0% | |======================================================================| 100% Importing mingen | | | 0% | |======================================================================| 100% Importing hydroStorage | | | 0% | |======================================================================| 100% Importing mingen | | | 0% | |======================================================================| 100% Importing hydroStorage | | | 0% | |======================================================================| 100% Importing mingen | | | 0% | |======================================================================| 100% Importing hydroStorageMaxPower | | | 0% | |======================================================================| 100% Importing mingen | | | 0% | |======================= | 33% | |=============================================== | 67% | |======================================================================| 100% Importing mingen | | | 0% | |======================================================================| 100% Importing hydroStorage | | | 0% | |======================================================================| 100% Importing mingen | | | 0% | |======================================================================| 100% Importing hydroStorageMaxPower | | | 0% | |======================================================================| 100% Importing mingen | | | 0% | |======================= | 33% | |=============================================== | 67% | |======================================================================| 100% Importing mingen | | | 0% | |======================================================================| 100% Importing hydroStorage | | | 0% | |======================================================================| 100% Importing mingen | | | 0% | |======================================================================| 100% Importing hydroStorageMaxPower | | | 0% | |======================================================================| 100% Importing mingen | | | 0% | |======================= | 33% | |=============================================== | 67% | |======================================================================| 100% Importing mingen | | | 0% | |======================================================================| 100% Importing hydroStorage | | | 0% | |======================================================================| 100% Importing mingen | | | 0% | |======================================================================| 100% Importing hydroStorage | | | 0% | |======================================================================| 100% Importing mingen | | | 0% | |======================================================================| 100% Importing hydroStorageMaxPower | | | 0% | |======================================================================| 100% Data does not respect the monthly condition. You must check input/hydro/series/zone51/mingen.txt and input/hydro/series/zone51/mod.txt Importing mingen | | | 0% | |======================================================================| 100% Importing hydroStorageMaxPower | | | 0% | |======================================================================| 100% Importing mingen | | | 0% | |======================================================================| 100% Importing hydroStorage | | | 0% | |======================================================================| 100% Importing mingen | | | 0% | |======================================================================| 100% Importing hydroStorage | | | 0% | |======================================================================| 100% Importing mingen | | | 0% | |======================================================================| 100% Importing hydroStorage | | | 0% | |======================================================================| 100% Data does not respect the annual condition. You must check input/hydro/series/zone51/mingen.txt and input/hydro/series/zone51/mod.txt Importing mingen | | | 0% | |======================================================================| 100% Importing hydroStorage | | | 0% | |======================================================================| 100% Importing mingen | | | 0% | |======================================================================| 100% Importing hydroStorage | | | 0% | |======================================================================| 100% Data does not respect the annual condition. You must check input/hydro/series/zone51/mingen.txt and input/hydro/series/zone51/mod.txt Importing mingen | | | 0% | |======================================================================| 100% Importing hydroStorage | | | 0% | |======================================================================| 100% Importing mingen | | | 0% | |======================================================================| 100% Importing hydroStorageMaxPower | | | 0% | |======================================================================| 100% Importing mingen | | | 0% | |======================================================================| 100% Importing hydroStorage | | | 0% | |======================================================================| 100% Importing mingen | | | 0% | |======================================================================| 100% Importing hydroStorage | | | 0% | |======================================================================| 100% Importing mingen | | | 0% | |======================================================================| 100% Importing hydroStorageMaxPower | | | 0% | |======================================================================| 100% Data does not respect the monthly condition. You must check input/hydro/series/zone51/mingen.txt and input/hydro/series/zone51/mod.txt Importing mingen | | | 0% | |======================================================================| 100% Importing hydroStorage | | | 0% | |======================================================================| 100% Importing mingen | | | 0% | |======================================================================| 100% Importing hydroStorageMaxPower | | | 0% | |======================================================================| 100% Importing mingen | | | 0% | |======================================================================| 100% Importing hydroStorage | | | 0% | |======================================================================| 100% Data does not respect the monthly condition. You must check input/hydro/series/zone51/mingen.txt and input/hydro/series/zone51/mod.txt Importing mingen | | | 0% | |======================================================================| 100% Importing hydroStorage | | | 0% | |======================================================================| 100% Importing mingen | | | 0% | |======================================================================| 100% Importing hydroStorageMaxPower | | | 0% | |======================================================================| 100% Importing mingen | | | 0% | |======================================================================| 100% Importing hydroStorage | | | 0% | |======================================================================| 100% Importing mingen | | | 0% | |======================================================================| 100% Importing hydroStorage | | | 0% | |======================================================================| 100% Importing mingen | | | 0% | |======================================================================| 100% Importing hydroStorageMaxPower | | | 0% | |======================================================================| 100% Data does not respect the weekly condition. You must check input/hydro/series/zone51/mingen.txt and input/hydro/series/zone51/mod.txt Importing mingen | | | 0% | |======================================================================| 100% Importing hydroStorage | | | 0% | |======================================================================| 100% Importing mingen | | | 0% | |======================================================================| 100% Importing hydroStorageMaxPower | | | 0% | |======================================================================| 100% Importing mingen | | | 0% | |======================================================================| 100% Importing hydroStorage | | | 0% | |======================================================================| 100% Data does not respect the weekly condition. You must check input/hydro/series/zone51/mingen.txt and input/hydro/series/zone51/mod.txt Importing mingen | | | 0% | |======================================================================| 100% Importing hydroStorageMaxPower | | | 0% | |======================================================================| 100% Importing mingen | | | 0% | |======================================================================| 100% Importing hydroStorage | | | 0% | |======================================================================| 100% Importing mingen | | | 0% | |======================================================================| 100% Importing hydroStorage | | | 0% | |======================================================================| 100% Importing mingen | | | 0% | |======================================================================| 100% Importing hydroStorage | | | 0% | |======================================================================| 100% Importing mingen | | | 0% | |======================================================================| 100% Importing hydroStorage | | | 0% | |======================================================================| 100% Importing mingen | | | 0% | |======================================================================| 100% Importing hydroStorage | | | 0% | |======================================================================| 100% Importing mingen | | | 0% | |======================================================================| 100% Importing hydroStorage | | | 0% | |======================================================================| 100% Importing mingen | | | 0% | |======================================================================| 100% Importing hydroStorageMaxPower | | | 0% | |======================================================================| 100% Importing mingen | | | 0% | |======================================================================| 100% Importing hydroStorage | | | 0% | |======================================================================| 100% Importing mingen | | | 0% | |======================================================================| 100% Importing hydroStorage | | | 0% | |======================================================================| 100% Importing mingen | | | 0% | |======================================================================| 100% Importing hydroStorageMaxPower | | | 0% | |======================================================================| 100% Importing mingen | | | 0% | |======================================================================| 100% Importing hydroStorage | | | 0% | |======================================================================| 100% Importing mingen | | | 0% | |======================================================================| 100% Importing hydroStorageMaxPower | | | 0% | |======================================================================| 100% Importing mingen | | | 0% | |======================================================================| 100% Importing hydroStorage | | | 0% | |======================================================================| 100% Importing mingen | | | 0% | |======================================================================| 100% Importing hydroStorage | | | 0% | |======================================================================| 100% Importing mingen | | | 0% | |======================================================================| 100% Importing hydroStorageMaxPower | | | 0% | |======================================================================| 100% Importing mingen | | | 0% | |======================================================================| 100% Importing hydroStorage | | | 0% | |======================================================================| 100% Importing mingen | | | 0% | |======================================================================| 100% Importing hydroStorage | | | 0% | |======================================================================| 100% Importing mingen | | | 0% | |======================================================================| 100% Importing hydroStorageMaxPower | | | 0% | |======================================================================| 100% Importing mingen | | | 0% | |======================================================================| 100% Importing hydroStorage | | | 0% | |======================================================================| 100% Importing mingen | | | 0% | |======================================================================| 100% Importing hydroStorageMaxPower | | | 0% | |======================================================================| 100% Importing mingen | | | 0% | |======================================================================| 100% Importing hydroStorage | | | 0% | |======================================================================| 100% Importing mingen | | | 0% | |======================================================================| 100% Importing hydroStorageMaxPower | | | 0% | |======================================================================| 100% Importing mingen | | | 0% | |======================================================================| 100% Importing hydroStorageMaxPower | | | 0% | |======================================================================| 100% Importing mingen | | | 0% | |======================================================================| 100% Importing hydroStorageMaxPower | | | 0% | |======================================================================| 100% Importing mingen | | | 0% | |======================================================================| 100% Importing hydroStorageMaxPower | | | 0% | |======================================================================| 100% Importing mingen | | | 0% | |======================================================================| 100% Importing hydroStorageMaxPower | | | 0% | |======================================================================| 100% Importing mingen | | | 0% | |======================================================================| 100% Importing hydroStorageMaxPower | | | 0% | |======================================================================| 100% [ FAIL 2 | WARN 171 | SKIP 4 | PASS 624 ] ══ Skipped tests (4) ═══════════════════════════════════════════════════════════ • Deprecated (1): 'test-compute_timeStamp_from_hourly.R:3:1' • Function requires study that spans on 2 years (TODO) (1): 'test-computeTimeStepFromHourly.R:3:1' • On CRAN (1): 'test-createArea.R:25:5' • empty test (1): 'test-createClusterBulk.R:152:1' ══ Failed tests ════════════════════════════════════════════════════════════════ ── Failure ('test-writeOutputValues.R:18:5'): Write all ──────────────────────── identical(as.matrix(data$areas), as.matrix(data2$areas)) is not TRUE `actual`: FALSE `expected`: TRUE ── Failure ('test-writeOutputValues.R:31:5'): Write all ──────────────────────── identical(as.matrix(data$areas), as.matrix(data2$areas)) is not TRUE `actual`: FALSE `expected`: TRUE [ FAIL 2 | WARN 171 | SKIP 4 | PASS 624 ] Error: Test failures Execution halted Flavor: r-devel-linux-x86_64-debian-clang

Version: 0.7.1
Check: tests
Result: ERROR Running ‘testthat.R’ [91s/114s] Running the tests in ‘tests/testthat.R’ failed. Complete output: > #Copyright © 2016 RTE Réseau de transport d’électricité > > # CRAN limite CPU usage > data.table::setDTthreads(2) > > library(testthat) > library(antaresEditObject) Loading required package: antaresRead > > test_check("antaresEditObject") New/existing group : 'default' will be created/updated with dimension : [10] New/existing group : 'new_group' will be created/updated with dimension : [3] New/existing group : 'group_test' will be created/updated with dimension : [10] Study successfully deleted Study successfully deletedTime difference of 0.2954533 secs Time difference of 0.8622234 secs Importing st-storage | | | 0% | |======================================================================| 100% Importing st-storage | | | 0% | |======================================================================| 100% Study successfully deleted There were no binding constraints in this study New/existing group : 'group_test' will be created/updated with dimension : [10] There were no binding constraints in this study Study successfully deletedImporting st-storage | | | 0% | |======================================================================| 100% Study successfully deleted Study successfully deletedThe following lines will be removed from scenariobuilder.dat l,a,0 = 1 l,a,0 = 1 l,a,0 = 2 l,a,0 = 3 l,a,0 = 4 l,a,0 = 5 l,a,0 = 6 l,a,0 = 7 l,a,0 = 8 l,a,0 = 9 ✓ Scenario Builder deduplicated The following lines will be removed from scenariobuilder.dat l,a,0 = 1 l,a,0 = 1 l,a,0 = 2 l,a,0 = 3 l,a,0 = 4 l,a,0 = 5 l,a,0 = 6 l,a,0 = 7 l,a,0 = 8 l,a,0 = 9 l,a,0 = 10 ✓ Scenario Builder deduplicated Study successfully deletedImporting mingen | | | 0% | |======================================================================| 100% Importing hydroStorageMaxPower | | | 0% | |======================================================================| 100% Importing mingen | | | 0% | |======================================================================| 100% Importing hydroStorage | | | 0% | |======================================================================| 100% Importing mingen | | | 0% | |======================================================================| 100% Importing hydroStorage | | | 0% | |======================================================================| 100% Importing mingen | | | 0% | |======================================================================| 100% Importing hydroStorage | | | 0% | |======================================================================| 100% Importing mingen | | | 0% | |======================================================================| 100% Importing hydroStorage | | | 0% | |======================================================================| 100% Importing mingen | | | 0% | |======================================================================| 100% Importing hydroStorage | | | 0% | |======================================================================| 100% Importing mingen | | | 0% | |======================================================================| 100% Importing hydroStorage | | | 0% | |======================================================================| 100% Importing mingen | | | 0% | |======================================================================| 100% Importing hydroStorage | | | 0% | |======================================================================| 100% Importing mingen | | | 0% | |======================================================================| 100% Importing hydroStorage | | | 0% | |======================================================================| 100% Importing mingen | | | 0% | |======================================================================| 100% Importing hydroStorageMaxPower | | | 0% | |======================================================================| 100% Importing mingen | | | 0% | |======================================================================| 100% Importing hydroStorage | | | 0% | |======================================================================| 100% Importing mingen | | | 0% | |======================================================================| 100% Importing hydroStorage | | | 0% | |======================================================================| 100% Importing mingen | | | 0% | |======================================================================| 100% Importing hydroStorage | | | 0% | |======================================================================| 100% Importing mingen | | | 0% | |======================================================================| 100% Importing hydroStorage | | | 0% | |======================================================================| 100% Importing mingen | | | 0% | |======================================================================| 100% Importing hydroStorage | | | 0% | |======================================================================| 100% Importing mingen | | | 0% | |======================================================================| 100% Importing hydroStorageMaxPower | | | 0% | |======================================================================| 100% Importing mingen | | | 0% | |======================================================================| 100% Importing hydroStorage | | | 0% | |======================================================================| 100% Importing mingen | | | 0% | |======================================================================| 100% Importing hydroStorage | | | 0% | |======================================================================| 100% Importing mingen | | | 0% | |======================================================================| 100% Importing hydroStorage | | | 0% | |======================================================================| 100% Importing mingen | | | 0% | |======================================================================| 100% Importing hydroStorage | | | 0% | |======================================================================| 100% Importing mingen | | | 0% | |======================================================================| 100% Importing hydroStorageMaxPower | | | 0% | |======================================================================| 100% Importing mingen | | | 0% | |======================================================================| 100% Importing hydroStorage | | | 0% | |======================================================================| 100% Importing mingen | | | 0% | |======================================================================| 100% Importing hydroStorageMaxPower | | | 0% | |======================================================================| 100% Importing mingen | | | 0% | |======================================================================| 100% Importing hydroStorage | | | 0% | |======================================================================| 100% Importing mingen | | | 0% | |======================================================================| 100% Importing hydroStorageMaxPower | | | 0% | |======================================================================| 100% Importing mingen | | | 0% | |======================================================================| 100% Importing hydroStorageMaxPower | | | 0% | |======================================================================| 100% Data does not respect the hourly condition. You must check input/hydro/series/zone51/mingen.txt and input/hydro/common/capacity/maxpower_zone51.txt Importing mingen | | | 0% | |======================================================================| 100% Importing hydroStorage | | | 0% | |======================================================================| 100% Importing mingen | | | 0% | |======================================================================| 100% Importing hydroStorageMaxPower | | | 0% | |======================================================================| 100% Importing mingen | | | 0% | |======================================================================| 100% Importing hydroStorage | | | 0% | |======================================================================| 100% Importing mingen | | | 0% | |======================================================================| 100% Importing hydroStorageMaxPower | | | 0% | |======================================================================| 100% Importing mingen | | | 0% | |======================================================================| 100% Importing hydroStorageMaxPower | | | 0% | |======================================================================| 100% Importing mingen | | | 0% | |======================================================================| 100% Importing hydroStorage | | | 0% | |======================================================================| 100% Importing mingen | | | 0% | |======================================================================| 100% Importing hydroStorage | | | 0% | |======================================================================| 100% Importing mingen | | | 0% | |======================================================================| 100% Importing hydroStorage | | | 0% | |======================================================================| 100% Importing mingen | | | 0% | |======================================================================| 100% Importing hydroStorageMaxPower | | | 0% | |======================================================================| 100% Importing mingen | | | 0% | |======================================================================| 100% Importing hydroStorageMaxPower | | | 0% | |======================================================================| 100% Importing mingen | | | 0% | |======================================================================| 100% Importing hydroStorageMaxPower | | | 0% | |======================================================================| 100% Importing mingen | | | 0% | |======================================================================| 100% Importing hydroStorageMaxPower | | | 0% | |======================================================================| 100% Importing mingen | | | 0% | |======================================================================| 100% Importing hydroStorageMaxPower | | | 0% | |======================================================================| 100% Importing mingen | | | 0% | |======================================================================| 100% Importing hydroStorage | | | 0% | |======================================================================| 100% Importing mingen | | | 0% | |======================================================================| 100% Importing hydroStorageMaxPower | | | 0% | |======================================================================| 100% Importing mingen | | | 0% | |======================================================================| 100% Importing mingen | | | 0% | |======================================================================| 100% Importing hydroStorage | | | 0% | |======================================================================| 100% Importing mingen | | | 0% | |======================================================================| 100% Importing hydroStorageMaxPower | | | 0% | |======================================================================| 100% Importing mingen | | | 0% | |======================================================================| 100% Importing mingen | | | 0% | |======================================================================| 100% Importing hydroStorage | | | 0% | |======================================================================| 100% Importing mingen | | | 0% | |======================================================================| 100% Importing hydroStorage | | | 0% | |======================================================================| 100% Importing mingen | | | 0% | |======================================================================| 100% Importing hydroStorageMaxPower | | | 0% | |======================================================================| 100% Importing mingen | | | 0% | |======================= | 33% | |=============================================== | 67% | |======================================================================| 100% Importing mingen | | | 0% | |======================================================================| 100% Importing hydroStorage | | | 0% | |======================================================================| 100% Importing mingen | | | 0% | |======================================================================| 100% Importing hydroStorageMaxPower | | | 0% | |======================================================================| 100% Importing mingen | | | 0% | |======================= | 33% | |=============================================== | 67% | |======================================================================| 100% Importing mingen | | | 0% | |======================================================================| 100% Importing hydroStorage | | | 0% | |======================================================================| 100% Importing mingen | | | 0% | |======================================================================| 100% Importing hydroStorageMaxPower | | | 0% | |======================================================================| 100% Importing mingen | | | 0% | |======================= | 33% | |=============================================== | 67% | |======================================================================| 100% Importing mingen | | | 0% | |======================================================================| 100% Importing hydroStorage | | | 0% | |======================================================================| 100% Importing mingen | | | 0% | |======================================================================| 100% Importing hydroStorage | | | 0% | |======================================================================| 100% Importing mingen | | | 0% | |======================================================================| 100% Importing hydroStorageMaxPower | | | 0% | |======================================================================| 100% Data does not respect the monthly condition. You must check input/hydro/series/zone51/mingen.txt and input/hydro/series/zone51/mod.txt Importing mingen | | | 0% | |======================================================================| 100% Importing hydroStorageMaxPower | | | 0% | |======================================================================| 100% Importing mingen | | | 0% | |======================================================================| 100% Importing hydroStorage | | | 0% | |======================================================================| 100% Importing mingen | | | 0% | |======================================================================| 100% Importing hydroStorage | | | 0% | |======================================================================| 100% Importing mingen | | | 0% | |======================================================================| 100% Importing hydroStorage | | | 0% | |======================================================================| 100% Data does not respect the annual condition. You must check input/hydro/series/zone51/mingen.txt and input/hydro/series/zone51/mod.txt Importing mingen | | | 0% | |======================================================================| 100% Importing hydroStorage | | | 0% | |======================================================================| 100% Importing mingen | | | 0% | |======================================================================| 100% Importing hydroStorage | | | 0% | |======================================================================| 100% Data does not respect the annual condition. You must check input/hydro/series/zone51/mingen.txt and input/hydro/series/zone51/mod.txt Importing mingen | | | 0% | |======================================================================| 100% Importing hydroStorage | | | 0% | |======================================================================| 100% Importing mingen | | | 0% | |======================================================================| 100% Importing hydroStorageMaxPower | | | 0% | |======================================================================| 100% Importing mingen | | | 0% | |======================================================================| 100% Importing hydroStorage | | | 0% | |======================================================================| 100% Importing mingen | | | 0% | |======================================================================| 100% Importing hydroStorage | | | 0% | |======================================================================| 100% Importing mingen | | | 0% | |======================================================================| 100% Importing hydroStorageMaxPower | | | 0% | |======================================================================| 100% Data does not respect the monthly condition. You must check input/hydro/series/zone51/mingen.txt and input/hydro/series/zone51/mod.txt Importing mingen | | | 0% | |======================================================================| 100% Importing hydroStorage | | | 0% | |======================================================================| 100% Importing mingen | | | 0% | |======================================================================| 100% Importing hydroStorageMaxPower | | | 0% | |======================================================================| 100% Importing mingen | | | 0% | |======================================================================| 100% Importing hydroStorage | | | 0% | |======================================================================| 100% Data does not respect the monthly condition. You must check input/hydro/series/zone51/mingen.txt and input/hydro/series/zone51/mod.txt Importing mingen | | | 0% | |======================================================================| 100% Importing hydroStorage | | | 0% | |======================================================================| 100% Importing mingen | | | 0% | |======================================================================| 100% Importing hydroStorageMaxPower | | | 0% | |======================================================================| 100% Importing mingen | | | 0% | |======================================================================| 100% Importing hydroStorage | | | 0% | |======================================================================| 100% Importing mingen | | | 0% | |======================================================================| 100% Importing hydroStorage | | | 0% | |======================================================================| 100% Importing mingen | | | 0% | |======================================================================| 100% Importing hydroStorageMaxPower | | | 0% | |======================================================================| 100% Data does not respect the weekly condition. You must check input/hydro/series/zone51/mingen.txt and input/hydro/series/zone51/mod.txt Importing mingen | | | 0% | |======================================================================| 100% Importing hydroStorage | | | 0% | |======================================================================| 100% Importing mingen | | | 0% | |======================================================================| 100% Importing hydroStorageMaxPower | | | 0% | |======================================================================| 100% Importing mingen | | | 0% | |======================================================================| 100% Importing hydroStorage | | | 0% | |======================================================================| 100% Data does not respect the weekly condition. You must check input/hydro/series/zone51/mingen.txt and input/hydro/series/zone51/mod.txt Importing mingen | | | 0% | |======================================================================| 100% Importing hydroStorageMaxPower | | | 0% | |======================================================================| 100% Importing mingen | | | 0% | |======================================================================| 100% Importing hydroStorage | | | 0% | |======================================================================| 100% Importing mingen | | | 0% | |======================================================================| 100% Importing hydroStorage | | | 0% | |======================================================================| 100% Importing mingen | | | 0% | |======================================================================| 100% Importing hydroStorage | | | 0% | |======================================================================| 100% Importing mingen | | | 0% | |======================================================================| 100% Importing hydroStorage | | | 0% | |======================================================================| 100% Importing mingen | | | 0% | |======================================================================| 100% Importing hydroStorage | | | 0% | |======================================================================| 100% Importing mingen | | | 0% | |======================================================================| 100% Importing hydroStorage | | | 0% | |======================================================================| 100% Importing mingen | | | 0% | |======================================================================| 100% Importing hydroStorageMaxPower | | | 0% | |======================================================================| 100% Importing mingen | | | 0% | |======================================================================| 100% Importing hydroStorage | | | 0% | |======================================================================| 100% Importing mingen | | | 0% | |======================================================================| 100% Importing hydroStorage | | | 0% | |======================================================================| 100% Importing mingen | | | 0% | |======================================================================| 100% Importing hydroStorageMaxPower | | | 0% | |======================================================================| 100% Importing mingen | | | 0% | |======================================================================| 100% Importing hydroStorage | | | 0% | |======================================================================| 100% Importing mingen | | | 0% | |======================================================================| 100% Importing hydroStorageMaxPower | | | 0% | |======================================================================| 100% Importing mingen | | | 0% | |======================================================================| 100% Importing hydroStorage | | | 0% | |======================================================================| 100% Importing mingen | | | 0% | |======================================================================| 100% Importing hydroStorage | | | 0% | |======================================================================| 100% Importing mingen | | | 0% | |======================================================================| 100% Importing hydroStorageMaxPower | | | 0% | |======================================================================| 100% Importing mingen | | | 0% | |======================================================================| 100% Importing hydroStorage | | | 0% | |======================================================================| 100% Importing mingen | | | 0% | |======================================================================| 100% Importing hydroStorage | | | 0% | |======================================================================| 100% Importing mingen | | | 0% | |======================================================================| 100% Importing hydroStorageMaxPower | | | 0% | |======================================================================| 100% Importing mingen | | | 0% | |======================================================================| 100% Importing hydroStorage | | | 0% | |======================================================================| 100% Importing mingen | | | 0% | |======================================================================| 100% Importing hydroStorageMaxPower | | | 0% | |======================================================================| 100% Importing mingen | | | 0% | |======================================================================| 100% Importing hydroStorage | | | 0% | |======================================================================| 100% Importing mingen | | | 0% | |======================================================================| 100% Importing hydroStorageMaxPower | | | 0% | |======================================================================| 100% Importing mingen | | | 0% | |======================================================================| 100% Importing hydroStorageMaxPower | | | 0% | |======================================================================| 100% Importing mingen | | | 0% | |======================================================================| 100% Importing hydroStorageMaxPower | | | 0% | |======================================================================| 100% Importing mingen | | | 0% | |======================================================================| 100% Importing hydroStorageMaxPower | | | 0% | |======================================================================| 100% Importing mingen | | | 0% | |======================================================================| 100% Importing hydroStorageMaxPower | | | 0% | |======================================================================| 100% Importing mingen | | | 0% | |======================================================================| 100% Importing hydroStorageMaxPower | | | 0% | |======================================================================| 100% [ FAIL 2 | WARN 171 | SKIP 4 | PASS 624 ] ══ Skipped tests (4) ═══════════════════════════════════════════════════════════ • Deprecated (1): 'test-compute_timeStamp_from_hourly.R:3:1' • Function requires study that spans on 2 years (TODO) (1): 'test-computeTimeStepFromHourly.R:3:1' • On CRAN (1): 'test-createArea.R:25:5' • empty test (1): 'test-createClusterBulk.R:152:1' ══ Failed tests ════════════════════════════════════════════════════════════════ ── Failure ('test-writeOutputValues.R:18:5'): Write all ──────────────────────── identical(as.matrix(data$areas), as.matrix(data2$areas)) is not TRUE `actual`: FALSE `expected`: TRUE ── Failure ('test-writeOutputValues.R:31:5'): Write all ──────────────────────── identical(as.matrix(data$areas), as.matrix(data2$areas)) is not TRUE `actual`: FALSE `expected`: TRUE [ FAIL 2 | WARN 171 | SKIP 4 | PASS 624 ] Error: Test failures Execution halted Flavor: r-devel-linux-x86_64-debian-gcc