CRAN Package Check Results for Package anomaly

Last updated on 2022-05-25 21:52:53 CEST.

Flavor Version Tinstall Tcheck Ttotal Status Flags
r-devel-linux-x86_64-debian-clang 4.0.2 77.59 144.14 221.73 OK
r-devel-linux-x86_64-debian-gcc 4.0.2 57.99 106.56 164.55 OK
r-devel-linux-x86_64-fedora-clang 4.0.2 336.02 NOTE
r-devel-linux-x86_64-fedora-gcc 4.0.2 257.61 OK
r-devel-windows-x86_64 4.0.2 119.00 190.00 309.00 NOTE
r-patched-linux-x86_64 4.0.2 60.94 136.96 197.90 OK
r-release-linux-x86_64 4.0.2 OK
r-release-macos-arm64 4.0.2 76.00 NOTE
r-release-macos-x86_64 4.0.2 121.00 NOTE
r-release-windows-x86_64 4.0.2 125.00 187.00 312.00 NOTE
r-oldrel-macos-arm64 4.0.2 81.00 NOTE
r-oldrel-macos-x86_64 4.0.2 97.00 NOTE
r-oldrel-windows-ix86+x86_64 4.0.2 189.00 251.00 440.00 NOTE

Check Details

Version: 4.0.2
Check: installed package size
Result: NOTE
     installed size is 6.8Mb
     sub-directories of 1Mb or more:
     data 4.1Mb
     libs 2.1Mb
Flavors: r-devel-linux-x86_64-fedora-clang, r-devel-windows-x86_64, r-release-macos-arm64, r-release-macos-x86_64, r-release-windows-x86_64, r-oldrel-macos-arm64, r-oldrel-macos-x86_64, r-oldrel-windows-ix86+x86_64