CRAN Package Check Results for Package animint2

Last updated on 2022-09-27 12:52:45 CEST.

Flavor Version Tinstall Tcheck Ttotal Status Flags
r-devel-linux-x86_64-debian-clang 2022.9.14 23.29 360.33 383.62 OK
r-devel-linux-x86_64-debian-gcc 2022.9.14 17.82 253.88 271.70 OK
r-devel-linux-x86_64-fedora-clang 2022.9.14 459.05 OK
r-devel-linux-x86_64-fedora-gcc 2022.9.14 444.96 OK
r-devel-windows-x86_64 2022.9.14 293.00 468.00 761.00 OK
r-patched-linux-x86_64 2022.9.14 28.27 327.17 355.44 OK
r-release-linux-x86_64 2022.9.14 21.34 321.83 343.17 OK
r-release-macos-arm64 2022.9.14 115.00 OK
r-release-macos-x86_64 2022.9.14 148.00 OK
r-release-windows-x86_64 2022.9.14 258.00 435.00 693.00 OK
r-oldrel-macos-arm64 2022.9.14 103.00 OK
r-oldrel-macos-x86_64 2022.9.14 143.00 OK
r-oldrel-windows-ix86+x86_64 2022.9.14 43.00 382.00 425.00 WARN

Check Details

Version: 2022.9.14
Check: for unstated dependencies in ‘tests’
Result: WARN
    Warning: unable to access index for repository https://bioconductor.org/packages/3.14/bioc/src/contrib:
     cannot open URL 'https://bioconductor.org/packages/3.14/bioc/src/contrib/PACKAGES'
    Warning: unable to access index for repository https://bioconductor.org/packages/3.14/data/annotation/src/contrib:
     cannot open URL 'https://bioconductor.org/packages/3.14/data/annotation/src/contrib/PACKAGES'
    Warning: unable to access index for repository https://bioconductor.org/packages/3.14/data/experiment/src/contrib:
     cannot open URL 'https://bioconductor.org/packages/3.14/data/experiment/src/contrib/PACKAGES'
Flavor: r-oldrel-windows-ix86+x86_64