CRAN Package Check Results for Package animation

Last updated on 2020-05-26 03:48:13 CEST.

Flavor Version Tinstall Tcheck Ttotal Status Flags
r-devel-linux-x86_64-debian-clang 2.6 5.23 35.96 41.19 NOTE
r-devel-linux-x86_64-debian-gcc 2.6 5.33 28.44 33.77 NOTE
r-devel-linux-x86_64-fedora-clang 2.6 51.44 NOTE
r-devel-linux-x86_64-fedora-gcc 2.6 50.63 NOTE
r-devel-windows-ix86+x86_64 2.6 14.00 72.00 86.00 OK
r-patched-linux-x86_64 2.6 5.40 36.12 41.52 NOTE
r-patched-solaris-x86 2.6 70.30 NOTE
r-release-linux-x86_64 2.6 5.32 36.08 41.40 NOTE
r-release-osx-x86_64 2.6 OK
r-release-windows-ix86+x86_64 2.6 11.00 63.00 74.00 OK
r-oldrel-osx-x86_64 2.6 OK
r-oldrel-windows-ix86+x86_64 2.6 9.00 80.00 89.00 OK

Check Details

Version: 2.6
Check: for non-standard things in the check directory
Result: NOTE
    Found the following files/directories:
     'BM-motion-chart.html' 'css' 'images' 'index.html' 'js'
Flavors: r-devel-linux-x86_64-debian-clang, r-devel-linux-x86_64-debian-gcc, r-devel-linux-x86_64-fedora-clang, r-devel-linux-x86_64-fedora-gcc, r-patched-linux-x86_64, r-patched-solaris-x86, r-release-linux-x86_64