CRAN Package Check Results for Package amerifluxr

Last updated on 2025-04-29 12:52:29 CEST.

Flavor Version Tinstall Tcheck Ttotal Status Flags
r-devel-linux-x86_64-debian-clang 1.0.0 4.13 49.06 53.19 NOTE
r-devel-linux-x86_64-debian-gcc 1.0.0 2.19 36.27 38.46 NOTE
r-devel-linux-x86_64-fedora-clang 1.0.0 80.26 OK
r-devel-linux-x86_64-fedora-gcc 1.0.0 89.29 OK
r-devel-windows-x86_64 1.0.0 6.00 93.00 99.00 OK
r-patched-linux-x86_64 1.0.0 4.24 46.42 50.66 OK
r-release-linux-x86_64 1.0.0 4.10 46.15 50.25 OK
r-release-macos-arm64 1.0.0 71.00 OK
r-release-macos-x86_64 1.0.0 95.00 OK
r-release-windows-x86_64 1.0.0 7.00 94.00 101.00 OK
r-oldrel-macos-arm64 1.0.0 61.00 OK
r-oldrel-macos-x86_64 1.0.0 78.00 OK
r-oldrel-windows-x86_64 1.0.0 8.00 105.00 113.00 OK

Check Details

Version: 1.0.0
Check: CRAN incoming feasibility
Result: NOTE Maintainer: ‘Housen Chu <hchu@lbl.gov>’ Package CITATION file contains call(s) to old-style personList() or as.personList(). Please use c() on person objects instead. Package CITATION file contains call(s) to old-style citEntry(). Please use bibentry() instead. Flavors: r-devel-linux-x86_64-debian-clang, r-devel-linux-x86_64-debian-gcc