Last updated on 2024-04-20 12:50:50 CEST.
Flavor | Version | Tinstall | Tcheck | Ttotal | Status | Flags |
---|---|---|---|---|---|---|
r-devel-linux-x86_64-debian-clang | 0.3.0 | 9.46 | 91.44 | 100.90 | NOTE | |
r-devel-linux-x86_64-debian-gcc | 0.3.0 | 6.24 | 104.10 | 110.34 | OK | |
r-devel-linux-x86_64-fedora-clang | 0.3.0 | 129.24 | NOTE | |||
r-devel-linux-x86_64-fedora-gcc | 0.3.0 | 136.57 | NOTE | |||
r-prerel-macos-arm64 | 0.3.0 | 44.00 | NOTE | |||
r-prerel-macos-x86_64 | 0.3.0 | 144.00 | OK | |||
r-prerel-windows-x86_64 | 0.3.0 | 9.00 | 85.00 | 94.00 | NOTE | |
r-patched-linux-x86_64 | 0.3.0 | 5.32 | 129.86 | 135.18 | OK | |
r-release-linux-x86_64 | 0.3.0 | 5.95 | 130.38 | 136.33 | OK | |
r-release-macos-arm64 | 0.3.0 | 45.00 | NOTE | |||
r-release-macos-x86_64 | 0.3.0 | 100.00 | NOTE | |||
r-release-windows-x86_64 | 0.3.0 | 12.00 | 99.00 | 111.00 | NOTE | |
r-oldrel-macos-arm64 | 0.3.0 | 44.00 | NOTE | |||
r-oldrel-windows-x86_64 | 0.3.0 | 13.00 | 107.00 | 120.00 | NOTE |
Version: 0.3.0
Check: package dependencies
Result: NOTE
Package suggested but not available for checking: ‘metaboliteIDmapping’
Flavors: r-devel-linux-x86_64-debian-clang, r-devel-linux-x86_64-fedora-clang, r-devel-linux-x86_64-fedora-gcc, r-prerel-macos-arm64, r-prerel-windows-x86_64, r-release-macos-arm64, r-release-macos-x86_64, r-release-windows-x86_64, r-oldrel-macos-arm64, r-oldrel-windows-x86_64
Version: 0.3.0
Check: dependencies in R code
Result: NOTE
Namespaces in Imports field not imported from:
‘magrittr’ ‘tidyverse’
All declared Imports should be used.
Flavors: r-devel-linux-x86_64-fedora-clang, r-devel-linux-x86_64-fedora-gcc