Last updated on 2023-01-29 12:55:22 CET.
Flavor | Version | Tinstall | Tcheck | Ttotal | Status | Flags |
---|---|---|---|---|---|---|
r-devel-linux-x86_64-debian-clang | 0.2.3 | 12.80 | 160.52 | 173.32 | OK | |
r-devel-linux-x86_64-debian-gcc | 0.2.3 | 9.91 | 119.86 | 129.77 | OK | |
r-devel-linux-x86_64-fedora-clang | 0.2.3 | 161.12 | NOTE | |||
r-devel-linux-x86_64-fedora-gcc | 0.2.3 | 183.69 | NOTE | |||
r-devel-windows-x86_64 | 0.2.3 | 18.00 | 159.00 | 177.00 | NOTE | |
r-patched-linux-x86_64 | 0.2.3 | 12.06 | 153.24 | 165.30 | OK | |
r-release-linux-x86_64 | 0.2.3 | 9.58 | 155.49 | 165.07 | OK | |
r-release-macos-arm64 | 0.2.3 | 50.00 | NOTE | |||
r-release-macos-x86_64 | 0.2.3 | 75.00 | NOTE | |||
r-release-windows-x86_64 | 0.2.3 | 31.00 | 143.00 | 174.00 | NOTE | |
r-oldrel-macos-arm64 | 0.2.3 | 44.00 | NOTE | |||
r-oldrel-macos-x86_64 | 0.2.3 | 58.00 | NOTE | |||
r-oldrel-windows-ix86+x86_64 | 0.2.3 | 30.00 | 150.00 | 180.00 | NOTE |
Version: 0.2.3
Check: package dependencies
Result: NOTE
Package suggested but not available for checking: ‘metaboliteIDmapping’
Flavors: r-devel-linux-x86_64-fedora-clang, r-devel-linux-x86_64-fedora-gcc, r-devel-windows-x86_64, r-release-macos-arm64, r-release-macos-x86_64, r-release-windows-x86_64, r-oldrel-macos-arm64, r-oldrel-macos-x86_64, r-oldrel-windows-ix86+x86_64
Version: 0.2.3
Check: dependencies in R code
Result: NOTE
Namespace in Imports field not imported from: ‘magrittr’
All declared Imports should be used.
Flavors: r-devel-linux-x86_64-fedora-clang, r-devel-linux-x86_64-fedora-gcc, r-release-macos-arm64, r-release-macos-x86_64, r-oldrel-macos-arm64, r-oldrel-macos-x86_64