Last updated on 2024-03-28 12:50:27 CET.
Flavor | Version | Tinstall | Tcheck | Ttotal | Status | Flags |
---|---|---|---|---|---|---|
r-devel-linux-x86_64-debian-clang | 0.3.0 | 3.65 | 110.26 | 113.91 | OK | |
r-devel-linux-x86_64-debian-gcc | 0.3.0 | 3.04 | 81.16 | 84.20 | OK | |
r-devel-linux-x86_64-fedora-clang | 0.3.0 | 173.59 | OK | |||
r-devel-linux-x86_64-fedora-gcc | 0.3.0 | 182.70 | OK | |||
r-devel-windows-x86_64 | 0.3.0 | 5.00 | 119.00 | 124.00 | OK | |
r-patched-linux-x86_64 | 0.3.0 | 4.48 | 107.60 | 112.08 | OK | |
r-release-linux-x86_64 | 0.3.0 | 4.07 | 103.52 | 107.59 | OK | |
r-release-macos-arm64 | 0.3.0 | 41.00 | ERROR | |||
r-release-macos-x86_64 | 0.3.0 | 80.00 | ERROR | |||
r-release-windows-x86_64 | 0.3.0 | 6.00 | 128.00 | 134.00 | OK | |
r-oldrel-macos-arm64 | 0.3.0 | 39.00 | ERROR | |||
r-oldrel-windows-x86_64 | 0.3.0 | 6.00 | 166.00 | 172.00 | OK |
Version: 0.3.0
Check: tests
Result: ERROR
Running ‘spelling.R’ [0s/0s]
Running ‘testthat.R’ [9s/10s]
Running the tests in ‘tests/testthat.R’ failed.
Last 13 lines of output:
▆
1. └─altdoc::render_docs(path = getwd()) at test-update.R:111:5
2. └─cli::cli_abort("There were some failures when rendering vignettes.")
3. └─rlang::abort(...)
── Error ('test-update.R:111:5'): render_docs also transform new/modified vignettes if specified: docsify ──
Error in `render_docs(path = getwd())`: There were some failures when rendering vignettes.
Backtrace:
▆
1. └─altdoc::render_docs(path = getwd()) at test-update.R:111:5
2. └─cli::cli_abort("There were some failures when rendering vignettes.")
3. └─rlang::abort(...)
[ FAIL 5 | WARN 0 | SKIP 7 | PASS 56 ]
Error: Test failures
Execution halted
Flavors: r-release-macos-arm64, r-oldrel-macos-arm64
Version: 0.3.0
Check: tests
Result: ERROR
Running ‘spelling.R’ [0s/0s]
Running ‘testthat.R’ [15s/28s]
Running the tests in ‘tests/testthat.R’ failed.
Last 13 lines of output:
▆
1. └─altdoc::render_docs(path = getwd()) at test-update.R:111:5
2. └─cli::cli_abort("There were some failures when rendering vignettes.")
3. └─rlang::abort(...)
── Error ('test-update.R:111:5'): render_docs also transform new/modified vignettes if specified: docsify ──
Error in `render_docs(path = getwd())`: There were some failures when rendering vignettes.
Backtrace:
▆
1. └─altdoc::render_docs(path = getwd()) at test-update.R:111:5
2. └─cli::cli_abort("There were some failures when rendering vignettes.")
3. └─rlang::abort(...)
[ FAIL 5 | WARN 0 | SKIP 7 | PASS 56 ]
Error: Test failures
Execution halted
Flavor: r-release-macos-x86_64