Last updated on 2025-05-11 06:50:39 CEST.
Flavor | Version | Tinstall | Tcheck | Ttotal | Status | Flags |
---|---|---|---|---|---|---|
r-devel-linux-x86_64-debian-clang | 0.5.0 | 3.08 | 86.47 | 89.55 | OK | |
r-devel-linux-x86_64-debian-gcc | 0.5.0 | 2.43 | 63.50 | 65.93 | OK | |
r-devel-linux-x86_64-fedora-clang | 0.5.0 | 141.38 | OK | |||
r-devel-linux-x86_64-fedora-gcc | 0.5.0 | 149.37 | OK | |||
r-devel-windows-x86_64 | 0.5.0 | 6.00 | 107.00 | 113.00 | OK | |
r-patched-linux-x86_64 | 0.5.0 | 3.84 | 81.96 | 85.80 | OK | |
r-release-linux-x86_64 | 0.5.0 | 3.53 | 81.24 | 84.77 | OK | |
r-release-macos-arm64 | 0.5.0 | 38.00 | ERROR | |||
r-release-macos-x86_64 | 0.5.0 | 73.00 | ERROR | |||
r-release-windows-x86_64 | 0.5.0 | 5.00 | 113.00 | 118.00 | OK | |
r-oldrel-macos-arm64 | 0.5.0 | 41.00 | ERROR | |||
r-oldrel-macos-x86_64 | 0.5.0 | 82.00 | ERROR | |||
r-oldrel-windows-x86_64 | 0.5.0 | 6.00 | 128.00 | 134.00 | OK |
Version: 0.5.0
Check: tests
Result: ERROR
Running ‘spelling.R’ [0s/0s]
Running ‘testthat.R’ [9s/11s]
Running the tests in ‘tests/testthat.R’ failed.
Complete output:
> library(testthat)
> library(altdoc)
>
> test_check("altdoc")
v Setting active project to
"/private/var/folders/k4/0jwzxmln0nb8y6rkzprptb640000gq/T/Rtmpcw3lsM/testpkg962236e7cede".
i Creating `altdoc/` directory.
i Creating `docs/` directory.
i Adding ^docs$ to .Rbuildignore
i Adding ^altdoc$ to .Rbuildignore
i Adding altdoc/freeze.rds to .gitignore
i Importing default settings file(s) to `altdoc/`
i README.md is mandatory. `altdoc` created a dummy README file in the package directory.
-- Basic files -----------------------------------------------------------------
v 'README' imported.
-- Man pages -------------------------------------------------------------------
i No man pages to convert.
-- Vignettes -------------------------------------------------------------------
i No vignettes to convert.
-- Update HTML -----------------------------------------------------------------
v HTML updated.
-- Complete --------------------------------------------------------------------
v Documentation updated.
v Setting active project to "<no active project>".
v Setting active project to
"/private/var/folders/k4/0jwzxmln0nb8y6rkzprptb640000gq/T/Rtmpcw3lsM/testpkg9622203f8d9".
i Creating `altdoc/` directory.
i Creating `docs/` directory.
i Adding ^docs$ to .Rbuildignore
i Adding ^altdoc$ to .Rbuildignore
i Adding altdoc/freeze.rds to .gitignore
i Importing default settings file(s) to `altdoc/`
i README.md is mandatory. `altdoc` created a dummy README file in the package directory.
v Setting active project to "<no active project>".
v Setting active project to
"/private/var/folders/k4/0jwzxmln0nb8y6rkzprptb640000gq/T/Rtmpcw3lsM/testpkg962215cc7d29".
i Creating `altdoc/` directory.
i Creating `docs/` directory.
i Adding ^docs$ to .Rbuildignore
i Adding ^altdoc$ to .Rbuildignore
i Adding altdoc/freeze.rds to .gitignore
i Importing default settings file(s) to `altdoc/`
i README.md is mandatory. `altdoc` created a dummy README file in the package directory.
v Setting active project to "<no active project>".
v Setting active project to
"/private/var/folders/k4/0jwzxmln0nb8y6rkzprptb640000gq/T/Rtmpcw3lsM/testpkg9622121a546d".
i Creating `altdoc/` directory.
i Creating `docs/` directory.
i Adding ^docs$ to .Rbuildignore
i Adding ^altdoc$ to .Rbuildignore
i Adding altdoc/freeze.rds to .gitignore
i Importing default settings file(s) to `altdoc/`
i README.md is mandatory. `altdoc` created a dummy README file in the package directory.
v Setting active project to "<no active project>".
v Setting active project to
"/private/var/folders/k4/0jwzxmln0nb8y6rkzprptb640000gq/T/Rtmpcw3lsM/testpkg96227121f25".
i Creating `altdoc/` directory.
i Creating `docs/` directory.
i Adding ^docs$ to .Rbuildignore
i Adding ^altdoc$ to .Rbuildignore
i Adding altdoc/freeze.rds to .gitignore
i Importing default settings file(s) to `altdoc/`
i README.md is mandatory. `altdoc` created a dummy README file in the package directory.
i Leaving 'README.md' unchanged.
[ ] Update 'README.md' to include installation instructions.
-- Basic files -----------------------------------------------------------------
v 'README' imported.
-- Man pages -------------------------------------------------------------------
i No man pages to convert.
-- Vignettes -------------------------------------------------------------------
i No vignettes to convert.
-- Update HTML -----------------------------------------------------------------
v HTML updated.
-- Complete --------------------------------------------------------------------
v Documentation updated.
v Setting active project to "<no active project>".
v Setting active project to
"/private/var/folders/k4/0jwzxmln0nb8y6rkzprptb640000gq/T/Rtmpcw3lsM/testpkg96227e9ef546".
i Creating `altdoc/` directory.
i Creating `docs/` directory.
i Adding ^docs$ to .Rbuildignore
i Adding ^altdoc$ to .Rbuildignore
i Adding altdoc/freeze.rds to .gitignore
i Importing default settings file(s) to `altdoc/`
i README.md is mandatory. `altdoc` created a dummy README file in the package directory.
i Leaving 'README.md' unchanged.
[ ] Update 'README.md' to include installation instructions.
-- Basic files -----------------------------------------------------------------
v 'README' imported.
-- Man pages -------------------------------------------------------------------
i No man pages to convert.
-- Vignettes -------------------------------------------------------------------
i No vignettes to convert.
-- Update HTML -----------------------------------------------------------------
v HTML updated.
-- Complete --------------------------------------------------------------------
v Documentation updated.
v Setting active project to "<no active project>".
v Setting active project to
"/private/var/folders/k4/0jwzxmln0nb8y6rkzprptb640000gq/T/Rtmpcw3lsM/testpkg96223a9665ba".
i Creating `altdoc/` directory.
i Creating `docs/` directory.
i Adding ^docs$ to .Rbuildignore
i Adding ^altdoc$ to .Rbuildignore
i Adding altdoc/freeze.rds to .gitignore
i Importing default settings file(s) to `altdoc/`
i README.md is mandatory. `altdoc` created a dummy README file in the package directory.
v Setting active project to "<no active project>".
v Setting active project to
"/private/var/folders/k4/0jwzxmln0nb8y6rkzprptb640000gq/T/Rtmpcw3lsM/testpkg9622df45a8a".
i Creating `altdoc/` directory.
i Creating `docs/` directory.
i Adding ^docs$ to .Rbuildignore
i Adding ^altdoc$ to .Rbuildignore
i Adding altdoc/freeze.rds to .gitignore
i Importing default settings file(s) to `altdoc/`
i README.md is mandatory. `altdoc` created a dummy README file in the package directory.
v Setting active project to "<no active project>".
v Setting active project to
"/private/var/folders/k4/0jwzxmln0nb8y6rkzprptb640000gq/T/Rtmpcw3lsM/testpkg96225a0bb7fd".
i Creating `altdoc/` directory.
i Creating `docs/` directory.
i Adding ^docs$ to .Rbuildignore
i Adding ^altdoc$ to .Rbuildignore
i Adding altdoc/freeze.rds to .gitignore
i Importing default settings file(s) to `altdoc/`
i README.md is mandatory. `altdoc` created a dummy README file in the package directory.
v Setting active project to "<no active project>".
v Setting active project to
"/private/var/folders/k4/0jwzxmln0nb8y6rkzprptb640000gq/T/Rtmpcw3lsM/testpkg9622118a71a3".
v Setting active project to "<no active project>".
v Setting active project to
"/private/var/folders/k4/0jwzxmln0nb8y6rkzprptb640000gq/T/Rtmpcw3lsM/testpkg96226376ad34".
i Creating `altdoc/` directory.
i Creating `docs/` directory.
i Adding ^docs$ to .Rbuildignore
i Adding ^altdoc$ to .Rbuildignore
i Adding altdoc/freeze.rds to .gitignore
i Importing default settings file(s) to `altdoc/`
i README.md is mandatory. `altdoc` created a dummy README file in the package directory.
-- Basic files -----------------------------------------------------------------
v 'README' imported.
-- Man pages -------------------------------------------------------------------
i No man pages to convert.
-- Vignettes -------------------------------------------------------------------
i Found 1 vignette to convert.
\ Converting vignette 1/1: foo.Rmd
x Converting vignette 1/1: foo.Rmd [48ms]
v Setting active project to "<no active project>".
v Setting active project to
"/private/var/folders/k4/0jwzxmln0nb8y6rkzprptb640000gq/T/Rtmpcw3lsM/testpkg96226e0640d".
i Creating `altdoc/` directory.
i Creating `docs/` directory.
i Adding ^docs$ to .Rbuildignore
i Adding ^altdoc$ to .Rbuildignore
i Adding altdoc/freeze.rds to .gitignore
i Importing default settings file(s) to `altdoc/`
i README.md is mandatory. `altdoc` created a dummy README file in the package directory.
-- Basic files -----------------------------------------------------------------
v 'README' imported.
-- Man pages -------------------------------------------------------------------
i Found 1 man page to convert.
\ Converting function reference 1/1: foo
x Converting function reference 1/1: foo [50ms]
v Setting active project to "<no active project>".
v Setting active project to
"/private/var/folders/k4/0jwzxmln0nb8y6rkzprptb640000gq/T/Rtmpcw3lsM/testpkg962269643cc8".
i Creating `altdoc/` directory.
i Creating `docs/` directory.
i Adding ^docs$ to .Rbuildignore
i Adding ^altdoc$ to .Rbuildignore
i Adding altdoc/freeze.rds to .gitignore
i Adding altdoc/pkgdown.yml file.
i Importing default settings file(s) to `altdoc/`
i README.md is mandatory. `altdoc` created a dummy README file in the package directory.
-- Basic files -----------------------------------------------------------------
v 'README' imported.
-- Man pages -------------------------------------------------------------------
i No man pages to convert.
-- Vignettes -------------------------------------------------------------------
i No vignettes to convert.
-- Update HTML -----------------------------------------------------------------
v HTML updated.
-- Complete --------------------------------------------------------------------
v Documentation updated.
v Setting active project to "<no active project>".
v Setting active project to
"/private/var/folders/k4/0jwzxmln0nb8y6rkzprptb640000gq/T/Rtmpcw3lsM/testpkg9622ebba4a3".
i Creating `altdoc/` directory.
i Creating `docs/` directory.
i Adding ^docs$ to .Rbuildignore
i Adding ^altdoc$ to .Rbuildignore
i Adding altdoc/freeze.rds to .gitignore
i Importing default settings file(s) to `altdoc/`
i README.md is mandatory. `altdoc` created a dummy README file in the package directory.
-- Basic files -----------------------------------------------------------------
v 'README' imported.
-- Man pages -------------------------------------------------------------------
i No man pages to convert.
-- Vignettes -------------------------------------------------------------------
i No vignettes to convert.
-- Update HTML -----------------------------------------------------------------
v HTML updated.
-- Complete --------------------------------------------------------------------
v Documentation updated.
v Setting active project to "<no active project>".
v Setting active project to
"/private/var/folders/k4/0jwzxmln0nb8y6rkzprptb640000gq/T/Rtmpcw3lsM/testproj962228346500".
v Setting active project to "<no active project>".
v Setting active project to
"/private/var/folders/k4/0jwzxmln0nb8y6rkzprptb640000gq/T/Rtmpcw3lsM/testpkg96224939bd5a".
i Creating `altdoc/` directory.
i Creating `docs/` directory.
i Adding ^docs$ to .Rbuildignore
i Adding ^altdoc$ to .Rbuildignore
i Adding altdoc/freeze.rds to .gitignore
i Importing default settings file(s) to `altdoc/`
i README.md is mandatory. `altdoc` created a dummy README file in the package directory.
v Setting active project to "<no active project>".
v Setting active project to
"/private/var/folders/k4/0jwzxmln0nb8y6rkzprptb640000gq/T/Rtmpcw3lsM/testpkg962221f392c9".
v Setting active project to "<no active project>".
v Setting active project to
"/private/var/folders/k4/0jwzxmln0nb8y6rkzprptb640000gq/T/Rtmpcw3lsM/testpkg962256753be0".
i Creating `altdoc/` directory.
i Creating `docs/` directory.
i Adding ^docs$ to .Rbuildignore
i Adding ^altdoc$ to .Rbuildignore
i Adding altdoc/freeze.rds to .gitignore
i Importing default settings file(s) to `altdoc/`
i README.md is mandatory. `altdoc` created a dummy README file in the package directory.
i Creating `docs/` directory.
i Importing default settings file(s) to `altdoc/`
v Setting active project to "<no active project>".
v Setting active project to
"/private/var/folders/k4/0jwzxmln0nb8y6rkzprptb640000gq/T/Rtmpcw3lsM/testpkg96221790b124".
i Creating `altdoc/` directory.
i Creating `docs/` directory.
i Adding ^docs$ to .Rbuildignore
i Adding ^altdoc$ to .Rbuildignore
i Adding altdoc/freeze.rds to .gitignore
i Importing default settings file(s) to `altdoc/`
i README.md is mandatory. `altdoc` created a dummy README file in the package directory.
i Creating `docs/` directory.
i Importing default settings file(s) to `altdoc/`
v Setting active project to "<no active project>".
v Setting active project to
"/private/var/folders/k4/0jwzxmln0nb8y6rkzprptb640000gq/T/Rtmpcw3lsM/testpkg96226b5c30ab".
i Creating `altdoc/` directory.
i Creating `docs/` directory.
i Adding ^docs$ to .Rbuildignore
i Adding ^altdoc$ to .Rbuildignore
i Adding altdoc/freeze.rds to .gitignore
i Adding ^_quarto$ to .Rbuildignore
i Adding _quarto/* to .gitignore
i Adding !_quarto/_freeze/ to .gitignore
i Importing default settings file(s) to `altdoc/`
i README.md is mandatory. `altdoc` created a dummy README file in the package directory.
v Setting active project to "<no active project>".
v Setting active project to
"/private/var/folders/k4/0jwzxmln0nb8y6rkzprptb640000gq/T/Rtmpcw3lsM/testpkg9622e80abff".
i Creating `altdoc/` directory.
i Creating `docs/` directory.
i Adding ^docs$ to .Rbuildignore
i Adding ^altdoc$ to .Rbuildignore
i Adding altdoc/freeze.rds to .gitignore
i Importing default settings file(s) to `altdoc/`
i README.md is mandatory. `altdoc` created a dummy README file in the package directory.
v Setting active project to "<no active project>".
v Setting active project to
"/private/var/folders/k4/0jwzxmln0nb8y6rkzprptb640000gq/T/Rtmpcw3lsM/testpkg962272a23a6d".
i Creating `altdoc/` directory.
i Creating `docs/` directory.
i Adding ^docs$ to .Rbuildignore
i Adding ^altdoc$ to .Rbuildignore
i Adding altdoc/freeze.rds to .gitignore
i Importing default settings file(s) to `altdoc/`
i README.md is mandatory. `altdoc` created a dummy README file in the package directory.
v '.github/workflows/altdoc.yaml' created.
v Added `altdoc` in Suggests.
v Setting active project to "<no active project>".
v Setting active project to
"/private/var/folders/k4/0jwzxmln0nb8y6rkzprptb640000gq/T/Rtmpcw3lsM/testpkg962251c977e5".
i Creating `altdoc/` directory.
i Creating `docs/` directory.
i Adding ^docs$ to .Rbuildignore
i Adding ^altdoc$ to .Rbuildignore
i Adding altdoc/freeze.rds to .gitignore
i Importing default settings file(s) to `altdoc/`
i README.md is mandatory. `altdoc` created a dummy README file in the package directory.
i Leaving 'README.md' unchanged.
[ ] Update 'README.md' to include installation instructions.
-- Basic files -----------------------------------------------------------------
v 'README' imported.
-- Man pages -------------------------------------------------------------------
i No man pages to convert.
-- Vignettes -------------------------------------------------------------------
i No vignettes to convert.
-- Update HTML -----------------------------------------------------------------
v HTML updated.
-- Complete --------------------------------------------------------------------
v Documentation updated.
v Setting active project to "<no active project>".
v Setting active project to
"/private/var/folders/k4/0jwzxmln0nb8y6rkzprptb640000gq/T/Rtmpcw3lsM/testpkg962258ab2b29".
i Creating `altdoc/` directory.
i Creating `docs/` directory.
i Adding ^docs$ to .Rbuildignore
i Adding ^altdoc$ to .Rbuildignore
i Adding altdoc/freeze.rds to .gitignore
i Importing default settings file(s) to `altdoc/`
i README.md is mandatory. `altdoc` created a dummy README file in the package directory.
i Leaving 'README.md' unchanged.
[ ] Update 'README.md' to include installation instructions.
-- Basic files -----------------------------------------------------------------
v 'README' imported.
-- Man pages -------------------------------------------------------------------
i No man pages to convert.
-- Vignettes -------------------------------------------------------------------
i No vignettes to convert.
-- Update HTML -----------------------------------------------------------------
v HTML updated.
-- Complete --------------------------------------------------------------------
v Documentation updated.
v Setting active project to "<no active project>".
v Setting active project to
"/private/var/folders/k4/0jwzxmln0nb8y6rkzprptb640000gq/T/Rtmpcw3lsM/testpkg96221bdf496c".
v Writing 'NEWS.md'.
i Creating `altdoc/` directory.
i Creating `docs/` directory.
i Adding ^docs$ to .Rbuildignore
i Adding ^altdoc$ to .Rbuildignore
i Adding altdoc/freeze.rds to .gitignore
i Importing default settings file(s) to `altdoc/`
i README.md is mandatory. `altdoc` created a dummy README file in the package directory.
-- Basic files -----------------------------------------------------------------
v 'NEWS' imported.
v 'README' imported.
-- Man pages -------------------------------------------------------------------
i No man pages to convert.
-- Vignettes -------------------------------------------------------------------
i No vignettes to convert.
-- Update HTML -----------------------------------------------------------------
v HTML updated.
-- Complete --------------------------------------------------------------------
v Documentation updated.
-- Basic files -----------------------------------------------------------------
v 'NEWS' imported.
v 'README' imported.
-- Man pages -------------------------------------------------------------------
i No man pages to convert.
-- Vignettes -------------------------------------------------------------------
i No vignettes to convert.
-- Update HTML -----------------------------------------------------------------
v HTML updated.
-- Complete --------------------------------------------------------------------
v Documentation updated.
v Setting active project to "<no active project>".
v Setting active project to
"/private/var/folders/k4/0jwzxmln0nb8y6rkzprptb640000gq/T/Rtmpcw3lsM/testpkg962226241dd6".
v Writing 'NEWS.md'.
i Creating `altdoc/` directory.
i Creating `docs/` directory.
i Adding ^docs$ to .Rbuildignore
i Adding ^altdoc$ to .Rbuildignore
i Adding altdoc/freeze.rds to .gitignore
i Importing default settings file(s) to `altdoc/`
i README.md is mandatory. `altdoc` created a dummy README file in the package directory.
-- Basic files -----------------------------------------------------------------
v 'NEWS' imported.
v 'README' imported.
-- Man pages -------------------------------------------------------------------
i No man pages to convert.
-- Vignettes -------------------------------------------------------------------
i No vignettes to convert.
-- Update HTML -----------------------------------------------------------------
v HTML updated.
-- Complete --------------------------------------------------------------------
v Documentation updated.
-- Basic files -----------------------------------------------------------------
v 'NEWS' imported.
v 'README' imported.
-- Man pages -------------------------------------------------------------------
i No man pages to convert.
-- Vignettes -------------------------------------------------------------------
i No vignettes to convert.
-- Update HTML -----------------------------------------------------------------
v HTML updated.
-- Complete --------------------------------------------------------------------
v Documentation updated.
v Setting active project to "<no active project>".
v Setting active project to
"/private/var/folders/k4/0jwzxmln0nb8y6rkzprptb640000gq/T/Rtmpcw3lsM/testpkg96222c2d5629".
v Writing 'CODE_OF_CONDUCT.md'.
v Adding "^CODE_OF_CONDUCT\\.md$" to '.Rbuildignore'.
[ ] You may also want to describe the code of conduct in your README:
## Code of Conduct
Please note that the testpkg96222c2d5629 project is released with a [Contributor Code of Conduct](https://contributor-covenant.org/version/2/1/CODE_OF_CONDUCT.html). By contributing to this project, you agree to abide by its terms.
i Creating `altdoc/` directory.
i Creating `docs/` directory.
i Adding ^docs$ to .Rbuildignore
i Adding ^altdoc$ to .Rbuildignore
i Adding altdoc/freeze.rds to .gitignore
i Importing default settings file(s) to `altdoc/`
i README.md is mandatory. `altdoc` created a dummy README file in the package directory.
-- Basic files -----------------------------------------------------------------
v 'CODE_OF_CONDUCT' imported.
v 'README' imported.
-- Man pages -------------------------------------------------------------------
i No man pages to convert.
-- Vignettes -------------------------------------------------------------------
i No vignettes to convert.
-- Update HTML -----------------------------------------------------------------
v HTML updated.
-- Complete --------------------------------------------------------------------
v Documentation updated.
-- Basic files -----------------------------------------------------------------
v 'CODE_OF_CONDUCT' imported.
v 'README' imported.
-- Man pages -------------------------------------------------------------------
i No man pages to convert.
-- Vignettes -------------------------------------------------------------------
i No vignettes to convert.
-- Update HTML -----------------------------------------------------------------
v HTML updated.
-- Complete --------------------------------------------------------------------
v Documentation updated.
v Setting active project to "<no active project>".
v Setting active project to
"/private/var/folders/k4/0jwzxmln0nb8y6rkzprptb640000gq/T/Rtmpcw3lsM/testpkg9622778aa7c8".
v Writing 'CODE_OF_CONDUCT.md'.
v Adding "^CODE_OF_CONDUCT\\.md$" to '.Rbuildignore'.
[ ] You may also want to describe the code of conduct in your README:
## Code of Conduct
Please note that the testpkg9622778aa7c8 project is released with a [Contributor Code of Conduct](https://contributor-covenant.org/version/2/1/CODE_OF_CONDUCT.html). By contributing to this project, you agree to abide by its terms.
i Creating `altdoc/` directory.
i Creating `docs/` directory.
i Adding ^docs$ to .Rbuildignore
i Adding ^altdoc$ to .Rbuildignore
i Adding altdoc/freeze.rds to .gitignore
i Importing default settings file(s) to `altdoc/`
i README.md is mandatory. `altdoc` created a dummy README file in the package directory.
-- Basic files -----------------------------------------------------------------
v 'CODE_OF_CONDUCT' imported.
v 'README' imported.
-- Man pages -------------------------------------------------------------------
i No man pages to convert.
-- Vignettes -------------------------------------------------------------------
i No vignettes to convert.
-- Update HTML -----------------------------------------------------------------
v HTML updated.
-- Complete --------------------------------------------------------------------
v Documentation updated.
-- Basic files -----------------------------------------------------------------
v 'CODE_OF_CONDUCT' imported.
v 'README' imported.
-- Man pages -------------------------------------------------------------------
i No man pages to convert.
-- Vignettes -------------------------------------------------------------------
i No vignettes to convert.
-- Update HTML -----------------------------------------------------------------
v HTML updated.
-- Complete --------------------------------------------------------------------
v Documentation updated.
v Setting active project to "<no active project>".
v Setting active project to
"/private/var/folders/k4/0jwzxmln0nb8y6rkzprptb640000gq/T/Rtmpcw3lsM/testpkg96222efa8d52".
v Adding "MIT + file LICENSE" to 'License'.
v Writing 'LICENSE'.
v Writing 'LICENSE.md'.
v Adding "^LICENSE\\.md$" to '.Rbuildignore'.
i Creating `altdoc/` directory.
i Creating `docs/` directory.
i Adding ^docs$ to .Rbuildignore
i Adding ^altdoc$ to .Rbuildignore
i Adding altdoc/freeze.rds to .gitignore
i Importing default settings file(s) to `altdoc/`
i README.md is mandatory. `altdoc` created a dummy README file in the package directory.
-- Basic files -----------------------------------------------------------------
v 'LICENSE' imported.
v 'README' imported.
-- Man pages -------------------------------------------------------------------
i No man pages to convert.
-- Vignettes -------------------------------------------------------------------
i No vignettes to convert.
-- Update HTML -----------------------------------------------------------------
v HTML updated.
-- Complete --------------------------------------------------------------------
v Documentation updated.
-- Basic files -----------------------------------------------------------------
v 'LICENSE' imported.
v 'README' imported.
-- Man pages -------------------------------------------------------------------
i No man pages to convert.
-- Vignettes -------------------------------------------------------------------
i No vignettes to convert.
-- Update HTML -----------------------------------------------------------------
v HTML updated.
-- Complete --------------------------------------------------------------------
v Documentation updated.
v Setting active project to "<no active project>".
v Setting active project to
"/private/var/folders/k4/0jwzxmln0nb8y6rkzprptb640000gq/T/Rtmpcw3lsM/testpkg962226eedf6".
v Adding "MIT + file LICENSE" to 'License'.
v Writing 'LICENSE'.
v Writing 'LICENSE.md'.
v Adding "^LICENSE\\.md$" to '.Rbuildignore'.
i Creating `altdoc/` directory.
i Creating `docs/` directory.
i Adding ^docs$ to .Rbuildignore
i Adding ^altdoc$ to .Rbuildignore
i Adding altdoc/freeze.rds to .gitignore
i Importing default settings file(s) to `altdoc/`
i README.md is mandatory. `altdoc` created a dummy README file in the package directory.
-- Basic files -----------------------------------------------------------------
v 'LICENSE' imported.
v 'README' imported.
-- Man pages -------------------------------------------------------------------
i No man pages to convert.
-- Vignettes -------------------------------------------------------------------
i No vignettes to convert.
-- Update HTML -----------------------------------------------------------------
v HTML updated.
-- Complete --------------------------------------------------------------------
v Documentation updated.
-- Basic files -----------------------------------------------------------------
v 'LICENSE' imported.
v 'README' imported.
-- Man pages -------------------------------------------------------------------
i No man pages to convert.
-- Vignettes -------------------------------------------------------------------
i No vignettes to convert.
-- Update HTML -----------------------------------------------------------------
v HTML updated.
-- Complete --------------------------------------------------------------------
v Documentation updated.
v Setting active project to "<no active project>".
v Setting active project to
"/private/var/folders/k4/0jwzxmln0nb8y6rkzprptb640000gq/T/Rtmpcw3lsM/testpkg96227f0639fc".
i Creating `altdoc/` directory.
i Creating `docs/` directory.
i Adding ^docs$ to .Rbuildignore
i Adding ^altdoc$ to .Rbuildignore
i Adding altdoc/freeze.rds to .gitignore
i Importing default settings file(s) to `altdoc/`
i README.md is mandatory. `altdoc` created a dummy README file in the package directory.
-- Basic files -----------------------------------------------------------------
v 'README' imported.
-- Man pages -------------------------------------------------------------------
i No man pages to convert.
-- Vignettes -------------------------------------------------------------------
i Found 1 vignette to convert.
\ Converting vignette 1/1: basic.Rmd
x Converting vignette 1/1: basic.Rmd [31ms]
v Setting active project to "<no active project>".
v Setting active project to
"/private/var/folders/k4/0jwzxmln0nb8y6rkzprptb640000gq/T/Rtmpcw3lsM/testpkg96221cdede0c".
i Creating `altdoc/` directory.
i Creating `docs/` directory.
i Adding ^docs$ to .Rbuildignore
i Adding ^altdoc$ to .Rbuildignore
i Adding altdoc/freeze.rds to .gitignore
i Importing default settings file(s) to `altdoc/`
i README.md is mandatory. `altdoc` created a dummy README file in the package directory.
-- Basic files -----------------------------------------------------------------
v 'README' imported.
-- Man pages -------------------------------------------------------------------
i No man pages to convert.
-- Vignettes -------------------------------------------------------------------
i Found 1 vignette to convert.
\ Converting vignette 1/1: basic.Rmd
x Converting vignette 1/1: basic.Rmd [31ms]
v Setting active project to "<no active project>".
v Setting active project to
"/private/var/folders/k4/0jwzxmln0nb8y6rkzprptb640000gq/T/Rtmpcw3lsM/testpkg962237442212".
v Setting active project to "<no active project>".
v Setting active project to
"/private/var/folders/k4/0jwzxmln0nb8y6rkzprptb640000gq/T/Rtmpcw3lsM/testpkg9622396cc153".
v Setting active project to "<no active project>".
v Setting active project to
"/private/var/folders/k4/0jwzxmln0nb8y6rkzprptb640000gq/T/Rtmpcw3lsM/testpkg96224183d670".
v Setting active project to "<no active project>".
v Setting active project to
"/private/var/folders/k4/0jwzxmln0nb8y6rkzprptb640000gq/T/Rtmpcw3lsM/testpkg96222459db5a".
v Setting active project to "<no active project>".
v Setting active project to
"/private/var/folders/k4/0jwzxmln0nb8y6rkzprptb640000gq/T/Rtmpcw3lsM/testpkg962254168059".
v Setting active project to "<no active project>".
v Setting active project to
"/private/var/folders/k4/0jwzxmln0nb8y6rkzprptb640000gq/T/Rtmpcw3lsM/testpkg96225189397e".
v Setting active project to "<no active project>".
[ FAIL 8 | WARN 0 | SKIP 8 | PASS 55 ]
══ Skipped tests (8) ═══════════════════════════════════════════════════════════
• .venv_exists() is not TRUE (2): 'test-setup_docs.R:49:5',
'test-setup_github_actions.R:23:3'
• On CRAN (5): 'test-render_docs.R:2:3', 'test-render_docs.R:35:3',
'test-render_docs.R:69:3', 'test-render_docs.R:110:3',
'test-render_docs.R:143:3'
• tool == "mkdocs" && !.venv_exists() is TRUE (1): 'test-parallel.R:3:5'
══ Failed tests ════════════════════════════════════════════════════════════════
── Error ('test-import_man.R:11:3'): rendering fails ───────────────────────────
Error in `cat(out[[2]])`: argument 1 (type 'list') cannot be handled by 'cat'
Backtrace:
▆
1. ├─testthat::expect_equal(...) at test-import_man.R:11:3
2. │ └─testthat::quasi_label(enquo(object), label, arg = "object")
3. │ └─rlang::eval_bare(expr, quo_get_env(quo))
4. └─altdoc:::.render_one_man(...)
5. └─altdoc:::.qmd2md(...)
6. └─base::cat(out[[2]])
── Error ('test-import_man.R:47:3'): rendering skipped because unchanged and freeze = TRUE ──
Error in `cat(out[[2]])`: argument 1 (type 'list') cannot be handled by 'cat'
Backtrace:
▆
1. └─altdoc:::.render_one_man(...) at test-import_man.R:47:3
2. └─altdoc:::.qmd2md(...)
3. └─base::cat(out[[2]])
── Error ('test-qmd2md.R:11:3'): use template preamble if no preamble in file ──
Error in `cat(out[[2]])`: argument 1 (type 'list') cannot be handled by 'cat'
Backtrace:
▆
1. └─altdoc:::.qmd2md(vignette_qmd, "vignettes", preamble = preamble) at test-qmd2md.R:11:3
2. └─base::cat(out[[2]])
── Error ('test-qmd2md.R:28:3'): do not use template preamble if preamble in file ──
Error in `cat(out[[2]])`: argument 1 (type 'list') cannot be handled by 'cat'
Backtrace:
▆
1. └─altdoc:::.qmd2md(vignette_qmd, "vignettes", preamble = preamble) at test-qmd2md.R:28:3
2. └─base::cat(out[[2]])
── Error ('test-render_docs.R:175:3'): render_docs errors if vignettes fail ────
Error in `cat(out[[2]])`: argument 1 (type 'list') cannot be handled by 'cat'
Backtrace:
▆
1. ├─testthat::expect_error(render_docs(path = getwd()), "some failures when rendering vignettes") at test-render_docs.R:175:3
2. │ └─testthat:::expect_condition_matching(...)
3. │ └─testthat:::quasi_capture(...)
4. │ ├─testthat (local) .capture(...)
5. │ │ └─base::withCallingHandlers(...)
6. │ └─rlang::eval_bare(quo_get_expr(.quo), quo_get_env(.quo))
7. └─altdoc::render_docs(path = getwd())
8. └─altdoc:::.import_vignettes(...)
9. └─base::vapply(...)
10. └─altdoc (local) FUN(X[[i]], ...)
11. └─altdoc:::.render_one_vignette(...)
12. └─altdoc:::.qmd2md(origin, tar_dir, verbose = verbose, preamble = pre)
13. └─base::cat(out[[2]])
── Error ('test-render_docs.R:186:3'): render_docs errors if man fail ──────────
Error in `cat(out[[2]])`: argument 1 (type 'list') cannot be handled by 'cat'
Backtrace:
▆
1. ├─testthat::expect_error(render_docs(path = getwd()), "some failures when rendering man pages") at test-render_docs.R:186:3
2. │ └─testthat:::expect_condition_matching(...)
3. │ └─testthat:::quasi_capture(...)
4. │ ├─testthat (local) .capture(...)
5. │ │ └─base::withCallingHandlers(...)
6. │ └─rlang::eval_bare(quo_get_expr(.quo), quo_get_env(.quo))
7. └─altdoc::render_docs(path = getwd())
8. └─altdoc:::.import_man(...)
9. └─base::vapply(...)
10. └─altdoc (local) FUN(X[[i]], ...)
11. └─altdoc:::.render_one_man(...)
12. └─altdoc:::.qmd2md(...)
13. └─base::cat(out[[2]])
── Error ('test-update.R:111:5'): render_docs also transform new/modified vignettes if specified: docute ──
Error in `cat(out[[2]])`: argument 1 (type 'list') cannot be handled by 'cat'
Backtrace:
▆
1. └─altdoc::render_docs(path = getwd()) at test-update.R:111:5
2. └─altdoc:::.import_vignettes(...)
3. └─base::vapply(...)
4. └─altdoc (local) FUN(X[[i]], ...)
5. └─altdoc:::.render_one_vignette(...)
6. └─altdoc:::.qmd2md(origin, tar_dir, verbose = verbose, preamble = pre)
7. └─base::cat(out[[2]])
── Error ('test-update.R:111:5'): render_docs also transform new/modified vignettes if specified: docsify ──
Error in `cat(out[[2]])`: argument 1 (type 'list') cannot be handled by 'cat'
Backtrace:
▆
1. └─altdoc::render_docs(path = getwd()) at test-update.R:111:5
2. └─altdoc:::.import_vignettes(...)
3. └─base::vapply(...)
4. └─altdoc (local) FUN(X[[i]], ...)
5. └─altdoc:::.render_one_vignette(...)
6. └─altdoc:::.qmd2md(origin, tar_dir, verbose = verbose, preamble = pre)
7. └─base::cat(out[[2]])
[ FAIL 8 | WARN 0 | SKIP 8 | PASS 55 ]
Error: Test failures
Execution halted
Flavor: r-release-macos-arm64
Version: 0.5.0
Check: tests
Result: ERROR
Running ‘spelling.R’ [0s/0s]
Running ‘testthat.R’ [20s/28s]
Running the tests in ‘tests/testthat.R’ failed.
Complete output:
> library(testthat)
> library(altdoc)
>
> test_check("altdoc")
v Setting active project to
"/private/var/folders/2b/t0kwbtmn3p7brv2mvx39c9cr0000gn/T/RtmpCiXCjS/testpkg27561abec5c7".
i Creating `altdoc/` directory.
i Creating `docs/` directory.
i Adding ^docs$ to .Rbuildignore
i Adding ^altdoc$ to .Rbuildignore
i Adding altdoc/freeze.rds to .gitignore
i Importing default settings file(s) to `altdoc/`
i README.md is mandatory. `altdoc` created a dummy README file in the package directory.
v Setting active project to "<no active project>".
v Setting active project to
"/private/var/folders/2b/t0kwbtmn3p7brv2mvx39c9cr0000gn/T/RtmpCiXCjS/testpkg27563ffaa278".
i Creating `altdoc/` directory.
i Creating `docs/` directory.
i Adding ^docs$ to .Rbuildignore
i Adding ^altdoc$ to .Rbuildignore
i Adding altdoc/freeze.rds to .gitignore
i Importing default settings file(s) to `altdoc/`
i README.md is mandatory. `altdoc` created a dummy README file in the package directory.
v Setting active project to "<no active project>".
v Setting active project to
"/private/var/folders/2b/t0kwbtmn3p7brv2mvx39c9cr0000gn/T/RtmpCiXCjS/testpkg27564199bc6a".
i Creating `altdoc/` directory.
i Creating `docs/` directory.
i Adding ^docs$ to .Rbuildignore
i Adding ^altdoc$ to .Rbuildignore
i Adding altdoc/freeze.rds to .gitignore
i Importing default settings file(s) to `altdoc/`
i README.md is mandatory. `altdoc` created a dummy README file in the package directory.
v Setting active project to "<no active project>".
v Setting active project to
"/private/var/folders/2b/t0kwbtmn3p7brv2mvx39c9cr0000gn/T/RtmpCiXCjS/testpkg27564f6b3db1".
i Creating `altdoc/` directory.
i Creating `docs/` directory.
i Adding ^docs$ to .Rbuildignore
i Adding ^altdoc$ to .Rbuildignore
i Adding altdoc/freeze.rds to .gitignore
i Importing default settings file(s) to `altdoc/`
i README.md is mandatory. `altdoc` created a dummy README file in the package directory.
i Leaving 'README.md' unchanged.
[ ] Update 'README.md' to include installation instructions.
-- Basic files -----------------------------------------------------------------
v 'README' imported.
-- Man pages -------------------------------------------------------------------
i No man pages to convert.
-- Vignettes -------------------------------------------------------------------
i No vignettes to convert.
-- Update HTML -----------------------------------------------------------------
v HTML updated.
-- Complete --------------------------------------------------------------------
v Documentation updated.
v Setting active project to "<no active project>".
v Setting active project to
"/private/var/folders/2b/t0kwbtmn3p7brv2mvx39c9cr0000gn/T/RtmpCiXCjS/testpkg27565ce5b50d".
i Creating `altdoc/` directory.
i Creating `docs/` directory.
i Adding ^docs$ to .Rbuildignore
i Adding ^altdoc$ to .Rbuildignore
i Adding altdoc/freeze.rds to .gitignore
i Importing default settings file(s) to `altdoc/`
i README.md is mandatory. `altdoc` created a dummy README file in the package directory.
i Leaving 'README.md' unchanged.
[ ] Update 'README.md' to include installation instructions.
-- Basic files -----------------------------------------------------------------
v 'README' imported.
-- Man pages -------------------------------------------------------------------
i No man pages to convert.
-- Vignettes -------------------------------------------------------------------
i No vignettes to convert.
-- Update HTML -----------------------------------------------------------------
v HTML updated.
-- Complete --------------------------------------------------------------------
v Documentation updated.
v Setting active project to "<no active project>".
v Setting active project to
"/private/var/folders/2b/t0kwbtmn3p7brv2mvx39c9cr0000gn/T/RtmpCiXCjS/testpkg27563ba18d41".
i Creating `altdoc/` directory.
i Creating `docs/` directory.
i Adding ^docs$ to .Rbuildignore
i Adding ^altdoc$ to .Rbuildignore
i Adding altdoc/freeze.rds to .gitignore
i Importing default settings file(s) to `altdoc/`
i README.md is mandatory. `altdoc` created a dummy README file in the package directory.
v Setting active project to "<no active project>".
v Setting active project to
"/private/var/folders/2b/t0kwbtmn3p7brv2mvx39c9cr0000gn/T/RtmpCiXCjS/testpkg275631e1ae14".
i Creating `altdoc/` directory.
i Creating `docs/` directory.
i Adding ^docs$ to .Rbuildignore
i Adding ^altdoc$ to .Rbuildignore
i Adding altdoc/freeze.rds to .gitignore
i Importing default settings file(s) to `altdoc/`
i README.md is mandatory. `altdoc` created a dummy README file in the package directory.
v Setting active project to "<no active project>".
v Setting active project to
"/private/var/folders/2b/t0kwbtmn3p7brv2mvx39c9cr0000gn/T/RtmpCiXCjS/testpkg275613e4a10d".
i Creating `altdoc/` directory.
i Creating `docs/` directory.
i Adding ^docs$ to .Rbuildignore
i Adding ^altdoc$ to .Rbuildignore
i Adding altdoc/freeze.rds to .gitignore
i Importing default settings file(s) to `altdoc/`
i README.md is mandatory. `altdoc` created a dummy README file in the package directory.
v Setting active project to "<no active project>".
v Setting active project to
"/private/var/folders/2b/t0kwbtmn3p7brv2mvx39c9cr0000gn/T/RtmpCiXCjS/testpkg275642a374b0".
v Setting active project to "<no active project>".
v Setting active project to
"/private/var/folders/2b/t0kwbtmn3p7brv2mvx39c9cr0000gn/T/RtmpCiXCjS/testpkg275664f0bc09".
i Creating `altdoc/` directory.
i Creating `docs/` directory.
i Adding ^docs$ to .Rbuildignore
i Adding ^altdoc$ to .Rbuildignore
i Adding altdoc/freeze.rds to .gitignore
i Importing default settings file(s) to `altdoc/`
i README.md is mandatory. `altdoc` created a dummy README file in the package directory.
-- Basic files -----------------------------------------------------------------
v 'README' imported.
-- Man pages -------------------------------------------------------------------
i No man pages to convert.
-- Vignettes -------------------------------------------------------------------
i Found 1 vignette to convert.
\ Converting vignette 1/1: foo.Rmd
x Converting vignette 1/1: foo.Rmd [73ms]
v Setting active project to "<no active project>".
v Setting active project to
"/private/var/folders/2b/t0kwbtmn3p7brv2mvx39c9cr0000gn/T/RtmpCiXCjS/testpkg27561c0a3ed6".
i Creating `altdoc/` directory.
i Creating `docs/` directory.
i Adding ^docs$ to .Rbuildignore
i Adding ^altdoc$ to .Rbuildignore
i Adding altdoc/freeze.rds to .gitignore
i Importing default settings file(s) to `altdoc/`
i README.md is mandatory. `altdoc` created a dummy README file in the package directory.
-- Basic files -----------------------------------------------------------------
v 'README' imported.
-- Man pages -------------------------------------------------------------------
i Found 1 man page to convert.
\ Converting function reference 1/1: foo
x Converting function reference 1/1: foo [92ms]
v Setting active project to "<no active project>".
v Setting active project to
"/private/var/folders/2b/t0kwbtmn3p7brv2mvx39c9cr0000gn/T/RtmpCiXCjS/testpkg275622893e4e".
i Creating `altdoc/` directory.
i Creating `docs/` directory.
i Adding ^docs$ to .Rbuildignore
i Adding ^altdoc$ to .Rbuildignore
i Adding altdoc/freeze.rds to .gitignore
i Adding altdoc/pkgdown.yml file.
i Importing default settings file(s) to `altdoc/`
i README.md is mandatory. `altdoc` created a dummy README file in the package directory.
-- Basic files -----------------------------------------------------------------
v 'README' imported.
-- Man pages -------------------------------------------------------------------
i No man pages to convert.
-- Vignettes -------------------------------------------------------------------
i No vignettes to convert.
-- Update HTML -----------------------------------------------------------------
v HTML updated.
-- Complete --------------------------------------------------------------------
v Documentation updated.
v Setting active project to "<no active project>".
v Setting active project to
"/private/var/folders/2b/t0kwbtmn3p7brv2mvx39c9cr0000gn/T/RtmpCiXCjS/testpkg27565480ce63".
i Creating `altdoc/` directory.
i Creating `docs/` directory.
i Adding ^docs$ to .Rbuildignore
i Adding ^altdoc$ to .Rbuildignore
i Adding altdoc/freeze.rds to .gitignore
i Importing default settings file(s) to `altdoc/`
i README.md is mandatory. `altdoc` created a dummy README file in the package directory.
-- Basic files -----------------------------------------------------------------
v 'README' imported.
-- Man pages -------------------------------------------------------------------
i No man pages to convert.
-- Vignettes -------------------------------------------------------------------
i No vignettes to convert.
-- Update HTML -----------------------------------------------------------------
v HTML updated.
-- Complete --------------------------------------------------------------------
v Documentation updated.
v Setting active project to "<no active project>".
v Setting active project to
"/private/var/folders/2b/t0kwbtmn3p7brv2mvx39c9cr0000gn/T/RtmpCiXCjS/testproj2756795fa786".
v Setting active project to "<no active project>".
v Setting active project to
"/private/var/folders/2b/t0kwbtmn3p7brv2mvx39c9cr0000gn/T/RtmpCiXCjS/testpkg27566ca3d1ab".
i Creating `altdoc/` directory.
i Creating `docs/` directory.
i Adding ^docs$ to .Rbuildignore
i Adding ^altdoc$ to .Rbuildignore
i Adding altdoc/freeze.rds to .gitignore
i Importing default settings file(s) to `altdoc/`
i README.md is mandatory. `altdoc` created a dummy README file in the package directory.
v Setting active project to "<no active project>".
v Setting active project to
"/private/var/folders/2b/t0kwbtmn3p7brv2mvx39c9cr0000gn/T/RtmpCiXCjS/testpkg275627f927bf".
v Setting active project to "<no active project>".
v Setting active project to
"/private/var/folders/2b/t0kwbtmn3p7brv2mvx39c9cr0000gn/T/RtmpCiXCjS/testpkg275630e1e55c".
i Creating `altdoc/` directory.
i Creating `docs/` directory.
i Adding ^docs$ to .Rbuildignore
i Adding ^altdoc$ to .Rbuildignore
i Adding altdoc/freeze.rds to .gitignore
i Importing default settings file(s) to `altdoc/`
i README.md is mandatory. `altdoc` created a dummy README file in the package directory.
i Creating `docs/` directory.
i Importing default settings file(s) to `altdoc/`
v Setting active project to "<no active project>".
v Setting active project to
"/private/var/folders/2b/t0kwbtmn3p7brv2mvx39c9cr0000gn/T/RtmpCiXCjS/testpkg2756af5e987".
i Creating `altdoc/` directory.
i Creating `docs/` directory.
i Adding ^docs$ to .Rbuildignore
i Adding ^altdoc$ to .Rbuildignore
i Adding altdoc/freeze.rds to .gitignore
i Importing default settings file(s) to `altdoc/`
i README.md is mandatory. `altdoc` created a dummy README file in the package directory.
i Creating `docs/` directory.
i Importing default settings file(s) to `altdoc/`
v Setting active project to "<no active project>".
v Setting active project to
"/private/var/folders/2b/t0kwbtmn3p7brv2mvx39c9cr0000gn/T/RtmpCiXCjS/testpkg27561a4d179c".
i Creating `altdoc/` directory.
i Creating `docs/` directory.
i Adding ^docs$ to .Rbuildignore
i Adding ^altdoc$ to .Rbuildignore
i Adding altdoc/freeze.rds to .gitignore
i Adding ^_quarto$ to .Rbuildignore
i Adding _quarto/* to .gitignore
i Adding !_quarto/_freeze/ to .gitignore
i Importing default settings file(s) to `altdoc/`
i README.md is mandatory. `altdoc` created a dummy README file in the package directory.
v Setting active project to "<no active project>".
v Setting active project to
"/private/var/folders/2b/t0kwbtmn3p7brv2mvx39c9cr0000gn/T/RtmpCiXCjS/testpkg27565148cc44".
i Creating `altdoc/` directory.
i Creating `docs/` directory.
i Adding ^docs$ to .Rbuildignore
i Adding ^altdoc$ to .Rbuildignore
i Adding altdoc/freeze.rds to .gitignore
i Importing default settings file(s) to `altdoc/`
i README.md is mandatory. `altdoc` created a dummy README file in the package directory.
v Setting active project to "<no active project>".
v Setting active project to
"/private/var/folders/2b/t0kwbtmn3p7brv2mvx39c9cr0000gn/T/RtmpCiXCjS/testpkg2756fe10281".
i Creating `altdoc/` directory.
i Creating `docs/` directory.
i Adding ^docs$ to .Rbuildignore
i Adding ^altdoc$ to .Rbuildignore
i Adding altdoc/freeze.rds to .gitignore
i Importing default settings file(s) to `altdoc/`
i README.md is mandatory. `altdoc` created a dummy README file in the package directory.
v '.github/workflows/altdoc.yaml' created.
v Added `altdoc` in Suggests.
v Setting active project to "<no active project>".
v Setting active project to
"/private/var/folders/2b/t0kwbtmn3p7brv2mvx39c9cr0000gn/T/RtmpCiXCjS/testpkg275626af36a0".
i Creating `altdoc/` directory.
i Creating `docs/` directory.
i Adding ^docs$ to .Rbuildignore
i Adding ^altdoc$ to .Rbuildignore
i Adding altdoc/freeze.rds to .gitignore
i Importing default settings file(s) to `altdoc/`
i README.md is mandatory. `altdoc` created a dummy README file in the package directory.
i Leaving 'README.md' unchanged.
[ ] Update 'README.md' to include installation instructions.
-- Basic files -----------------------------------------------------------------
v 'README' imported.
-- Man pages -------------------------------------------------------------------
i No man pages to convert.
-- Vignettes -------------------------------------------------------------------
i No vignettes to convert.
-- Update HTML -----------------------------------------------------------------
v HTML updated.
-- Complete --------------------------------------------------------------------
v Documentation updated.
v Setting active project to "<no active project>".
v Setting active project to
"/private/var/folders/2b/t0kwbtmn3p7brv2mvx39c9cr0000gn/T/RtmpCiXCjS/testpkg27567f09e37d".
i Creating `altdoc/` directory.
i Creating `docs/` directory.
i Adding ^docs$ to .Rbuildignore
i Adding ^altdoc$ to .Rbuildignore
i Adding altdoc/freeze.rds to .gitignore
i Importing default settings file(s) to `altdoc/`
i README.md is mandatory. `altdoc` created a dummy README file in the package directory.
i Leaving 'README.md' unchanged.
[ ] Update 'README.md' to include installation instructions.
-- Basic files -----------------------------------------------------------------
v 'README' imported.
-- Man pages -------------------------------------------------------------------
i No man pages to convert.
-- Vignettes -------------------------------------------------------------------
i No vignettes to convert.
-- Update HTML -----------------------------------------------------------------
v HTML updated.
-- Complete --------------------------------------------------------------------
v Documentation updated.
v Setting active project to "<no active project>".
v Setting active project to
"/private/var/folders/2b/t0kwbtmn3p7brv2mvx39c9cr0000gn/T/RtmpCiXCjS/testpkg2756544d7d3d".
v Writing 'NEWS.md'.
i Creating `altdoc/` directory.
i Creating `docs/` directory.
i Adding ^docs$ to .Rbuildignore
i Adding ^altdoc$ to .Rbuildignore
i Adding altdoc/freeze.rds to .gitignore
i Importing default settings file(s) to `altdoc/`
i README.md is mandatory. `altdoc` created a dummy README file in the package directory.
-- Basic files -----------------------------------------------------------------
v 'NEWS' imported.
v 'README' imported.
-- Man pages -------------------------------------------------------------------
i No man pages to convert.
-- Vignettes -------------------------------------------------------------------
i No vignettes to convert.
-- Update HTML -----------------------------------------------------------------
v HTML updated.
-- Complete --------------------------------------------------------------------
v Documentation updated.
-- Basic files -----------------------------------------------------------------
v 'NEWS' imported.
v 'README' imported.
-- Man pages -------------------------------------------------------------------
i No man pages to convert.
-- Vignettes -------------------------------------------------------------------
i No vignettes to convert.
-- Update HTML -----------------------------------------------------------------
v HTML updated.
-- Complete --------------------------------------------------------------------
v Documentation updated.
v Setting active project to "<no active project>".
v Setting active project to
"/private/var/folders/2b/t0kwbtmn3p7brv2mvx39c9cr0000gn/T/RtmpCiXCjS/testpkg275620f11ffb".
v Writing 'NEWS.md'.
i Creating `altdoc/` directory.
i Creating `docs/` directory.
i Adding ^docs$ to .Rbuildignore
i Adding ^altdoc$ to .Rbuildignore
i Adding altdoc/freeze.rds to .gitignore
i Importing default settings file(s) to `altdoc/`
i README.md is mandatory. `altdoc` created a dummy README file in the package directory.
-- Basic files -----------------------------------------------------------------
v 'NEWS' imported.
v 'README' imported.
-- Man pages -------------------------------------------------------------------
i No man pages to convert.
-- Vignettes -------------------------------------------------------------------
i No vignettes to convert.
-- Update HTML -----------------------------------------------------------------
v HTML updated.
-- Complete --------------------------------------------------------------------
v Documentation updated.
-- Basic files -----------------------------------------------------------------
v 'NEWS' imported.
v 'README' imported.
-- Man pages -------------------------------------------------------------------
i No man pages to convert.
-- Vignettes -------------------------------------------------------------------
i No vignettes to convert.
-- Update HTML -----------------------------------------------------------------
v HTML updated.
-- Complete --------------------------------------------------------------------
v Documentation updated.
v Setting active project to "<no active project>".
v Setting active project to
"/private/var/folders/2b/t0kwbtmn3p7brv2mvx39c9cr0000gn/T/RtmpCiXCjS/testpkg2756115c23fd".
v Writing 'CODE_OF_CONDUCT.md'.
v Adding "^CODE_OF_CONDUCT\\.md$" to '.Rbuildignore'.
[ ] You may also want to describe the code of conduct in your README:
## Code of Conduct
Please note that the testpkg2756115c23fd project is released with a [Contributor Code of Conduct](https://contributor-covenant.org/version/2/1/CODE_OF_CONDUCT.html). By contributing to this project, you agree to abide by its terms.
i Creating `altdoc/` directory.
i Creating `docs/` directory.
i Adding ^docs$ to .Rbuildignore
i Adding ^altdoc$ to .Rbuildignore
i Adding altdoc/freeze.rds to .gitignore
i Importing default settings file(s) to `altdoc/`
i README.md is mandatory. `altdoc` created a dummy README file in the package directory.
-- Basic files -----------------------------------------------------------------
v 'CODE_OF_CONDUCT' imported.
v 'README' imported.
-- Man pages -------------------------------------------------------------------
i No man pages to convert.
-- Vignettes -------------------------------------------------------------------
i No vignettes to convert.
-- Update HTML -----------------------------------------------------------------
v HTML updated.
-- Complete --------------------------------------------------------------------
v Documentation updated.
-- Basic files -----------------------------------------------------------------
v 'CODE_OF_CONDUCT' imported.
v 'README' imported.
-- Man pages -------------------------------------------------------------------
i No man pages to convert.
-- Vignettes -------------------------------------------------------------------
i No vignettes to convert.
-- Update HTML -----------------------------------------------------------------
v HTML updated.
-- Complete --------------------------------------------------------------------
v Documentation updated.
v Setting active project to "<no active project>".
v Setting active project to
"/private/var/folders/2b/t0kwbtmn3p7brv2mvx39c9cr0000gn/T/RtmpCiXCjS/testpkg2756f79ec87".
v Writing 'CODE_OF_CONDUCT.md'.
v Adding "^CODE_OF_CONDUCT\\.md$" to '.Rbuildignore'.
[ ] You may also want to describe the code of conduct in your README:
## Code of Conduct
Please note that the testpkg2756f79ec87 project is released with a [Contributor Code of Conduct](https://contributor-covenant.org/version/2/1/CODE_OF_CONDUCT.html). By contributing to this project, you agree to abide by its terms.
i Creating `altdoc/` directory.
i Creating `docs/` directory.
i Adding ^docs$ to .Rbuildignore
i Adding ^altdoc$ to .Rbuildignore
i Adding altdoc/freeze.rds to .gitignore
i Importing default settings file(s) to `altdoc/`
i README.md is mandatory. `altdoc` created a dummy README file in the package directory.
-- Basic files -----------------------------------------------------------------
v 'CODE_OF_CONDUCT' imported.
v 'README' imported.
-- Man pages -------------------------------------------------------------------
i No man pages to convert.
-- Vignettes -------------------------------------------------------------------
i No vignettes to convert.
-- Update HTML -----------------------------------------------------------------
v HTML updated.
-- Complete --------------------------------------------------------------------
v Documentation updated.
-- Basic files -----------------------------------------------------------------
v 'CODE_OF_CONDUCT' imported.
v 'README' imported.
-- Man pages -------------------------------------------------------------------
i No man pages to convert.
-- Vignettes -------------------------------------------------------------------
i No vignettes to convert.
-- Update HTML -----------------------------------------------------------------
v HTML updated.
-- Complete --------------------------------------------------------------------
v Documentation updated.
v Setting active project to "<no active project>".
v Setting active project to
"/private/var/folders/2b/t0kwbtmn3p7brv2mvx39c9cr0000gn/T/RtmpCiXCjS/testpkg2756455e001b".
v Adding "MIT + file LICENSE" to 'License'.
v Writing 'LICENSE'.
v Writing 'LICENSE.md'.
v Adding "^LICENSE\\.md$" to '.Rbuildignore'.
i Creating `altdoc/` directory.
i Creating `docs/` directory.
i Adding ^docs$ to .Rbuildignore
i Adding ^altdoc$ to .Rbuildignore
i Adding altdoc/freeze.rds to .gitignore
i Importing default settings file(s) to `altdoc/`
i README.md is mandatory. `altdoc` created a dummy README file in the package directory.
-- Basic files -----------------------------------------------------------------
v 'LICENSE' imported.
v 'README' imported.
-- Man pages -------------------------------------------------------------------
i No man pages to convert.
-- Vignettes -------------------------------------------------------------------
i No vignettes to convert.
-- Update HTML -----------------------------------------------------------------
v HTML updated.
-- Complete --------------------------------------------------------------------
v Documentation updated.
-- Basic files -----------------------------------------------------------------
v 'LICENSE' imported.
v 'README' imported.
-- Man pages -------------------------------------------------------------------
i No man pages to convert.
-- Vignettes -------------------------------------------------------------------
i No vignettes to convert.
-- Update HTML -----------------------------------------------------------------
v HTML updated.
-- Complete --------------------------------------------------------------------
v Documentation updated.
v Setting active project to "<no active project>".
v Setting active project to
"/private/var/folders/2b/t0kwbtmn3p7brv2mvx39c9cr0000gn/T/RtmpCiXCjS/testpkg2756375828c7".
v Adding "MIT + file LICENSE" to 'License'.
v Writing 'LICENSE'.
v Writing 'LICENSE.md'.
v Adding "^LICENSE\\.md$" to '.Rbuildignore'.
i Creating `altdoc/` directory.
i Creating `docs/` directory.
i Adding ^docs$ to .Rbuildignore
i Adding ^altdoc$ to .Rbuildignore
i Adding altdoc/freeze.rds to .gitignore
i Importing default settings file(s) to `altdoc/`
i README.md is mandatory. `altdoc` created a dummy README file in the package directory.
-- Basic files -----------------------------------------------------------------
v 'LICENSE' imported.
v 'README' imported.
-- Man pages -------------------------------------------------------------------
i No man pages to convert.
-- Vignettes -------------------------------------------------------------------
i No vignettes to convert.
-- Update HTML -----------------------------------------------------------------
v HTML updated.
-- Complete --------------------------------------------------------------------
v Documentation updated.
-- Basic files -----------------------------------------------------------------
v 'LICENSE' imported.
v 'README' imported.
-- Man pages -------------------------------------------------------------------
i No man pages to convert.
-- Vignettes -------------------------------------------------------------------
i No vignettes to convert.
-- Update HTML -----------------------------------------------------------------
v HTML updated.
-- Complete --------------------------------------------------------------------
v Documentation updated.
v Setting active project to "<no active project>".
v Setting active project to
"/private/var/folders/2b/t0kwbtmn3p7brv2mvx39c9cr0000gn/T/RtmpCiXCjS/testpkg275634f75a97".
i Creating `altdoc/` directory.
i Creating `docs/` directory.
i Adding ^docs$ to .Rbuildignore
i Adding ^altdoc$ to .Rbuildignore
i Adding altdoc/freeze.rds to .gitignore
i Importing default settings file(s) to `altdoc/`
i README.md is mandatory. `altdoc` created a dummy README file in the package directory.
-- Basic files -----------------------------------------------------------------
v 'README' imported.
-- Man pages -------------------------------------------------------------------
i No man pages to convert.
-- Vignettes -------------------------------------------------------------------
i Found 1 vignette to convert.
\ Converting vignette 1/1: basic.Rmd
x Converting vignette 1/1: basic.Rmd [73ms]
v Setting active project to "<no active project>".
v Setting active project to
"/private/var/folders/2b/t0kwbtmn3p7brv2mvx39c9cr0000gn/T/RtmpCiXCjS/testpkg275626a3285a".
i Creating `altdoc/` directory.
i Creating `docs/` directory.
i Adding ^docs$ to .Rbuildignore
i Adding ^altdoc$ to .Rbuildignore
i Adding altdoc/freeze.rds to .gitignore
i Importing default settings file(s) to `altdoc/`
i README.md is mandatory. `altdoc` created a dummy README file in the package directory.
-- Basic files -----------------------------------------------------------------
v 'README' imported.
-- Man pages -------------------------------------------------------------------
i No man pages to convert.
-- Vignettes -------------------------------------------------------------------
i Found 1 vignette to convert.
\ Converting vignette 1/1: basic.Rmd
x Converting vignette 1/1: basic.Rmd [61ms]
v Setting active project to "<no active project>".
v Setting active project to
"/private/var/folders/2b/t0kwbtmn3p7brv2mvx39c9cr0000gn/T/RtmpCiXCjS/testpkg2756109f553".
v Setting active project to "<no active project>".
v Setting active project to
"/private/var/folders/2b/t0kwbtmn3p7brv2mvx39c9cr0000gn/T/RtmpCiXCjS/testpkg27561af025".
v Setting active project to "<no active project>".
v Setting active project to
"/private/var/folders/2b/t0kwbtmn3p7brv2mvx39c9cr0000gn/T/RtmpCiXCjS/testpkg275646cce2a7".
v Setting active project to "<no active project>".
v Setting active project to
"/private/var/folders/2b/t0kwbtmn3p7brv2mvx39c9cr0000gn/T/RtmpCiXCjS/testpkg27563cbaa98a".
v Setting active project to "<no active project>".
v Setting active project to
"/private/var/folders/2b/t0kwbtmn3p7brv2mvx39c9cr0000gn/T/RtmpCiXCjS/testpkg275629f68154".
v Setting active project to "<no active project>".
v Setting active project to
"/private/var/folders/2b/t0kwbtmn3p7brv2mvx39c9cr0000gn/T/RtmpCiXCjS/testpkg27562e494838".
v Setting active project to "<no active project>".
[ FAIL 10 | WARN 1 | SKIP 8 | PASS 51 ]
══ Skipped tests (8) ═══════════════════════════════════════════════════════════
• .venv_exists() is not TRUE (2): 'test-setup_docs.R:49:5',
'test-setup_github_actions.R:23:3'
• On CRAN (5): 'test-render_docs.R:2:3', 'test-render_docs.R:35:3',
'test-render_docs.R:69:3', 'test-render_docs.R:110:3',
'test-render_docs.R:143:3'
• tool == "mkdocs" && !.venv_exists() is TRUE (1): 'test-parallel.R:3:5'
══ Failed tests ════════════════════════════════════════════════════════════════
── Error ('test-check_md_structure.R:3:3'): .reformat_md works ─────────────────
Error in `file(file, if (append) "a" else "w")`: cannot open the connection
Backtrace:
▆
1. └─altdoc:::create_local_package() at test-check_md_structure.R:3:3
2. └─altdoc:::create_local_thing(dir, env, rstudio, "package") at tests/testthat/helper.R:34:3
3. ├─usethis::ui_silence(...) at tests/testthat/helper.R:65:3
4. │ └─withr::with_options(list(usethis.quiet = TRUE), code)
5. │ └─base::force(code)
6. └─usethis::create_package(...)
7. └─usethis:::proj_desc_create(name, fields, roxygen)
8. └─desc$write(file = tf)
9. └─desc:::idesc_write(self, private, file)
10. └─desc:::write_dcf(mat, file = tmp, keep.white = names(private$data))
11. └─base::write.dcf(..., useBytes = TRUE)
12. └─base::file(file, if (append) "a" else "w")
── Error ('test-freeze.R:3:3'): comparing hashes works ─────────────────────────
<ENOSPC/fs_error/error/condition>
Error: [ENOSPC] Failed to copy 'examples/examples-man/between.Rd' to '/var/folders/2b/t0kwbtmn3p7brv2mvx39c9cr0000gn/T/RtmpCiXCjS/file27561f8083f': no space left on device
Backtrace:
▆
1. └─fs::file_copy(...) at test-freeze.R:3:3
── Error ('test-import_man.R:11:3'): rendering fails ───────────────────────────
Error in `cat(out[[2]])`: argument 1 (type 'list') cannot be handled by 'cat'
Backtrace:
▆
1. ├─testthat::expect_equal(...) at test-import_man.R:11:3
2. │ └─testthat::quasi_label(enquo(object), label, arg = "object")
3. │ └─rlang::eval_bare(expr, quo_get_env(quo))
4. └─altdoc:::.render_one_man(...)
5. └─altdoc:::.qmd2md(...)
6. └─base::cat(out[[2]])
── Error ('test-import_man.R:47:3'): rendering skipped because unchanged and freeze = TRUE ──
Error in `cat(out[[2]])`: argument 1 (type 'list') cannot be handled by 'cat'
Backtrace:
▆
1. └─altdoc:::.render_one_man(...) at test-import_man.R:47:3
2. └─altdoc:::.qmd2md(...)
3. └─base::cat(out[[2]])
── Error ('test-qmd2md.R:11:3'): use template preamble if no preamble in file ──
Error in `cat(out[[2]])`: argument 1 (type 'list') cannot be handled by 'cat'
Backtrace:
▆
1. └─altdoc:::.qmd2md(vignette_qmd, "vignettes", preamble = preamble) at test-qmd2md.R:11:3
2. └─base::cat(out[[2]])
── Error ('test-qmd2md.R:28:3'): do not use template preamble if preamble in file ──
Error in `cat(out[[2]])`: argument 1 (type 'list') cannot be handled by 'cat'
Backtrace:
▆
1. └─altdoc:::.qmd2md(vignette_qmd, "vignettes", preamble = preamble) at test-qmd2md.R:28:3
2. └─base::cat(out[[2]])
── Error ('test-render_docs.R:175:3'): render_docs errors if vignettes fail ────
Error in `cat(out[[2]])`: argument 1 (type 'list') cannot be handled by 'cat'
Backtrace:
▆
1. ├─testthat::expect_error(render_docs(path = getwd()), "some failures when rendering vignettes") at test-render_docs.R:175:3
2. │ └─testthat:::expect_condition_matching(...)
3. │ └─testthat:::quasi_capture(...)
4. │ ├─testthat (local) .capture(...)
5. │ │ └─base::withCallingHandlers(...)
6. │ └─rlang::eval_bare(quo_get_expr(.quo), quo_get_env(.quo))
7. └─altdoc::render_docs(path = getwd())
8. └─altdoc:::.import_vignettes(...)
9. └─base::vapply(...)
10. └─altdoc (local) FUN(X[[i]], ...)
11. └─altdoc:::.render_one_vignette(...)
12. └─altdoc:::.qmd2md(origin, tar_dir, verbose = verbose, preamble = pre)
13. └─base::cat(out[[2]])
── Error ('test-render_docs.R:186:3'): render_docs errors if man fail ──────────
Error in `cat(out[[2]])`: argument 1 (type 'list') cannot be handled by 'cat'
Backtrace:
▆
1. ├─testthat::expect_error(render_docs(path = getwd()), "some failures when rendering man pages") at test-render_docs.R:186:3
2. │ └─testthat:::expect_condition_matching(...)
3. │ └─testthat:::quasi_capture(...)
4. │ ├─testthat (local) .capture(...)
5. │ │ └─base::withCallingHandlers(...)
6. │ └─rlang::eval_bare(quo_get_expr(.quo), quo_get_env(.quo))
7. └─altdoc::render_docs(path = getwd())
8. └─altdoc:::.import_man(...)
9. └─base::vapply(...)
10. └─altdoc (local) FUN(X[[i]], ...)
11. └─altdoc:::.render_one_man(...)
12. └─altdoc:::.qmd2md(...)
13. └─base::cat(out[[2]])
── Error ('test-update.R:111:5'): render_docs also transform new/modified vignettes if specified: docute ──
Error in `cat(out[[2]])`: argument 1 (type 'list') cannot be handled by 'cat'
Backtrace:
▆
1. └─altdoc::render_docs(path = getwd()) at test-update.R:111:5
2. └─altdoc:::.import_vignettes(...)
3. └─base::vapply(...)
4. └─altdoc (local) FUN(X[[i]], ...)
5. └─altdoc:::.render_one_vignette(...)
6. └─altdoc:::.qmd2md(origin, tar_dir, verbose = verbose, preamble = pre)
7. └─base::cat(out[[2]])
── Error ('test-update.R:111:5'): render_docs also transform new/modified vignettes if specified: docsify ──
Error in `cat(out[[2]])`: argument 1 (type 'list') cannot be handled by 'cat'
Backtrace:
▆
1. └─altdoc::render_docs(path = getwd()) at test-update.R:111:5
2. └─altdoc:::.import_vignettes(...)
3. └─base::vapply(...)
4. └─altdoc (local) FUN(X[[i]], ...)
5. └─altdoc:::.render_one_vignette(...)
6. └─altdoc:::.qmd2md(origin, tar_dir, verbose = verbose, preamble = pre)
7. └─base::cat(out[[2]])
[ FAIL 10 | WARN 1 | SKIP 8 | PASS 51 ]
Error: Test failures
Execution halted
Flavor: r-release-macos-x86_64
Version: 0.5.0
Check: PDF version of manual
Result: WARN
LaTeX errors when creating PDF version.
This typically indicates Rd problems.
LaTeX errors found:
Flavor: r-release-macos-x86_64
Version: 0.5.0
Check: PDF version of manual without index
Result: ERROR
Re-running with no redirection of stdout/stderr.
Flavor: r-release-macos-x86_64
Version: 0.5.0
Check: tests
Result: ERROR
Running ‘spelling.R’ [0s/0s]
Running ‘testthat.R’ [8s/10s]
Running the tests in ‘tests/testthat.R’ failed.
Complete output:
> library(testthat)
> library(altdoc)
>
> test_check("altdoc")
v Setting active project to
"/private/var/folders/k4/0jwzxmln0nb8y6rkzprptb640000gq/T/Rtmph2pBGo/testpkg265c5ee40370".
i Creating `altdoc/` directory.
i Creating `docs/` directory.
i Adding ^docs$ to .Rbuildignore
i Adding ^altdoc$ to .Rbuildignore
i Adding altdoc/freeze.rds to .gitignore
i Importing default settings file(s) to `altdoc/`
i README.md is mandatory. `altdoc` created a dummy README file in the package directory.
-- Basic files -----------------------------------------------------------------
v 'README' imported.
-- Man pages -------------------------------------------------------------------
i No man pages to convert.
-- Vignettes -------------------------------------------------------------------
i No vignettes to convert.
-- Update HTML -----------------------------------------------------------------
v HTML updated.
-- Complete --------------------------------------------------------------------
v Documentation updated.
v Setting active project to "<no active project>".
v Setting active project to
"/private/var/folders/k4/0jwzxmln0nb8y6rkzprptb640000gq/T/Rtmph2pBGo/testpkg265ccf2e2fa".
i Creating `altdoc/` directory.
i Creating `docs/` directory.
i Adding ^docs$ to .Rbuildignore
i Adding ^altdoc$ to .Rbuildignore
i Adding altdoc/freeze.rds to .gitignore
i Importing default settings file(s) to `altdoc/`
i README.md is mandatory. `altdoc` created a dummy README file in the package directory.
v Setting active project to "<no active project>".
v Setting active project to
"/private/var/folders/k4/0jwzxmln0nb8y6rkzprptb640000gq/T/Rtmph2pBGo/testpkg265c25a9c371".
i Creating `altdoc/` directory.
i Creating `docs/` directory.
i Adding ^docs$ to .Rbuildignore
i Adding ^altdoc$ to .Rbuildignore
i Adding altdoc/freeze.rds to .gitignore
i Importing default settings file(s) to `altdoc/`
i README.md is mandatory. `altdoc` created a dummy README file in the package directory.
v Setting active project to "<no active project>".
v Setting active project to
"/private/var/folders/k4/0jwzxmln0nb8y6rkzprptb640000gq/T/Rtmph2pBGo/testpkg265c59b5a376".
i Creating `altdoc/` directory.
i Creating `docs/` directory.
i Adding ^docs$ to .Rbuildignore
i Adding ^altdoc$ to .Rbuildignore
i Adding altdoc/freeze.rds to .gitignore
i Importing default settings file(s) to `altdoc/`
i README.md is mandatory. `altdoc` created a dummy README file in the package directory.
v Setting active project to "<no active project>".
v Setting active project to
"/private/var/folders/k4/0jwzxmln0nb8y6rkzprptb640000gq/T/Rtmph2pBGo/testpkg265c61727ccd".
i Creating `altdoc/` directory.
i Creating `docs/` directory.
i Adding ^docs$ to .Rbuildignore
i Adding ^altdoc$ to .Rbuildignore
i Adding altdoc/freeze.rds to .gitignore
i Importing default settings file(s) to `altdoc/`
i README.md is mandatory. `altdoc` created a dummy README file in the package directory.
i Leaving 'README.md' unchanged.
[ ] Update 'README.md' to include installation instructions.
-- Basic files -----------------------------------------------------------------
v 'README' imported.
-- Man pages -------------------------------------------------------------------
i No man pages to convert.
-- Vignettes -------------------------------------------------------------------
i No vignettes to convert.
-- Update HTML -----------------------------------------------------------------
v HTML updated.
-- Complete --------------------------------------------------------------------
v Documentation updated.
v Setting active project to "<no active project>".
v Setting active project to
"/private/var/folders/k4/0jwzxmln0nb8y6rkzprptb640000gq/T/Rtmph2pBGo/testpkg265c7c699c09".
i Creating `altdoc/` directory.
i Creating `docs/` directory.
i Adding ^docs$ to .Rbuildignore
i Adding ^altdoc$ to .Rbuildignore
i Adding altdoc/freeze.rds to .gitignore
i Importing default settings file(s) to `altdoc/`
i README.md is mandatory. `altdoc` created a dummy README file in the package directory.
i Leaving 'README.md' unchanged.
[ ] Update 'README.md' to include installation instructions.
-- Basic files -----------------------------------------------------------------
v 'README' imported.
-- Man pages -------------------------------------------------------------------
i No man pages to convert.
-- Vignettes -------------------------------------------------------------------
i No vignettes to convert.
-- Update HTML -----------------------------------------------------------------
v HTML updated.
-- Complete --------------------------------------------------------------------
v Documentation updated.
v Setting active project to "<no active project>".
v Setting active project to
"/private/var/folders/k4/0jwzxmln0nb8y6rkzprptb640000gq/T/Rtmph2pBGo/testpkg265c64d6618b".
i Creating `altdoc/` directory.
i Creating `docs/` directory.
i Adding ^docs$ to .Rbuildignore
i Adding ^altdoc$ to .Rbuildignore
i Adding altdoc/freeze.rds to .gitignore
i Importing default settings file(s) to `altdoc/`
i README.md is mandatory. `altdoc` created a dummy README file in the package directory.
v Setting active project to "<no active project>".
v Setting active project to
"/private/var/folders/k4/0jwzxmln0nb8y6rkzprptb640000gq/T/Rtmph2pBGo/testpkg265c4dee23dd".
i Creating `altdoc/` directory.
i Creating `docs/` directory.
i Adding ^docs$ to .Rbuildignore
i Adding ^altdoc$ to .Rbuildignore
i Adding altdoc/freeze.rds to .gitignore
i Importing default settings file(s) to `altdoc/`
i README.md is mandatory. `altdoc` created a dummy README file in the package directory.
v Setting active project to "<no active project>".
v Setting active project to
"/private/var/folders/k4/0jwzxmln0nb8y6rkzprptb640000gq/T/Rtmph2pBGo/testpkg265c1ba004ce".
i Creating `altdoc/` directory.
i Creating `docs/` directory.
i Adding ^docs$ to .Rbuildignore
i Adding ^altdoc$ to .Rbuildignore
i Adding altdoc/freeze.rds to .gitignore
i Importing default settings file(s) to `altdoc/`
i README.md is mandatory. `altdoc` created a dummy README file in the package directory.
v Setting active project to "<no active project>".
v Setting active project to
"/private/var/folders/k4/0jwzxmln0nb8y6rkzprptb640000gq/T/Rtmph2pBGo/testpkg265c1bf6f40f".
v Setting active project to "<no active project>".
v Setting active project to
"/private/var/folders/k4/0jwzxmln0nb8y6rkzprptb640000gq/T/Rtmph2pBGo/testpkg265c689af8b2".
i Creating `altdoc/` directory.
i Creating `docs/` directory.
i Adding ^docs$ to .Rbuildignore
i Adding ^altdoc$ to .Rbuildignore
i Adding altdoc/freeze.rds to .gitignore
i Importing default settings file(s) to `altdoc/`
i README.md is mandatory. `altdoc` created a dummy README file in the package directory.
-- Basic files -----------------------------------------------------------------
v 'README' imported.
-- Man pages -------------------------------------------------------------------
i No man pages to convert.
-- Vignettes -------------------------------------------------------------------
i Found 1 vignette to convert.
\ Converting vignette 1/1: foo.Rmd
x Converting vignette 1/1: foo.Rmd [37ms]
v Setting active project to "<no active project>".
v Setting active project to
"/private/var/folders/k4/0jwzxmln0nb8y6rkzprptb640000gq/T/Rtmph2pBGo/testpkg265c46be4f1f".
i Creating `altdoc/` directory.
i Creating `docs/` directory.
i Adding ^docs$ to .Rbuildignore
i Adding ^altdoc$ to .Rbuildignore
i Adding altdoc/freeze.rds to .gitignore
i Importing default settings file(s) to `altdoc/`
i README.md is mandatory. `altdoc` created a dummy README file in the package directory.
-- Basic files -----------------------------------------------------------------
v 'README' imported.
-- Man pages -------------------------------------------------------------------
i Found 1 man page to convert.
\ Converting function reference 1/1: foo
x Converting function reference 1/1: foo [44ms]
v Setting active project to "<no active project>".
v Setting active project to
"/private/var/folders/k4/0jwzxmln0nb8y6rkzprptb640000gq/T/Rtmph2pBGo/testpkg265c56c4b9bd".
i Creating `altdoc/` directory.
i Creating `docs/` directory.
i Adding ^docs$ to .Rbuildignore
i Adding ^altdoc$ to .Rbuildignore
i Adding altdoc/freeze.rds to .gitignore
i Adding altdoc/pkgdown.yml file.
i Importing default settings file(s) to `altdoc/`
i README.md is mandatory. `altdoc` created a dummy README file in the package directory.
-- Basic files -----------------------------------------------------------------
v 'README' imported.
-- Man pages -------------------------------------------------------------------
i No man pages to convert.
-- Vignettes -------------------------------------------------------------------
i No vignettes to convert.
-- Update HTML -----------------------------------------------------------------
v HTML updated.
-- Complete --------------------------------------------------------------------
v Documentation updated.
v Setting active project to "<no active project>".
v Setting active project to
"/private/var/folders/k4/0jwzxmln0nb8y6rkzprptb640000gq/T/Rtmph2pBGo/testpkg265c5540e57f".
i Creating `altdoc/` directory.
i Creating `docs/` directory.
i Adding ^docs$ to .Rbuildignore
i Adding ^altdoc$ to .Rbuildignore
i Adding altdoc/freeze.rds to .gitignore
i Importing default settings file(s) to `altdoc/`
i README.md is mandatory. `altdoc` created a dummy README file in the package directory.
-- Basic files -----------------------------------------------------------------
v 'README' imported.
-- Man pages -------------------------------------------------------------------
i No man pages to convert.
-- Vignettes -------------------------------------------------------------------
i No vignettes to convert.
-- Update HTML -----------------------------------------------------------------
v HTML updated.
-- Complete --------------------------------------------------------------------
v Documentation updated.
v Setting active project to "<no active project>".
v Setting active project to
"/private/var/folders/k4/0jwzxmln0nb8y6rkzprptb640000gq/T/Rtmph2pBGo/testproj265c6269693".
v Setting active project to "<no active project>".
v Setting active project to
"/private/var/folders/k4/0jwzxmln0nb8y6rkzprptb640000gq/T/Rtmph2pBGo/testpkg265c16a56f3b".
i Creating `altdoc/` directory.
i Creating `docs/` directory.
i Adding ^docs$ to .Rbuildignore
i Adding ^altdoc$ to .Rbuildignore
i Adding altdoc/freeze.rds to .gitignore
i Importing default settings file(s) to `altdoc/`
i README.md is mandatory. `altdoc` created a dummy README file in the package directory.
v Setting active project to "<no active project>".
v Setting active project to
"/private/var/folders/k4/0jwzxmln0nb8y6rkzprptb640000gq/T/Rtmph2pBGo/testpkg265c6e8050ba".
v Setting active project to "<no active project>".
v Setting active project to
"/private/var/folders/k4/0jwzxmln0nb8y6rkzprptb640000gq/T/Rtmph2pBGo/testpkg265c5de0190c".
i Creating `altdoc/` directory.
i Creating `docs/` directory.
i Adding ^docs$ to .Rbuildignore
i Adding ^altdoc$ to .Rbuildignore
i Adding altdoc/freeze.rds to .gitignore
i Importing default settings file(s) to `altdoc/`
i README.md is mandatory. `altdoc` created a dummy README file in the package directory.
i Creating `docs/` directory.
i Importing default settings file(s) to `altdoc/`
v Setting active project to "<no active project>".
v Setting active project to
"/private/var/folders/k4/0jwzxmln0nb8y6rkzprptb640000gq/T/Rtmph2pBGo/testpkg265c62f65b24".
i Creating `altdoc/` directory.
i Creating `docs/` directory.
i Adding ^docs$ to .Rbuildignore
i Adding ^altdoc$ to .Rbuildignore
i Adding altdoc/freeze.rds to .gitignore
i Importing default settings file(s) to `altdoc/`
i README.md is mandatory. `altdoc` created a dummy README file in the package directory.
i Creating `docs/` directory.
i Importing default settings file(s) to `altdoc/`
v Setting active project to "<no active project>".
v Setting active project to
"/private/var/folders/k4/0jwzxmln0nb8y6rkzprptb640000gq/T/Rtmph2pBGo/testpkg265c1e41f4b1".
i Creating `altdoc/` directory.
i Creating `docs/` directory.
i Adding ^docs$ to .Rbuildignore
i Adding ^altdoc$ to .Rbuildignore
i Adding altdoc/freeze.rds to .gitignore
i Adding ^_quarto$ to .Rbuildignore
i Adding _quarto/* to .gitignore
i Adding !_quarto/_freeze/ to .gitignore
i Importing default settings file(s) to `altdoc/`
i README.md is mandatory. `altdoc` created a dummy README file in the package directory.
v Setting active project to "<no active project>".
v Setting active project to
"/private/var/folders/k4/0jwzxmln0nb8y6rkzprptb640000gq/T/Rtmph2pBGo/testpkg265c1442f82c".
i Creating `altdoc/` directory.
i Creating `docs/` directory.
i Adding ^docs$ to .Rbuildignore
i Adding ^altdoc$ to .Rbuildignore
i Adding altdoc/freeze.rds to .gitignore
i Importing default settings file(s) to `altdoc/`
i README.md is mandatory. `altdoc` created a dummy README file in the package directory.
v Setting active project to "<no active project>".
v Setting active project to
"/private/var/folders/k4/0jwzxmln0nb8y6rkzprptb640000gq/T/Rtmph2pBGo/testpkg265c1ff9d1fc".
i Creating `altdoc/` directory.
i Creating `docs/` directory.
i Adding ^docs$ to .Rbuildignore
i Adding ^altdoc$ to .Rbuildignore
i Adding altdoc/freeze.rds to .gitignore
i Importing default settings file(s) to `altdoc/`
i README.md is mandatory. `altdoc` created a dummy README file in the package directory.
v '.github/workflows/altdoc.yaml' created.
v Added `altdoc` in Suggests.
v Setting active project to "<no active project>".
v Setting active project to
"/private/var/folders/k4/0jwzxmln0nb8y6rkzprptb640000gq/T/Rtmph2pBGo/testpkg265c4236f1d2".
i Creating `altdoc/` directory.
i Creating `docs/` directory.
i Adding ^docs$ to .Rbuildignore
i Adding ^altdoc$ to .Rbuildignore
i Adding altdoc/freeze.rds to .gitignore
i Importing default settings file(s) to `altdoc/`
i README.md is mandatory. `altdoc` created a dummy README file in the package directory.
i Leaving 'README.md' unchanged.
[ ] Update 'README.md' to include installation instructions.
-- Basic files -----------------------------------------------------------------
v 'README' imported.
-- Man pages -------------------------------------------------------------------
i No man pages to convert.
-- Vignettes -------------------------------------------------------------------
i No vignettes to convert.
-- Update HTML -----------------------------------------------------------------
v HTML updated.
-- Complete --------------------------------------------------------------------
v Documentation updated.
v Setting active project to "<no active project>".
v Setting active project to
"/private/var/folders/k4/0jwzxmln0nb8y6rkzprptb640000gq/T/Rtmph2pBGo/testpkg265c2e178f31".
i Creating `altdoc/` directory.
i Creating `docs/` directory.
i Adding ^docs$ to .Rbuildignore
i Adding ^altdoc$ to .Rbuildignore
i Adding altdoc/freeze.rds to .gitignore
i Importing default settings file(s) to `altdoc/`
i README.md is mandatory. `altdoc` created a dummy README file in the package directory.
i Leaving 'README.md' unchanged.
[ ] Update 'README.md' to include installation instructions.
-- Basic files -----------------------------------------------------------------
v 'README' imported.
-- Man pages -------------------------------------------------------------------
i No man pages to convert.
-- Vignettes -------------------------------------------------------------------
i No vignettes to convert.
-- Update HTML -----------------------------------------------------------------
v HTML updated.
-- Complete --------------------------------------------------------------------
v Documentation updated.
v Setting active project to "<no active project>".
v Setting active project to
"/private/var/folders/k4/0jwzxmln0nb8y6rkzprptb640000gq/T/Rtmph2pBGo/testpkg265c6446dec6".
v Writing 'NEWS.md'.
i Creating `altdoc/` directory.
i Creating `docs/` directory.
i Adding ^docs$ to .Rbuildignore
i Adding ^altdoc$ to .Rbuildignore
i Adding altdoc/freeze.rds to .gitignore
i Importing default settings file(s) to `altdoc/`
i README.md is mandatory. `altdoc` created a dummy README file in the package directory.
-- Basic files -----------------------------------------------------------------
v 'NEWS' imported.
v 'README' imported.
-- Man pages -------------------------------------------------------------------
i No man pages to convert.
-- Vignettes -------------------------------------------------------------------
i No vignettes to convert.
-- Update HTML -----------------------------------------------------------------
v HTML updated.
-- Complete --------------------------------------------------------------------
v Documentation updated.
-- Basic files -----------------------------------------------------------------
v 'NEWS' imported.
v 'README' imported.
-- Man pages -------------------------------------------------------------------
i No man pages to convert.
-- Vignettes -------------------------------------------------------------------
i No vignettes to convert.
-- Update HTML -----------------------------------------------------------------
v HTML updated.
-- Complete --------------------------------------------------------------------
v Documentation updated.
v Setting active project to "<no active project>".
v Setting active project to
"/private/var/folders/k4/0jwzxmln0nb8y6rkzprptb640000gq/T/Rtmph2pBGo/testpkg265c4fd2aa91".
v Writing 'NEWS.md'.
i Creating `altdoc/` directory.
i Creating `docs/` directory.
i Adding ^docs$ to .Rbuildignore
i Adding ^altdoc$ to .Rbuildignore
i Adding altdoc/freeze.rds to .gitignore
i Importing default settings file(s) to `altdoc/`
i README.md is mandatory. `altdoc` created a dummy README file in the package directory.
-- Basic files -----------------------------------------------------------------
v 'NEWS' imported.
v 'README' imported.
-- Man pages -------------------------------------------------------------------
i No man pages to convert.
-- Vignettes -------------------------------------------------------------------
i No vignettes to convert.
-- Update HTML -----------------------------------------------------------------
v HTML updated.
-- Complete --------------------------------------------------------------------
v Documentation updated.
-- Basic files -----------------------------------------------------------------
v 'NEWS' imported.
v 'README' imported.
-- Man pages -------------------------------------------------------------------
i No man pages to convert.
-- Vignettes -------------------------------------------------------------------
i No vignettes to convert.
-- Update HTML -----------------------------------------------------------------
v HTML updated.
-- Complete --------------------------------------------------------------------
v Documentation updated.
v Setting active project to "<no active project>".
v Setting active project to
"/private/var/folders/k4/0jwzxmln0nb8y6rkzprptb640000gq/T/Rtmph2pBGo/testpkg265c26e1ac2".
v Writing 'CODE_OF_CONDUCT.md'.
v Adding "^CODE_OF_CONDUCT\\.md$" to '.Rbuildignore'.
[ ] You may also want to describe the code of conduct in your README:
## Code of Conduct
Please note that the testpkg265c26e1ac2 project is released with a [Contributor Code of Conduct](https://contributor-covenant.org/version/2/1/CODE_OF_CONDUCT.html). By contributing to this project, you agree to abide by its terms.
i Creating `altdoc/` directory.
i Creating `docs/` directory.
i Adding ^docs$ to .Rbuildignore
i Adding ^altdoc$ to .Rbuildignore
i Adding altdoc/freeze.rds to .gitignore
i Importing default settings file(s) to `altdoc/`
i README.md is mandatory. `altdoc` created a dummy README file in the package directory.
-- Basic files -----------------------------------------------------------------
v 'CODE_OF_CONDUCT' imported.
v 'README' imported.
-- Man pages -------------------------------------------------------------------
i No man pages to convert.
-- Vignettes -------------------------------------------------------------------
i No vignettes to convert.
-- Update HTML -----------------------------------------------------------------
v HTML updated.
-- Complete --------------------------------------------------------------------
v Documentation updated.
-- Basic files -----------------------------------------------------------------
v 'CODE_OF_CONDUCT' imported.
v 'README' imported.
-- Man pages -------------------------------------------------------------------
i No man pages to convert.
-- Vignettes -------------------------------------------------------------------
i No vignettes to convert.
-- Update HTML -----------------------------------------------------------------
v HTML updated.
-- Complete --------------------------------------------------------------------
v Documentation updated.
v Setting active project to "<no active project>".
v Setting active project to
"/private/var/folders/k4/0jwzxmln0nb8y6rkzprptb640000gq/T/Rtmph2pBGo/testpkg265c40dda740".
v Writing 'CODE_OF_CONDUCT.md'.
v Adding "^CODE_OF_CONDUCT\\.md$" to '.Rbuildignore'.
[ ] You may also want to describe the code of conduct in your README:
## Code of Conduct
Please note that the testpkg265c40dda740 project is released with a [Contributor Code of Conduct](https://contributor-covenant.org/version/2/1/CODE_OF_CONDUCT.html). By contributing to this project, you agree to abide by its terms.
i Creating `altdoc/` directory.
i Creating `docs/` directory.
i Adding ^docs$ to .Rbuildignore
i Adding ^altdoc$ to .Rbuildignore
i Adding altdoc/freeze.rds to .gitignore
i Importing default settings file(s) to `altdoc/`
i README.md is mandatory. `altdoc` created a dummy README file in the package directory.
-- Basic files -----------------------------------------------------------------
v 'CODE_OF_CONDUCT' imported.
v 'README' imported.
-- Man pages -------------------------------------------------------------------
i No man pages to convert.
-- Vignettes -------------------------------------------------------------------
i No vignettes to convert.
-- Update HTML -----------------------------------------------------------------
v HTML updated.
-- Complete --------------------------------------------------------------------
v Documentation updated.
-- Basic files -----------------------------------------------------------------
v 'CODE_OF_CONDUCT' imported.
v 'README' imported.
-- Man pages -------------------------------------------------------------------
i No man pages to convert.
-- Vignettes -------------------------------------------------------------------
i No vignettes to convert.
-- Update HTML -----------------------------------------------------------------
v HTML updated.
-- Complete --------------------------------------------------------------------
v Documentation updated.
v Setting active project to "<no active project>".
v Setting active project to
"/private/var/folders/k4/0jwzxmln0nb8y6rkzprptb640000gq/T/Rtmph2pBGo/testpkg265c57499b73".
v Adding "MIT + file LICENSE" to 'License'.
v Writing 'LICENSE'.
v Writing 'LICENSE.md'.
v Adding "^LICENSE\\.md$" to '.Rbuildignore'.
i Creating `altdoc/` directory.
i Creating `docs/` directory.
i Adding ^docs$ to .Rbuildignore
i Adding ^altdoc$ to .Rbuildignore
i Adding altdoc/freeze.rds to .gitignore
i Importing default settings file(s) to `altdoc/`
i README.md is mandatory. `altdoc` created a dummy README file in the package directory.
-- Basic files -----------------------------------------------------------------
v 'LICENSE' imported.
v 'README' imported.
-- Man pages -------------------------------------------------------------------
i No man pages to convert.
-- Vignettes -------------------------------------------------------------------
i No vignettes to convert.
-- Update HTML -----------------------------------------------------------------
v HTML updated.
-- Complete --------------------------------------------------------------------
v Documentation updated.
-- Basic files -----------------------------------------------------------------
v 'LICENSE' imported.
v 'README' imported.
-- Man pages -------------------------------------------------------------------
i No man pages to convert.
-- Vignettes -------------------------------------------------------------------
i No vignettes to convert.
-- Update HTML -----------------------------------------------------------------
v HTML updated.
-- Complete --------------------------------------------------------------------
v Documentation updated.
v Setting active project to "<no active project>".
v Setting active project to
"/private/var/folders/k4/0jwzxmln0nb8y6rkzprptb640000gq/T/Rtmph2pBGo/testpkg265c5aea3dc9".
v Adding "MIT + file LICENSE" to 'License'.
v Writing 'LICENSE'.
v Writing 'LICENSE.md'.
v Adding "^LICENSE\\.md$" to '.Rbuildignore'.
i Creating `altdoc/` directory.
i Creating `docs/` directory.
i Adding ^docs$ to .Rbuildignore
i Adding ^altdoc$ to .Rbuildignore
i Adding altdoc/freeze.rds to .gitignore
i Importing default settings file(s) to `altdoc/`
i README.md is mandatory. `altdoc` created a dummy README file in the package directory.
-- Basic files -----------------------------------------------------------------
v 'LICENSE' imported.
v 'README' imported.
-- Man pages -------------------------------------------------------------------
i No man pages to convert.
-- Vignettes -------------------------------------------------------------------
i No vignettes to convert.
-- Update HTML -----------------------------------------------------------------
v HTML updated.
-- Complete --------------------------------------------------------------------
v Documentation updated.
-- Basic files -----------------------------------------------------------------
v 'LICENSE' imported.
v 'README' imported.
-- Man pages -------------------------------------------------------------------
i No man pages to convert.
-- Vignettes -------------------------------------------------------------------
i No vignettes to convert.
-- Update HTML -----------------------------------------------------------------
v HTML updated.
-- Complete --------------------------------------------------------------------
v Documentation updated.
v Setting active project to "<no active project>".
v Setting active project to
"/private/var/folders/k4/0jwzxmln0nb8y6rkzprptb640000gq/T/Rtmph2pBGo/testpkg265c4d6a55f".
i Creating `altdoc/` directory.
i Creating `docs/` directory.
i Adding ^docs$ to .Rbuildignore
i Adding ^altdoc$ to .Rbuildignore
i Adding altdoc/freeze.rds to .gitignore
i Importing default settings file(s) to `altdoc/`
i README.md is mandatory. `altdoc` created a dummy README file in the package directory.
-- Basic files -----------------------------------------------------------------
v 'README' imported.
-- Man pages -------------------------------------------------------------------
i No man pages to convert.
-- Vignettes -------------------------------------------------------------------
i Found 1 vignette to convert.
\ Converting vignette 1/1: basic.Rmd
x Converting vignette 1/1: basic.Rmd [43ms]
v Setting active project to "<no active project>".
v Setting active project to
"/private/var/folders/k4/0jwzxmln0nb8y6rkzprptb640000gq/T/Rtmph2pBGo/testpkg265c340c4ac2".
i Creating `altdoc/` directory.
i Creating `docs/` directory.
i Adding ^docs$ to .Rbuildignore
i Adding ^altdoc$ to .Rbuildignore
i Adding altdoc/freeze.rds to .gitignore
i Importing default settings file(s) to `altdoc/`
i README.md is mandatory. `altdoc` created a dummy README file in the package directory.
-- Basic files -----------------------------------------------------------------
v 'README' imported.
-- Man pages -------------------------------------------------------------------
i No man pages to convert.
-- Vignettes -------------------------------------------------------------------
i Found 1 vignette to convert.
\ Converting vignette 1/1: basic.Rmd
x Converting vignette 1/1: basic.Rmd [51ms]
v Setting active project to "<no active project>".
v Setting active project to
"/private/var/folders/k4/0jwzxmln0nb8y6rkzprptb640000gq/T/Rtmph2pBGo/testpkg265c41b262c4".
v Setting active project to "<no active project>".
v Setting active project to
"/private/var/folders/k4/0jwzxmln0nb8y6rkzprptb640000gq/T/Rtmph2pBGo/testpkg265c698e72a".
v Setting active project to "<no active project>".
v Setting active project to
"/private/var/folders/k4/0jwzxmln0nb8y6rkzprptb640000gq/T/Rtmph2pBGo/testpkg265c1e2de393".
v Setting active project to "<no active project>".
v Setting active project to
"/private/var/folders/k4/0jwzxmln0nb8y6rkzprptb640000gq/T/Rtmph2pBGo/testpkg265c67934c43".
v Setting active project to "<no active project>".
v Setting active project to
"/private/var/folders/k4/0jwzxmln0nb8y6rkzprptb640000gq/T/Rtmph2pBGo/testpkg265c553aa542".
v Setting active project to "<no active project>".
v Setting active project to
"/private/var/folders/k4/0jwzxmln0nb8y6rkzprptb640000gq/T/Rtmph2pBGo/testpkg265c5f7d8de8".
v Setting active project to "<no active project>".
[ FAIL 8 | WARN 0 | SKIP 8 | PASS 55 ]
══ Skipped tests (8) ═══════════════════════════════════════════════════════════
• .venv_exists() is not TRUE (2): 'test-setup_docs.R:49:5',
'test-setup_github_actions.R:23:3'
• On CRAN (5): 'test-render_docs.R:2:3', 'test-render_docs.R:35:3',
'test-render_docs.R:69:3', 'test-render_docs.R:110:3',
'test-render_docs.R:143:3'
• tool == "mkdocs" && !.venv_exists() is TRUE (1): 'test-parallel.R:3:5'
══ Failed tests ════════════════════════════════════════════════════════════════
── Error ('test-import_man.R:11:3'): rendering fails ───────────────────────────
Error in `cat(out[[2]])`: argument 1 (type 'list') cannot be handled by 'cat'
Backtrace:
▆
1. ├─testthat::expect_equal(...) at test-import_man.R:11:3
2. │ └─testthat::quasi_label(enquo(object), label, arg = "object")
3. │ └─rlang::eval_bare(expr, quo_get_env(quo))
4. └─altdoc:::.render_one_man(...)
5. └─altdoc:::.qmd2md(...)
6. └─base::cat(out[[2]])
── Error ('test-import_man.R:47:3'): rendering skipped because unchanged and freeze = TRUE ──
Error in `cat(out[[2]])`: argument 1 (type 'list') cannot be handled by 'cat'
Backtrace:
▆
1. └─altdoc:::.render_one_man(...) at test-import_man.R:47:3
2. └─altdoc:::.qmd2md(...)
3. └─base::cat(out[[2]])
── Error ('test-qmd2md.R:11:3'): use template preamble if no preamble in file ──
Error in `cat(out[[2]])`: argument 1 (type 'list') cannot be handled by 'cat'
Backtrace:
▆
1. └─altdoc:::.qmd2md(vignette_qmd, "vignettes", preamble = preamble) at test-qmd2md.R:11:3
2. └─base::cat(out[[2]])
── Error ('test-qmd2md.R:28:3'): do not use template preamble if preamble in file ──
Error in `cat(out[[2]])`: argument 1 (type 'list') cannot be handled by 'cat'
Backtrace:
▆
1. └─altdoc:::.qmd2md(vignette_qmd, "vignettes", preamble = preamble) at test-qmd2md.R:28:3
2. └─base::cat(out[[2]])
── Error ('test-render_docs.R:175:3'): render_docs errors if vignettes fail ────
Error in `cat(out[[2]])`: argument 1 (type 'list') cannot be handled by 'cat'
Backtrace:
▆
1. ├─testthat::expect_error(render_docs(path = getwd()), "some failures when rendering vignettes") at test-render_docs.R:175:3
2. │ └─testthat:::expect_condition_matching(...)
3. │ └─testthat:::quasi_capture(...)
4. │ ├─testthat (local) .capture(...)
5. │ │ └─base::withCallingHandlers(...)
6. │ └─rlang::eval_bare(quo_get_expr(.quo), quo_get_env(.quo))
7. └─altdoc::render_docs(path = getwd())
8. └─altdoc:::.import_vignettes(...)
9. └─base::vapply(...)
10. └─altdoc (local) FUN(X[[i]], ...)
11. └─altdoc:::.render_one_vignette(...)
12. └─altdoc:::.qmd2md(origin, tar_dir, verbose = verbose, preamble = pre)
13. └─base::cat(out[[2]])
── Error ('test-render_docs.R:186:3'): render_docs errors if man fail ──────────
Error in `cat(out[[2]])`: argument 1 (type 'list') cannot be handled by 'cat'
Backtrace:
▆
1. ├─testthat::expect_error(render_docs(path = getwd()), "some failures when rendering man pages") at test-render_docs.R:186:3
2. │ └─testthat:::expect_condition_matching(...)
3. │ └─testthat:::quasi_capture(...)
4. │ ├─testthat (local) .capture(...)
5. │ │ └─base::withCallingHandlers(...)
6. │ └─rlang::eval_bare(quo_get_expr(.quo), quo_get_env(.quo))
7. └─altdoc::render_docs(path = getwd())
8. └─altdoc:::.import_man(...)
9. └─base::vapply(...)
10. └─altdoc (local) FUN(X[[i]], ...)
11. └─altdoc:::.render_one_man(...)
12. └─altdoc:::.qmd2md(...)
13. └─base::cat(out[[2]])
── Error ('test-update.R:111:5'): render_docs also transform new/modified vignettes if specified: docute ──
Error in `cat(out[[2]])`: argument 1 (type 'list') cannot be handled by 'cat'
Backtrace:
▆
1. └─altdoc::render_docs(path = getwd()) at test-update.R:111:5
2. └─altdoc:::.import_vignettes(...)
3. └─base::vapply(...)
4. └─altdoc (local) FUN(X[[i]], ...)
5. └─altdoc:::.render_one_vignette(...)
6. └─altdoc:::.qmd2md(origin, tar_dir, verbose = verbose, preamble = pre)
7. └─base::cat(out[[2]])
── Error ('test-update.R:111:5'): render_docs also transform new/modified vignettes if specified: docsify ──
Error in `cat(out[[2]])`: argument 1 (type 'list') cannot be handled by 'cat'
Backtrace:
▆
1. └─altdoc::render_docs(path = getwd()) at test-update.R:111:5
2. └─altdoc:::.import_vignettes(...)
3. └─base::vapply(...)
4. └─altdoc (local) FUN(X[[i]], ...)
5. └─altdoc:::.render_one_vignette(...)
6. └─altdoc:::.qmd2md(origin, tar_dir, verbose = verbose, preamble = pre)
7. └─base::cat(out[[2]])
[ FAIL 8 | WARN 0 | SKIP 8 | PASS 55 ]
Error: Test failures
Execution halted
Flavor: r-oldrel-macos-arm64
Version: 0.5.0
Check: tests
Result: ERROR
Running ‘spelling.R’ [0s/0s]
Running ‘testthat.R’ [17s/28s]
Running the tests in ‘tests/testthat.R’ failed.
Complete output:
> library(testthat)
> library(altdoc)
>
> test_check("altdoc")
v Setting active project to
"/private/var/folders/2b/t0kwbtmn3p7brv2mvx39c9cr0000gn/T/RtmpM7RB53/testpkg5905564706d3".
i Creating `altdoc/` directory.
i Creating `docs/` directory.
i Adding ^docs$ to .Rbuildignore
i Adding ^altdoc$ to .Rbuildignore
i Adding altdoc/freeze.rds to .gitignore
i Importing default settings file(s) to `altdoc/`
i README.md is mandatory. `altdoc` created a dummy README file in the package directory.
-- Basic files -----------------------------------------------------------------
v 'README' imported.
-- Man pages -------------------------------------------------------------------
i No man pages to convert.
-- Vignettes -------------------------------------------------------------------
i No vignettes to convert.
-- Update HTML -----------------------------------------------------------------
v HTML updated.
-- Complete --------------------------------------------------------------------
v Documentation updated.
v Setting active project to "<no active project>".
v Setting active project to
"/private/var/folders/2b/t0kwbtmn3p7brv2mvx39c9cr0000gn/T/RtmpM7RB53/testpkg5905336e6853".
i Creating `altdoc/` directory.
i Creating `docs/` directory.
i Adding ^docs$ to .Rbuildignore
i Adding ^altdoc$ to .Rbuildignore
i Adding altdoc/freeze.rds to .gitignore
i Importing default settings file(s) to `altdoc/`
i README.md is mandatory. `altdoc` created a dummy README file in the package directory.
v Setting active project to "<no active project>".
v Setting active project to
"/private/var/folders/2b/t0kwbtmn3p7brv2mvx39c9cr0000gn/T/RtmpM7RB53/testpkg59057d06f08c".
i Creating `altdoc/` directory.
i Creating `docs/` directory.
i Adding ^docs$ to .Rbuildignore
i Adding ^altdoc$ to .Rbuildignore
i Adding altdoc/freeze.rds to .gitignore
i Importing default settings file(s) to `altdoc/`
i README.md is mandatory. `altdoc` created a dummy README file in the package directory.
v Setting active project to "<no active project>".
v Setting active project to
"/private/var/folders/2b/t0kwbtmn3p7brv2mvx39c9cr0000gn/T/RtmpM7RB53/testpkg5905596532d6".
i Creating `altdoc/` directory.
i Creating `docs/` directory.
i Adding ^docs$ to .Rbuildignore
i Adding ^altdoc$ to .Rbuildignore
i Adding altdoc/freeze.rds to .gitignore
i Importing default settings file(s) to `altdoc/`
i README.md is mandatory. `altdoc` created a dummy README file in the package directory.
v Setting active project to "<no active project>".
v Setting active project to
"/private/var/folders/2b/t0kwbtmn3p7brv2mvx39c9cr0000gn/T/RtmpM7RB53/testpkg590520f1c47d".
i Creating `altdoc/` directory.
i Creating `docs/` directory.
i Adding ^docs$ to .Rbuildignore
i Adding ^altdoc$ to .Rbuildignore
i Adding altdoc/freeze.rds to .gitignore
i Importing default settings file(s) to `altdoc/`
i README.md is mandatory. `altdoc` created a dummy README file in the package directory.
i Leaving 'README.md' unchanged.
[ ] Update 'README.md' to include installation instructions.
-- Basic files -----------------------------------------------------------------
v 'README' imported.
-- Man pages -------------------------------------------------------------------
i No man pages to convert.
-- Vignettes -------------------------------------------------------------------
i No vignettes to convert.
-- Update HTML -----------------------------------------------------------------
v HTML updated.
-- Complete --------------------------------------------------------------------
v Documentation updated.
v Setting active project to "<no active project>".
v Setting active project to
"/private/var/folders/2b/t0kwbtmn3p7brv2mvx39c9cr0000gn/T/RtmpM7RB53/testpkg59052cf8e2e3".
i Creating `altdoc/` directory.
i Creating `docs/` directory.
i Adding ^docs$ to .Rbuildignore
i Adding ^altdoc$ to .Rbuildignore
i Adding altdoc/freeze.rds to .gitignore
i Importing default settings file(s) to `altdoc/`
i README.md is mandatory. `altdoc` created a dummy README file in the package directory.
i Leaving 'README.md' unchanged.
[ ] Update 'README.md' to include installation instructions.
-- Basic files -----------------------------------------------------------------
v 'README' imported.
-- Man pages -------------------------------------------------------------------
i No man pages to convert.
-- Vignettes -------------------------------------------------------------------
i No vignettes to convert.
-- Update HTML -----------------------------------------------------------------
v HTML updated.
-- Complete --------------------------------------------------------------------
v Documentation updated.
v Setting active project to "<no active project>".
v Setting active project to
"/private/var/folders/2b/t0kwbtmn3p7brv2mvx39c9cr0000gn/T/RtmpM7RB53/testpkg59057e3eb606".
i Creating `altdoc/` directory.
i Creating `docs/` directory.
i Adding ^docs$ to .Rbuildignore
i Adding ^altdoc$ to .Rbuildignore
i Adding altdoc/freeze.rds to .gitignore
i Importing default settings file(s) to `altdoc/`
i README.md is mandatory. `altdoc` created a dummy README file in the package directory.
v Setting active project to "<no active project>".
v Setting active project to
"/private/var/folders/2b/t0kwbtmn3p7brv2mvx39c9cr0000gn/T/RtmpM7RB53/testpkg590523b0d84d".
i Creating `altdoc/` directory.
i Creating `docs/` directory.
i Adding ^docs$ to .Rbuildignore
i Adding ^altdoc$ to .Rbuildignore
i Adding altdoc/freeze.rds to .gitignore
i Importing default settings file(s) to `altdoc/`
i README.md is mandatory. `altdoc` created a dummy README file in the package directory.
v Setting active project to "<no active project>".
v Setting active project to
"/private/var/folders/2b/t0kwbtmn3p7brv2mvx39c9cr0000gn/T/RtmpM7RB53/testpkg590516545f63".
i Creating `altdoc/` directory.
i Creating `docs/` directory.
i Adding ^docs$ to .Rbuildignore
i Adding ^altdoc$ to .Rbuildignore
i Adding altdoc/freeze.rds to .gitignore
i Importing default settings file(s) to `altdoc/`
i README.md is mandatory. `altdoc` created a dummy README file in the package directory.
v Setting active project to "<no active project>".
v Setting active project to
"/private/var/folders/2b/t0kwbtmn3p7brv2mvx39c9cr0000gn/T/RtmpM7RB53/testpkg590543c8c401".
v Setting active project to "<no active project>".
v Setting active project to
"/private/var/folders/2b/t0kwbtmn3p7brv2mvx39c9cr0000gn/T/RtmpM7RB53/testpkg5905574661cb".
i Creating `altdoc/` directory.
i Creating `docs/` directory.
i Adding ^docs$ to .Rbuildignore
i Adding ^altdoc$ to .Rbuildignore
i Adding altdoc/freeze.rds to .gitignore
i Importing default settings file(s) to `altdoc/`
i README.md is mandatory. `altdoc` created a dummy README file in the package directory.
-- Basic files -----------------------------------------------------------------
v 'README' imported.
-- Man pages -------------------------------------------------------------------
i No man pages to convert.
-- Vignettes -------------------------------------------------------------------
i Found 1 vignette to convert.
\ Converting vignette 1/1: foo.Rmd
x Converting vignette 1/1: foo.Rmd [165ms]
v Setting active project to "<no active project>".
v Setting active project to
"/private/var/folders/2b/t0kwbtmn3p7brv2mvx39c9cr0000gn/T/RtmpM7RB53/testpkg5905791b9ed9".
i Creating `altdoc/` directory.
i Creating `docs/` directory.
i Adding ^docs$ to .Rbuildignore
i Adding ^altdoc$ to .Rbuildignore
i Adding altdoc/freeze.rds to .gitignore
i Importing default settings file(s) to `altdoc/`
i README.md is mandatory. `altdoc` created a dummy README file in the package directory.
-- Basic files -----------------------------------------------------------------
v 'README' imported.
-- Man pages -------------------------------------------------------------------
i Found 1 man page to convert.
\ Converting function reference 1/1: foo
x Converting function reference 1/1: foo [149ms]
v Setting active project to "<no active project>".
v Setting active project to
"/private/var/folders/2b/t0kwbtmn3p7brv2mvx39c9cr0000gn/T/RtmpM7RB53/testpkg59052ccf1cc7".
i Creating `altdoc/` directory.
i Creating `docs/` directory.
i Adding ^docs$ to .Rbuildignore
i Adding ^altdoc$ to .Rbuildignore
i Adding altdoc/freeze.rds to .gitignore
i Adding altdoc/pkgdown.yml file.
i Importing default settings file(s) to `altdoc/`
i README.md is mandatory. `altdoc` created a dummy README file in the package directory.
-- Basic files -----------------------------------------------------------------
v 'README' imported.
-- Man pages -------------------------------------------------------------------
i No man pages to convert.
-- Vignettes -------------------------------------------------------------------
i No vignettes to convert.
-- Update HTML -----------------------------------------------------------------
v HTML updated.
-- Complete --------------------------------------------------------------------
v Documentation updated.
v Setting active project to "<no active project>".
v Setting active project to
"/private/var/folders/2b/t0kwbtmn3p7brv2mvx39c9cr0000gn/T/RtmpM7RB53/testpkg5905511cbb7a".
i Creating `altdoc/` directory.
i Creating `docs/` directory.
i Adding ^docs$ to .Rbuildignore
i Adding ^altdoc$ to .Rbuildignore
i Adding altdoc/freeze.rds to .gitignore
i Importing default settings file(s) to `altdoc/`
i README.md is mandatory. `altdoc` created a dummy README file in the package directory.
-- Basic files -----------------------------------------------------------------
v 'README' imported.
-- Man pages -------------------------------------------------------------------
i No man pages to convert.
-- Vignettes -------------------------------------------------------------------
i No vignettes to convert.
-- Update HTML -----------------------------------------------------------------
v HTML updated.
-- Complete --------------------------------------------------------------------
v Documentation updated.
v Setting active project to "<no active project>".
v Setting active project to
"/private/var/folders/2b/t0kwbtmn3p7brv2mvx39c9cr0000gn/T/RtmpM7RB53/testproj5905748af187".
v Setting active project to "<no active project>".
v Setting active project to
"/private/var/folders/2b/t0kwbtmn3p7brv2mvx39c9cr0000gn/T/RtmpM7RB53/testpkg59054aaa97e5".
v Setting active project to "<no active project>".
v Setting active project to
"/private/var/folders/2b/t0kwbtmn3p7brv2mvx39c9cr0000gn/T/RtmpM7RB53/testpkg5905792d6c53".
i Creating `altdoc/` directory.
i Creating `docs/` directory.
i Adding ^docs$ to .Rbuildignore
i Adding ^altdoc$ to .Rbuildignore
i Adding altdoc/freeze.rds to .gitignore
i Importing default settings file(s) to `altdoc/`
i README.md is mandatory. `altdoc` created a dummy README file in the package directory.
i Creating `docs/` directory.
i Importing default settings file(s) to `altdoc/`
v Setting active project to "<no active project>".
v Setting active project to
"/private/var/folders/2b/t0kwbtmn3p7brv2mvx39c9cr0000gn/T/RtmpM7RB53/testpkg590557e901bf".
v Writing 'NEWS.md'.
i Creating `altdoc/` directory.
i Creating `docs/` directory.
i Adding ^docs$ to .Rbuildignore
i Adding ^altdoc$ to .Rbuildignore
i Adding altdoc/freeze.rds to .gitignore
i Importing default settings file(s) to `altdoc/`
i README.md is mandatory. `altdoc` created a dummy README file in the package directory.
-- Basic files -----------------------------------------------------------------
v 'NEWS' imported.
v 'README' imported.
-- Man pages -------------------------------------------------------------------
i No man pages to convert.
-- Vignettes -------------------------------------------------------------------
i No vignettes to convert.
-- Update HTML -----------------------------------------------------------------
v HTML updated.
-- Complete --------------------------------------------------------------------
v Documentation updated.
-- Basic files -----------------------------------------------------------------
v 'NEWS' imported.
v 'README' imported.
-- Man pages -------------------------------------------------------------------
i No man pages to convert.
-- Vignettes -------------------------------------------------------------------
i No vignettes to convert.
-- Update HTML -----------------------------------------------------------------
v HTML updated.
-- Complete --------------------------------------------------------------------
v Documentation updated.
v Setting active project to "<no active project>".
v Setting active project to
"/private/var/folders/2b/t0kwbtmn3p7brv2mvx39c9cr0000gn/T/RtmpM7RB53/testpkg5905628328ec".
v Writing 'NEWS.md'.
i Creating `altdoc/` directory.
i Creating `docs/` directory.
i Adding ^docs$ to .Rbuildignore
i Adding ^altdoc$ to .Rbuildignore
i Adding altdoc/freeze.rds to .gitignore
i Importing default settings file(s) to `altdoc/`
i README.md is mandatory. `altdoc` created a dummy README file in the package directory.
-- Basic files -----------------------------------------------------------------
v 'NEWS' imported.
v 'README' imported.
-- Man pages -------------------------------------------------------------------
i No man pages to convert.
-- Vignettes -------------------------------------------------------------------
i No vignettes to convert.
-- Update HTML -----------------------------------------------------------------
v HTML updated.
-- Complete --------------------------------------------------------------------
v Documentation updated.
-- Basic files -----------------------------------------------------------------
v 'NEWS' imported.
v 'README' imported.
-- Man pages -------------------------------------------------------------------
i No man pages to convert.
-- Vignettes -------------------------------------------------------------------
i No vignettes to convert.
-- Update HTML -----------------------------------------------------------------
v HTML updated.
-- Complete --------------------------------------------------------------------
v Documentation updated.
v Setting active project to "<no active project>".
v Setting active project to
"/private/var/folders/2b/t0kwbtmn3p7brv2mvx39c9cr0000gn/T/RtmpM7RB53/testpkg5905343c05c6".
v Writing 'CODE_OF_CONDUCT.md'.
v Adding "^CODE_OF_CONDUCT\\.md$" to '.Rbuildignore'.
[ ] You may also want to describe the code of conduct in your README:
## Code of Conduct
Please note that the testpkg5905343c05c6 project is released with a [Contributor Code of Conduct](https://contributor-covenant.org/version/2/1/CODE_OF_CONDUCT.html). By contributing to this project, you agree to abide by its terms.
i Creating `altdoc/` directory.
i Creating `docs/` directory.
i Adding ^docs$ to .Rbuildignore
i Adding ^altdoc$ to .Rbuildignore
i Adding altdoc/freeze.rds to .gitignore
i Importing default settings file(s) to `altdoc/`
i README.md is mandatory. `altdoc` created a dummy README file in the package directory.
-- Basic files -----------------------------------------------------------------
v 'CODE_OF_CONDUCT' imported.
v 'README' imported.
-- Man pages -------------------------------------------------------------------
i No man pages to convert.
-- Vignettes -------------------------------------------------------------------
i No vignettes to convert.
-- Update HTML -----------------------------------------------------------------
v HTML updated.
-- Complete --------------------------------------------------------------------
v Documentation updated.
-- Basic files -----------------------------------------------------------------
v 'CODE_OF_CONDUCT' imported.
v 'README' imported.
-- Man pages -------------------------------------------------------------------
i No man pages to convert.
-- Vignettes -------------------------------------------------------------------
i No vignettes to convert.
-- Update HTML -----------------------------------------------------------------
v HTML updated.
-- Complete --------------------------------------------------------------------
v Documentation updated.
v Setting active project to "<no active project>".
v Setting active project to
"/private/var/folders/2b/t0kwbtmn3p7brv2mvx39c9cr0000gn/T/RtmpM7RB53/testpkg5905201d305c".
v Writing 'CODE_OF_CONDUCT.md'.
v Adding "^CODE_OF_CONDUCT\\.md$" to '.Rbuildignore'.
[ ] You may also want to describe the code of conduct in your README:
## Code of Conduct
Please note that the testpkg5905201d305c project is released with a [Contributor Code of Conduct](https://contributor-covenant.org/version/2/1/CODE_OF_CONDUCT.html). By contributing to this project, you agree to abide by its terms.
i Creating `altdoc/` directory.
i Creating `docs/` directory.
i Adding ^docs$ to .Rbuildignore
i Adding ^altdoc$ to .Rbuildignore
i Adding altdoc/freeze.rds to .gitignore
i Importing default settings file(s) to `altdoc/`
i README.md is mandatory. `altdoc` created a dummy README file in the package directory.
-- Basic files -----------------------------------------------------------------
v 'CODE_OF_CONDUCT' imported.
v 'README' imported.
-- Man pages -------------------------------------------------------------------
i No man pages to convert.
-- Vignettes -------------------------------------------------------------------
i No vignettes to convert.
-- Update HTML -----------------------------------------------------------------
v HTML updated.
-- Complete --------------------------------------------------------------------
v Documentation updated.
-- Basic files -----------------------------------------------------------------
v 'CODE_OF_CONDUCT' imported.
v 'README' imported.
-- Man pages -------------------------------------------------------------------
i No man pages to convert.
-- Vignettes -------------------------------------------------------------------
i No vignettes to convert.
-- Update HTML -----------------------------------------------------------------
v HTML updated.
-- Complete --------------------------------------------------------------------
v Documentation updated.
v Setting active project to "<no active project>".
v Setting active project to
"/private/var/folders/2b/t0kwbtmn3p7brv2mvx39c9cr0000gn/T/RtmpM7RB53/testpkg590536442e70".
v Adding "MIT + file LICENSE" to 'License'.
v Writing 'LICENSE'.
v Writing 'LICENSE.md'.
v Adding "^LICENSE\\.md$" to '.Rbuildignore'.
i Creating `altdoc/` directory.
i Creating `docs/` directory.
i Adding ^docs$ to .Rbuildignore
i Adding ^altdoc$ to .Rbuildignore
i Adding altdoc/freeze.rds to .gitignore
i Importing default settings file(s) to `altdoc/`
i README.md is mandatory. `altdoc` created a dummy README file in the package directory.
-- Basic files -----------------------------------------------------------------
v 'LICENSE' imported.
v 'README' imported.
-- Man pages -------------------------------------------------------------------
i No man pages to convert.
-- Vignettes -------------------------------------------------------------------
i No vignettes to convert.
-- Update HTML -----------------------------------------------------------------
v HTML updated.
-- Complete --------------------------------------------------------------------
v Documentation updated.
-- Basic files -----------------------------------------------------------------
v 'LICENSE' imported.
v 'README' imported.
-- Man pages -------------------------------------------------------------------
i No man pages to convert.
-- Vignettes -------------------------------------------------------------------
i No vignettes to convert.
-- Update HTML -----------------------------------------------------------------
v HTML updated.
-- Complete --------------------------------------------------------------------
v Documentation updated.
v Setting active project to "<no active project>".
v Setting active project to
"/private/var/folders/2b/t0kwbtmn3p7brv2mvx39c9cr0000gn/T/RtmpM7RB53/testpkg590579f57ec2".
v Adding "MIT + file LICENSE" to 'License'.
v Writing 'LICENSE'.
v Writing 'LICENSE.md'.
v Adding "^LICENSE\\.md$" to '.Rbuildignore'.
i Creating `altdoc/` directory.
i Creating `docs/` directory.
i Adding ^docs$ to .Rbuildignore
i Adding ^altdoc$ to .Rbuildignore
i Adding altdoc/freeze.rds to .gitignore
i Importing default settings file(s) to `altdoc/`
i README.md is mandatory. `altdoc` created a dummy README file in the package directory.
-- Basic files -----------------------------------------------------------------
v 'LICENSE' imported.
v 'README' imported.
-- Man pages -------------------------------------------------------------------
i No man pages to convert.
-- Vignettes -------------------------------------------------------------------
i No vignettes to convert.
-- Update HTML -----------------------------------------------------------------
v HTML updated.
-- Complete --------------------------------------------------------------------
v Documentation updated.
-- Basic files -----------------------------------------------------------------
v 'LICENSE' imported.
v 'README' imported.
-- Man pages -------------------------------------------------------------------
i No man pages to convert.
-- Vignettes -------------------------------------------------------------------
i No vignettes to convert.
-- Update HTML -----------------------------------------------------------------
v HTML updated.
-- Complete --------------------------------------------------------------------
v Documentation updated.
v Setting active project to "<no active project>".
v Setting active project to
"/private/var/folders/2b/t0kwbtmn3p7brv2mvx39c9cr0000gn/T/RtmpM7RB53/testpkg590531898315".
i Creating `altdoc/` directory.
i Creating `docs/` directory.
i Adding ^docs$ to .Rbuildignore
i Adding ^altdoc$ to .Rbuildignore
i Adding altdoc/freeze.rds to .gitignore
i Importing default settings file(s) to `altdoc/`
i README.md is mandatory. `altdoc` created a dummy README file in the package directory.
-- Basic files -----------------------------------------------------------------
v 'README' imported.
-- Man pages -------------------------------------------------------------------
i No man pages to convert.
-- Vignettes -------------------------------------------------------------------
i Found 1 vignette to convert.
\ Converting vignette 1/1: basic.Rmd
x Converting vignette 1/1: basic.Rmd [47ms]
v Setting active project to "<no active project>".
v Setting active project to
"/private/var/folders/2b/t0kwbtmn3p7brv2mvx39c9cr0000gn/T/RtmpM7RB53/testpkg59056d75d3ca".
i Creating `altdoc/` directory.
i Creating `docs/` directory.
i Adding ^docs$ to .Rbuildignore
i Adding ^altdoc$ to .Rbuildignore
i Adding altdoc/freeze.rds to .gitignore
i Importing default settings file(s) to `altdoc/`
i README.md is mandatory. `altdoc` created a dummy README file in the package directory.
-- Basic files -----------------------------------------------------------------
v 'README' imported.
-- Man pages -------------------------------------------------------------------
i No man pages to convert.
-- Vignettes -------------------------------------------------------------------
i Found 1 vignette to convert.
\ Converting vignette 1/1: basic.Rmd
x Converting vignette 1/1: basic.Rmd [42ms]
v Setting active project to "<no active project>".
v Setting active project to
"/private/var/folders/2b/t0kwbtmn3p7brv2mvx39c9cr0000gn/T/RtmpM7RB53/testpkg5905595b4410".
v Setting active project to "<no active project>".
v Setting active project to
"/private/var/folders/2b/t0kwbtmn3p7brv2mvx39c9cr0000gn/T/RtmpM7RB53/testpkg59054a3e9fc4".
v Setting active project to "<no active project>".
v Setting active project to
"/private/var/folders/2b/t0kwbtmn3p7brv2mvx39c9cr0000gn/T/RtmpM7RB53/testpkg59051f5c50cf".
v Setting active project to "<no active project>".
v Setting active project to
"/private/var/folders/2b/t0kwbtmn3p7brv2mvx39c9cr0000gn/T/RtmpM7RB53/testpkg5905b9bc318".
v Setting active project to "<no active project>".
v Setting active project to
"/private/var/folders/2b/t0kwbtmn3p7brv2mvx39c9cr0000gn/T/RtmpM7RB53/testpkg59051b1fbd8e".
v Setting active project to "<no active project>".
v Setting active project to
"/private/var/folders/2b/t0kwbtmn3p7brv2mvx39c9cr0000gn/T/RtmpM7RB53/testpkg59054fcfa79f".
v Setting active project to "<no active project>".
[ FAIL 15 | WARN 7 | SKIP 8 | PASS 44 ]
══ Skipped tests (8) ═══════════════════════════════════════════════════════════
• .venv_exists() is not TRUE (2): 'test-setup_docs.R:49:5',
'test-setup_github_actions.R:23:3'
• On CRAN (5): 'test-render_docs.R:2:3', 'test-render_docs.R:35:3',
'test-render_docs.R:69:3', 'test-render_docs.R:110:3',
'test-render_docs.R:143:3'
• tool == "mkdocs" && !.venv_exists() is TRUE (1): 'test-parallel.R:3:5'
══ Failed tests ════════════════════════════════════════════════════════════════
── Error ('test-import_man.R:11:3'): rendering fails ───────────────────────────
Error in `cat(out[[2]])`: argument 1 (type 'list') cannot be handled by 'cat'
Backtrace:
▆
1. ├─testthat::expect_equal(...) at test-import_man.R:11:3
2. │ └─testthat::quasi_label(enquo(object), label, arg = "object")
3. │ └─rlang::eval_bare(expr, quo_get_env(quo))
4. └─altdoc:::.render_one_man(...)
5. └─altdoc:::.qmd2md(...)
6. └─base::cat(out[[2]])
── Error ('test-import_man.R:47:3'): rendering skipped because unchanged and freeze = TRUE ──
Error in `cat(out[[2]])`: argument 1 (type 'list') cannot be handled by 'cat'
Backtrace:
▆
1. └─altdoc:::.render_one_man(...) at test-import_man.R:47:3
2. └─altdoc:::.qmd2md(...)
3. └─base::cat(out[[2]])
── Error ('test-qmd2md.R:11:3'): use template preamble if no preamble in file ──
Error in `cat(out[[2]])`: argument 1 (type 'list') cannot be handled by 'cat'
Backtrace:
▆
1. └─altdoc:::.qmd2md(vignette_qmd, "vignettes", preamble = preamble) at test-qmd2md.R:11:3
2. └─base::cat(out[[2]])
── Error ('test-qmd2md.R:28:3'): do not use template preamble if preamble in file ──
Error in `cat(out[[2]])`: argument 1 (type 'list') cannot be handled by 'cat'
Backtrace:
▆
1. └─altdoc:::.qmd2md(vignette_qmd, "vignettes", preamble = preamble) at test-qmd2md.R:28:3
2. └─base::cat(out[[2]])
── Error ('test-render_docs.R:175:3'): render_docs errors if vignettes fail ────
Error in `cat(out[[2]])`: argument 1 (type 'list') cannot be handled by 'cat'
Backtrace:
▆
1. ├─testthat::expect_error(render_docs(path = getwd()), "some failures when rendering vignettes") at test-render_docs.R:175:3
2. │ └─testthat:::expect_condition_matching(...)
3. │ └─testthat:::quasi_capture(...)
4. │ ├─testthat (local) .capture(...)
5. │ │ └─base::withCallingHandlers(...)
6. │ └─rlang::eval_bare(quo_get_expr(.quo), quo_get_env(.quo))
7. └─altdoc::render_docs(path = getwd())
8. └─altdoc:::.import_vignettes(...)
9. └─base::vapply(...)
10. └─altdoc (local) FUN(X[[i]], ...)
11. └─altdoc:::.render_one_vignette(...)
12. └─altdoc:::.qmd2md(origin, tar_dir, verbose = verbose, preamble = pre)
13. └─base::cat(out[[2]])
── Error ('test-render_docs.R:186:3'): render_docs errors if man fail ──────────
Error in `cat(out[[2]])`: argument 1 (type 'list') cannot be handled by 'cat'
Backtrace:
▆
1. ├─testthat::expect_error(render_docs(path = getwd()), "some failures when rendering man pages") at test-render_docs.R:186:3
2. │ └─testthat:::expect_condition_matching(...)
3. │ └─testthat:::quasi_capture(...)
4. │ ├─testthat (local) .capture(...)
5. │ │ └─base::withCallingHandlers(...)
6. │ └─rlang::eval_bare(quo_get_expr(.quo), quo_get_env(.quo))
7. └─altdoc::render_docs(path = getwd())
8. └─altdoc:::.import_man(...)
9. └─base::vapply(...)
10. └─altdoc (local) FUN(X[[i]], ...)
11. └─altdoc:::.render_one_man(...)
12. └─altdoc:::.qmd2md(...)
13. └─base::cat(out[[2]])
── Error ('test-setup_docs.R:10:5'): setup_docs doesn't automatically overwrite ──
Error in `write_over(proj_path("DESCRIPTION"), read_utf8(tf))`: length(lines) > 0 is not TRUE
Backtrace:
▆
1. └─altdoc:::create_local_package() at test-setup_docs.R:10:5
2. └─altdoc:::create_local_thing(dir, env, rstudio, "package") at tests/testthat/helper.R:34:3
3. ├─usethis::ui_silence(...) at tests/testthat/helper.R:65:3
4. │ └─withr::with_options(list(usethis.quiet = TRUE), code)
5. │ └─base::force(code)
6. └─usethis::create_package(...)
7. └─usethis:::proj_desc_create(name, fields, roxygen)
8. └─usethis::write_over(proj_path("DESCRIPTION"), read_utf8(tf))
9. └─base::stopifnot(length(lines) > 0)
── Error ('test-setup_docs.R:38:5'): overwrite=TRUE works: docsify ─────────────
<usethis_error/rlang_error/error/condition>
Error in `check_is_package("use_namespace()")`: i use_namespace() (`?usethis::use_namespace`) is designed to work with packages.
x Project "testpkg59054be46104" is not an R package.
Backtrace:
▆
1. └─altdoc:::create_local_package() at test-setup_docs.R:38:5
2. └─altdoc:::create_local_thing(dir, env, rstudio, "package") at tests/testthat/helper.R:34:3
3. ├─usethis::ui_silence(...) at tests/testthat/helper.R:65:3
4. │ └─withr::with_options(list(usethis.quiet = TRUE), code)
5. │ └─base::force(code)
6. └─usethis::create_package(...)
7. └─usethis::use_namespace(roxygen = roxygen)
8. └─usethis:::check_is_package("use_namespace()")
9. └─usethis:::ui_abort(message)
10. └─cli::cli_abort(...)
11. └─rlang::abort(...)
── Error ('test-setup_docs.R:61:3'): quarto: README.qmd ────────────────────────
Error in `write_over(proj_path("DESCRIPTION"), read_utf8(tf))`: length(lines) > 0 is not TRUE
Backtrace:
▆
1. └─altdoc:::create_local_package() at test-setup_docs.R:61:3
2. └─altdoc:::create_local_thing(dir, env, rstudio, "package") at tests/testthat/helper.R:34:3
3. ├─usethis::ui_silence(...) at tests/testthat/helper.R:65:3
4. │ └─withr::with_options(list(usethis.quiet = TRUE), code)
5. │ └─base::force(code)
6. └─usethis::create_package(...)
7. └─usethis:::proj_desc_create(name, fields, roxygen)
8. └─usethis::write_over(proj_path("DESCRIPTION"), read_utf8(tf))
9. └─base::stopifnot(length(lines) > 0)
── Error ('test-setup_github_actions.R:2:3'): .setup_github_actions cannot overwrite ──
<ENOSPC/fs_error/error/condition>
Error: [ENOSPC] Failed to make directory '/private/var/folders/2b/t0kwbtmn3p7brv2mvx39c9cr0000gn/T/RtmpM7RB53/testpkg59057520577/R': no space left on device
Backtrace:
▆
1. └─altdoc:::create_local_package() at test-setup_github_actions.R:2:3
2. └─altdoc:::create_local_thing(dir, env, rstudio, "package") at tests/testthat/helper.R:34:3
3. ├─usethis::ui_silence(...) at tests/testthat/helper.R:65:3
4. │ └─withr::with_options(list(usethis.quiet = TRUE), code)
5. │ └─base::force(code)
6. └─usethis::create_package(...)
7. └─usethis::use_directory("R")
8. └─usethis:::create_directory(proj_path(path))
9. └─fs::dir_create(path, recurse = TRUE)
── Error ('test-setup_github_actions.R:13:3'): .setup_github_actions works if not mkdocs ──
Error in `write_over(proj_path("DESCRIPTION"), read_utf8(tf))`: length(lines) > 0 is not TRUE
Backtrace:
▆
1. └─altdoc:::create_local_package() at test-setup_github_actions.R:13:3
2. └─altdoc:::create_local_thing(dir, env, rstudio, "package") at tests/testthat/helper.R:34:3
3. ├─usethis::ui_silence(...) at tests/testthat/helper.R:65:3
4. │ └─withr::with_options(list(usethis.quiet = TRUE), code)
5. │ └─base::force(code)
6. └─usethis::create_package(...)
7. └─usethis:::proj_desc_create(name, fields, roxygen)
8. └─usethis::write_over(proj_path("DESCRIPTION"), read_utf8(tf))
9. └─base::stopifnot(length(lines) > 0)
── Error ('test-update.R:6:5'): render_docs updates correctly the README: docute ──
<ENOSPC/fs_error/error/condition>
Error: [ENOSPC] Failed to make directory '/private/var/folders/2b/t0kwbtmn3p7brv2mvx39c9cr0000gn/T/RtmpM7RB53/testpkg59053017c063/R': no space left on device
Backtrace:
▆
1. └─altdoc:::create_local_package() at test-update.R:6:5
2. └─altdoc:::create_local_thing(dir, env, rstudio, "package") at tests/testthat/helper.R:34:3
3. ├─usethis::ui_silence(...) at tests/testthat/helper.R:65:3
4. │ └─withr::with_options(list(usethis.quiet = TRUE), code)
5. │ └─base::force(code)
6. └─usethis::create_package(...)
7. └─usethis::use_directory("R")
8. └─usethis:::create_directory(proj_path(path))
9. └─fs::dir_create(path, recurse = TRUE)
── Error ('test-update.R:6:5'): render_docs updates correctly the README: docsify ──
Error in `write_over(proj_path("DESCRIPTION"), read_utf8(tf))`: length(lines) > 0 is not TRUE
Backtrace:
▆
1. └─altdoc:::create_local_package() at test-update.R:6:5
2. └─altdoc:::create_local_thing(dir, env, rstudio, "package") at tests/testthat/helper.R:34:3
3. ├─usethis::ui_silence(...) at tests/testthat/helper.R:65:3
4. │ └─withr::with_options(list(usethis.quiet = TRUE), code)
5. │ └─base::force(code)
6. └─usethis::create_package(...)
7. └─usethis:::proj_desc_create(name, fields, roxygen)
8. └─usethis::write_over(proj_path("DESCRIPTION"), read_utf8(tf))
9. └─base::stopifnot(length(lines) > 0)
── Error ('test-update.R:111:5'): render_docs also transform new/modified vignettes if specified: docute ──
Error in `cat(out[[2]])`: argument 1 (type 'list') cannot be handled by 'cat'
Backtrace:
▆
1. └─altdoc::render_docs(path = getwd()) at test-update.R:111:5
2. └─altdoc:::.import_vignettes(...)
3. └─base::vapply(...)
4. └─altdoc (local) FUN(X[[i]], ...)
5. └─altdoc:::.render_one_vignette(...)
6. └─altdoc:::.qmd2md(origin, tar_dir, verbose = verbose, preamble = pre)
7. └─base::cat(out[[2]])
── Error ('test-update.R:111:5'): render_docs also transform new/modified vignettes if specified: docsify ──
Error in `cat(out[[2]])`: argument 1 (type 'list') cannot be handled by 'cat'
Backtrace:
▆
1. └─altdoc::render_docs(path = getwd()) at test-update.R:111:5
2. └─altdoc:::.import_vignettes(...)
3. └─base::vapply(...)
4. └─altdoc (local) FUN(X[[i]], ...)
5. └─altdoc:::.render_one_vignette(...)
6. └─altdoc:::.qmd2md(origin, tar_dir, verbose = verbose, preamble = pre)
7. └─base::cat(out[[2]])
[ FAIL 15 | WARN 7 | SKIP 8 | PASS 44 ]
Error: Test failures
Execution halted
Flavor: r-oldrel-macos-x86_64