CRAN Package Check Results for Package altR2

Last updated on 2022-05-19 21:50:17 CEST.

Flavor Version Tinstall Tcheck Ttotal Status Flags
r-devel-linux-x86_64-debian-clang 1.0.0 2.64 39.19 41.83 NOTE
r-devel-linux-x86_64-debian-gcc 1.0.0 2.19 31.22 33.41 NOTE
r-devel-linux-x86_64-fedora-clang 1.0.0 57.40 NOTE
r-devel-linux-x86_64-fedora-gcc 1.0.0 50.00 NOTE
r-devel-windows-x86_64 1.0.0 10.00 60.00 70.00 NOTE
r-patched-linux-x86_64 1.0.0 2.06 38.35 40.41 NOTE
r-release-linux-x86_64 1.0.0 2.70 39.02 41.72 NOTE
r-release-macos-arm64 1.0.0 19.00 NOTE
r-release-macos-x86_64 1.0.0 25.00 NOTE
r-release-windows-x86_64 1.0.0 10.00 60.00 70.00 NOTE
r-oldrel-macos-arm64 1.0.0 23.00 NOTE
r-oldrel-macos-x86_64 1.0.0 31.00 NOTE
r-oldrel-windows-ix86+x86_64 1.0.0 8.00 52.00 60.00 NOTE

Check Details

Version: 1.0.0
Check: LazyData
Result: NOTE
     'LazyData' is specified without a 'data' directory
Flavors: r-devel-linux-x86_64-debian-clang, r-devel-linux-x86_64-debian-gcc, r-devel-linux-x86_64-fedora-clang, r-devel-linux-x86_64-fedora-gcc, r-devel-windows-x86_64, r-patched-linux-x86_64, r-release-linux-x86_64, r-release-macos-arm64, r-release-macos-x86_64, r-release-windows-x86_64, r-oldrel-macos-arm64, r-oldrel-macos-x86_64, r-oldrel-windows-ix86+x86_64